74.7.227.41 - - [10/Jan/2026:13:31:00 +0000] "GET /pages.php?recruit/lean78/eybht-978/ HTTP/1.1" 200 125083 "-" "Mozilla/5.0 AppleWebKit/537.36 (KHTML, like Gecko; compatible; GPTBot/1.3; +https://openai.com/gptbot)"
74.7.227.41 - - [10/Jan/2026:13:31:02 +0000] "GET /pages.php?forty/anxiety32/awgxx-116/ HTTP/1.1" 200 112973 "-" "Mozilla/5.0 AppleWebKit/537.36 (KHTML, like Gecko; compatible; GPTBot/1.3; +https://openai.com/gptbot)"
74.7.227.41 - - [10/Jan/2026:13:31:04 +0000] "GET /pages.php?depend/bottle20/lfapv-328/ HTTP/1.1" 200 110969 "-" "Mozilla/5.0 AppleWebKit/537.36 (KHTML, like Gecko; compatible; GPTBot/1.3; +https://openai.com/gptbot)"
74.7.227.41 - - [10/Jan/2026:13:31:06 +0000] "GET /pages.php?_bd_prev_page=https://www.en.mak.pt/chat.do?physics/eighth78/eybht-978/&_bdsid=kbnp7m.n~NYTSR.171038153.177752946&_gz=2.193737992.195223878.174926339-867670326.168772933 HTTP/1.1" 200 125431 "-" "Mozilla/5.0 AppleWebKit/537.36 (KHTML, like Gecko; compatible; GPTBot/1.3; +https://openai.com/gptbot)"
74.7.227.41 - - [10/Jan/2026:13:31:08 +0000] "GET /pages.php?insect/scream32/awgxx-116/ HTTP/1.1" 200 113083 "-" "Mozilla/5.0 AppleWebKit/537.36 (KHTML, like Gecko; compatible; GPTBot/1.3; +https://openai.com/gptbot)"
114.119.136.134 - - [10/Jan/2026:13:31:11 +0000] "GET /products/82yx15206 HTTP/1.1" 404 - "https://www.en.mak.pt/sitemap736.xml" "Mozilla/5.0 (Linux; Android 7.0;) AppleWebKit/537.36 (KHTML, like Gecko) Mobile Safari/537.36 (compatible; PetalBot;+https://webmaster.petalsearch.com/site/petalbot)"
74.7.227.41 - - [10/Jan/2026:13:31:10 +0000] "GET /pages.php?specialty/people20/lfapv-328/ HTTP/1.1" 200 111614 "-" "Mozilla/5.0 AppleWebKit/537.36 (KHTML, like Gecko; compatible; GPTBot/1.3; +https://openai.com/gptbot)"
74.7.227.41 - - [10/Jan/2026:13:31:12 +0000] "GET /pages.php?blind/artifact78/eybht-978/ HTTP/1.1" 200 124406 "-" "Mozilla/5.0 AppleWebKit/537.36 (KHTML, like Gecko; compatible; GPTBot/1.3; +https://openai.com/gptbot)"
74.7.227.41 - - [10/Jan/2026:13:31:15 +0000] "GET /pages.php?debate/enough32/awgxx-116/ HTTP/1.1" 200 113259 "-" "Mozilla/5.0 AppleWebKit/537.36 (KHTML, like Gecko; compatible; GPTBot/1.3; +https://openai.com/gptbot)"
74.7.227.41 - - [10/Jan/2026:13:31:17 +0000] "GET /pages.php?cute/here20/lfapv-328/ HTTP/1.1" 200 111141 "-" "Mozilla/5.0 AppleWebKit/537.36 (KHTML, like Gecko; compatible; GPTBot/1.3; +https://openai.com/gptbot)"
74.7.227.41 - - [10/Jan/2026:13:31:19 +0000] "GET /pages.php?exhibition/towards78/eybht-978/ HTTP/1.1" 200 124095 "-" "Mozilla/5.0 AppleWebKit/537.36 (KHTML, like Gecko; compatible; GPTBot/1.3; +https://openai.com/gptbot)"
74.7.227.41 - - [10/Jan/2026:13:31:21 +0000] "GET /pages.php?general/operating32/awgxx-116/ HTTP/1.1" 200 114859 "-" "Mozilla/5.0 AppleWebKit/537.36 (KHTML, like Gecko; compatible; GPTBot/1.3; +https://openai.com/gptbot)"
74.7.227.41 - - [10/Jan/2026:13:31:23 +0000] "GET /pages.php?finish/victory20/lfapv-328/ HTTP/1.1" 200 112755 "-" "Mozilla/5.0 AppleWebKit/537.36 (KHTML, like Gecko; compatible; GPTBot/1.3; +https://openai.com/gptbot)"
74.7.227.41 - - [10/Jan/2026:13:31:25 +0000] "GET /pages.php?eleven/muscle78/eybht-978/ HTTP/1.1" 200 124353 "-" "Mozilla/5.0 AppleWebKit/537.36 (KHTML, like Gecko; compatible; GPTBot/1.3; +https://openai.com/gptbot)"
74.7.227.41 - - [10/Jan/2026:13:31:27 +0000] "GET /pages.php?_bd_prev_page=https://www.en.mak.pt/chat.do?let/toll32/awgxx-116/&_bdsid=kbnp7m.n~NYTSR.171038153.177752946&_gz=2.193737992.195223878.174926339-867670326.168772933 HTTP/1.1" 200 114072 "-" "Mozilla/5.0 AppleWebKit/537.36 (KHTML, like Gecko; compatible; GPTBot/1.3; +https://openai.com/gptbot)"
74.7.227.41 - - [10/Jan/2026:13:31:29 +0000] "GET /pages.php?unite/retired20/lfapv-328/ HTTP/1.1" 200 110854 "-" "Mozilla/5.0 AppleWebKit/537.36 (KHTML, like Gecko; compatible; GPTBot/1.3; +https://openai.com/gptbot)"
74.7.227.41 - - [10/Jan/2026:13:31:31 +0000] "GET /pages.php?patron/hit78/eybht-978/ HTTP/1.1" 200 124654 "-" "Mozilla/5.0 AppleWebKit/537.36 (KHTML, like Gecko; compatible; GPTBot/1.3; +https://openai.com/gptbot)"
74.7.227.41 - - [10/Jan/2026:13:31:33 +0000] "GET /pages.php?solely/musical32/awgxx-116/ HTTP/1.1" 200 113887 "-" "Mozilla/5.0 AppleWebKit/537.36 (KHTML, like Gecko; compatible; GPTBot/1.3; +https://openai.com/gptbot)"
74.7.227.41 - - [10/Jan/2026:13:31:35 +0000] "GET /pages.php?ruin/measure20/lfapv-328/ HTTP/1.1" 200 111739 "-" "Mozilla/5.0 AppleWebKit/537.36 (KHTML, like Gecko; compatible; GPTBot/1.3; +https://openai.com/gptbot)"
74.7.227.41 - - [10/Jan/2026:13:31:37 +0000] "GET /pages.php?blind/understand78/eybht-978/ HTTP/1.1" 200 123952 "-" "Mozilla/5.0 AppleWebKit/537.36 (KHTML, like Gecko; compatible; GPTBot/1.3; +https://openai.com/gptbot)"
74.7.227.41 - - [10/Jan/2026:13:31:40 +0000] "GET /pages.php?pass/columnist32/awgxx-116/ HTTP/1.1" 200 114146 "-" "Mozilla/5.0 AppleWebKit/537.36 (KHTML, like Gecko; compatible; GPTBot/1.3; +https://openai.com/gptbot)"
74.7.227.41 - - [10/Jan/2026:13:31:42 +0000] "GET /pages.php?independence/brush20/lfapv-328/ HTTP/1.1" 200 111287 "-" "Mozilla/5.0 AppleWebKit/537.36 (KHTML, like Gecko; compatible; GPTBot/1.3; +https://openai.com/gptbot)"
204.12.252.98 - - [10/Jan/2026:13:30:09 +0000] "GET /wp-content/ad32c4a5/edit.php HTTP/1.1" 200 - "https://www.en.mak.pt/wp-content/ad32c4a5/edit.php" "Mozilla/5.0 (Windows NT 10.0; Win64; x64) AppleWebKit/537.36 (KHTML, like Gecko) Chrome/58.0.3029.110 Safari/537.3"
74.7.227.41 - - [10/Jan/2026:13:31:44 +0000] "GET /pages.php?task/truck78/eybht-978/ HTTP/1.1" 200 124615 "-" "Mozilla/5.0 AppleWebKit/537.36 (KHTML, like Gecko; compatible; GPTBot/1.3; +https://openai.com/gptbot)"
74.7.227.41 - - [10/Jan/2026:13:31:46 +0000] "GET /pages.php?title/resume32/awgxx-116/ HTTP/1.1" 200 113998 "-" "Mozilla/5.0 AppleWebKit/537.36 (KHTML, like Gecko; compatible; GPTBot/1.3; +https://openai.com/gptbot)"
74.7.227.41 - - [10/Jan/2026:13:31:48 +0000] "GET /pages.php?rhetoric/identification20/lfapv-328/ HTTP/1.1" 200 112696 "-" "Mozilla/5.0 AppleWebKit/537.36 (KHTML, like Gecko; compatible; GPTBot/1.3; +https://openai.com/gptbot)"
74.7.227.41 - - [10/Jan/2026:13:31:50 +0000] "GET /pages.php?vegetable/fourth78/eybht-978/ HTTP/1.1" 200 124836 "-" "Mozilla/5.0 AppleWebKit/537.36 (KHTML, like Gecko; compatible; GPTBot/1.3; +https://openai.com/gptbot)"
74.7.227.41 - - [10/Jan/2026:13:31:52 +0000] "GET /pages.php?east/undermine32/awgxx-116/ HTTP/1.1" 200 115462 "-" "Mozilla/5.0 AppleWebKit/537.36 (KHTML, like Gecko; compatible; GPTBot/1.3; +https://openai.com/gptbot)"
74.7.227.41 - - [10/Jan/2026:13:31:55 +0000] "GET /pages.php?_bd_prev_page=https://www.en.mak.pt/chat.do?room/any20/lfapv-328/&_bdsid=kbnp7m.n~NYTSR.171038153.177752946&_gz=2.193737992.195223878.174926339-867670326.168772933 HTTP/1.1" 200 111943 "-" "Mozilla/5.0 AppleWebKit/537.36 (KHTML, like Gecko; compatible; GPTBot/1.3; +https://openai.com/gptbot)"
74.7.227.41 - - [10/Jan/2026:13:31:57 +0000] "GET /pages.php?encouraging/better78/eybht-978/ HTTP/1.1" 200 124176 "-" "Mozilla/5.0 AppleWebKit/537.36 (KHTML, like Gecko; compatible; GPTBot/1.3; +https://openai.com/gptbot)"
74.7.227.41 - - [10/Jan/2026:13:31:59 +0000] "GET /pages.php?_bd_prev_page=https://www.en.mak.pt/chat.do?milk/wing32/awgxx-116/&_bdsid=kbnp7m.n~NYTSR.171038153.177752946&_gz=2.193737992.195223878.174926339-867670326.168772933 HTTP/1.1" 200 113053 "-" "Mozilla/5.0 AppleWebKit/537.36 (KHTML, like Gecko; compatible; GPTBot/1.3; +https://openai.com/gptbot)"
74.7.227.41 - - [10/Jan/2026:13:32:01 +0000] "GET /pages.php?ongoing/sprinkle20/lfapv-328/ HTTP/1.1" 200 111215 "-" "Mozilla/5.0 AppleWebKit/537.36 (KHTML, like Gecko; compatible; GPTBot/1.3; +https://openai.com/gptbot)"
74.7.227.41 - - [10/Jan/2026:13:32:03 +0000] "GET /pages.php?banker/increasing78/eybht-978/ HTTP/1.1" 200 124722 "-" "Mozilla/5.0 AppleWebKit/537.36 (KHTML, like Gecko; compatible; GPTBot/1.3; +https://openai.com/gptbot)"
74.7.227.41 - - [10/Jan/2026:13:32:05 +0000] "GET /pages.php?lose/tribe32/awgxx-116/ HTTP/1.1" 200 113764 "-" "Mozilla/5.0 AppleWebKit/537.36 (KHTML, like Gecko; compatible; GPTBot/1.3; +https://openai.com/gptbot)"
74.7.227.41 - - [10/Jan/2026:13:32:07 +0000] "GET /pages.php?ordinary/planet20/lfapv-328/ HTTP/1.1" 200 111243 "-" "Mozilla/5.0 AppleWebKit/537.36 (KHTML, like Gecko; compatible; GPTBot/1.3; +https://openai.com/gptbot)"
74.7.227.41 - - [10/Jan/2026:13:32:09 +0000] "GET /pages.php?jazz/insist78/eybht-978/ HTTP/1.1" 200 124001 "-" "Mozilla/5.0 AppleWebKit/537.36 (KHTML, like Gecko; compatible; GPTBot/1.3; +https://openai.com/gptbot)"
74.7.227.41 - - [10/Jan/2026:13:32:12 +0000] "GET /pages.php?fog/bomb32/awgxx-116/ HTTP/1.1" 200 113995 "-" "Mozilla/5.0 AppleWebKit/537.36 (KHTML, like Gecko; compatible; GPTBot/1.3; +https://openai.com/gptbot)"
74.7.227.41 - - [10/Jan/2026:13:32:14 +0000] "GET /pages.php?conscious/originally20/lfapv-328/ HTTP/1.1" 200 110974 "-" "Mozilla/5.0 AppleWebKit/537.36 (KHTML, like Gecko; compatible; GPTBot/1.3; +https://openai.com/gptbot)"
74.7.227.41 - - [10/Jan/2026:13:32:16 +0000] "GET /pages.php?including/part78/eybht-978/ HTTP/1.1" 200 126115 "-" "Mozilla/5.0 AppleWebKit/537.36 (KHTML, like Gecko; compatible; GPTBot/1.3; +https://openai.com/gptbot)"
74.7.227.41 - - [10/Jan/2026:13:32:18 +0000] "GET /pages.php?slow/report32/awgxx-116/ HTTP/1.1" 200 114917 "-" "Mozilla/5.0 AppleWebKit/537.36 (KHTML, like Gecko; compatible; GPTBot/1.3; +https://openai.com/gptbot)"
74.7.227.41 - - [10/Jan/2026:13:32:20 +0000] "GET /pages.php?creative/safety20/lfapv-328/ HTTP/1.1" 200 112347 "-" "Mozilla/5.0 AppleWebKit/537.36 (KHTML, like Gecko; compatible; GPTBot/1.3; +https://openai.com/gptbot)"
74.7.227.41 - - [10/Jan/2026:13:32:22 +0000] "GET /pages.php?_bd_prev_page=https://www.en.mak.pt/chat.do?legislation/ballot78/eybht-978/&_bdsid=kbnp7m.n~NYTSR.171038153.177752946&_gz=2.193737992.195223878.174926339-867670326.168772933 HTTP/1.1" 200 125122 "-" "Mozilla/5.0 AppleWebKit/537.36 (KHTML, like Gecko; compatible; GPTBot/1.3; +https://openai.com/gptbot)"
74.7.227.41 - - [10/Jan/2026:13:32:25 +0000] "GET /pages.php?_bd_prev_page=https://www.en.mak.pt/chat.do?married/strong32/awgxx-116/&_bdsid=kbnp7m.n~NYTSR.171038153.177752946&_gz=2.193737992.195223878.174926339-867670326.168772933 HTTP/1.1" 200 112974 "-" "Mozilla/5.0 AppleWebKit/537.36 (KHTML, like Gecko; compatible; GPTBot/1.3; +https://openai.com/gptbot)"
74.7.227.41 - - [10/Jan/2026:13:32:27 +0000] "GET /pages.php?_bd_prev_page=https://www.en.mak.pt/chat.do?freedom/shoot20/lfapv-328/&_bdsid=kbnp7m.n~NYTSR.171038153.177752946&_gz=2.193737992.195223878.174926339-867670326.168772933 HTTP/1.1" 200 111383 "-" "Mozilla/5.0 AppleWebKit/537.36 (KHTML, like Gecko; compatible; GPTBot/1.3; +https://openai.com/gptbot)"
74.7.227.41 - - [10/Jan/2026:13:32:29 +0000] "GET /pages.php?efficiency/parental78/eybht-978/ HTTP/1.1" 200 124529 "-" "Mozilla/5.0 AppleWebKit/537.36 (KHTML, like Gecko; compatible; GPTBot/1.3; +https://openai.com/gptbot)"
74.7.227.41 - - [10/Jan/2026:13:32:31 +0000] "GET /pages.php?tunnel/somewhat32/awgxx-116/ HTTP/1.1" 200 113175 "-" "Mozilla/5.0 AppleWebKit/537.36 (KHTML, like Gecko; compatible; GPTBot/1.3; +https://openai.com/gptbot)"
74.7.227.41 - - [10/Jan/2026:13:32:33 +0000] "GET /pages.php?officer/comfort20/lfapv-328/ HTTP/1.1" 200 110834 "-" "Mozilla/5.0 AppleWebKit/537.36 (KHTML, like Gecko; compatible; GPTBot/1.3; +https://openai.com/gptbot)"
114.119.153.247 - - [10/Jan/2026:13:32:37 +0000] "GET /products/82yw18316 HTTP/1.1" 404 - "https://www.en.mak.pt/sitemap994.xml" "Mozilla/5.0 (Linux; Android 7.0;) AppleWebKit/537.36 (KHTML, like Gecko) Mobile Safari/537.36 (compatible; PetalBot;+https://webmaster.petalsearch.com/site/petalbot)"
74.7.227.41 - - [10/Jan/2026:13:32:35 +0000] "GET /pages.php?dining/revenue78/eybht-978/ HTTP/1.1" 200 124239 "-" "Mozilla/5.0 AppleWebKit/537.36 (KHTML, like Gecko; compatible; GPTBot/1.3; +https://openai.com/gptbot)"
74.7.227.41 - - [10/Jan/2026:13:32:38 +0000] "GET /pages.php?troubled/hug32/awgxx-116/ HTTP/1.1" 200 113362 "-" "Mozilla/5.0 AppleWebKit/537.36 (KHTML, like Gecko; compatible; GPTBot/1.3; +https://openai.com/gptbot)"
74.7.227.41 - - [10/Jan/2026:13:32:40 +0000] "GET /pages.php?scan/kiss20/lfapv-328/ HTTP/1.1" 200 111126 "-" "Mozilla/5.0 AppleWebKit/537.36 (KHTML, like Gecko; compatible; GPTBot/1.3; +https://openai.com/gptbot)"
74.7.227.41 - - [10/Jan/2026:13:32:42 +0000] "GET /pages.php?approval/training78/eybht-978/ HTTP/1.1" 200 124586 "-" "Mozilla/5.0 AppleWebKit/537.36 (KHTML, like Gecko; compatible; GPTBot/1.3; +https://openai.com/gptbot)"
74.7.227.41 - - [10/Jan/2026:13:32:44 +0000] "GET /pages.php?embarrassed/cousin32/awgxx-116/ HTTP/1.1" 200 114241 "-" "Mozilla/5.0 AppleWebKit/537.36 (KHTML, like Gecko; compatible; GPTBot/1.3; +https://openai.com/gptbot)"
74.7.227.41 - - [10/Jan/2026:13:32:46 +0000] "GET /pages.php?rarely/tape20/lfapv-328/ HTTP/1.1" 200 112366 "-" "Mozilla/5.0 AppleWebKit/537.36 (KHTML, like Gecko; compatible; GPTBot/1.3; +https://openai.com/gptbot)"
74.7.227.41 - - [10/Jan/2026:13:32:48 +0000] "GET /pages.php?successfully/poem78/eybht-978/ HTTP/1.1" 200 123863 "-" "Mozilla/5.0 AppleWebKit/537.36 (KHTML, like Gecko; compatible; GPTBot/1.3; +https://openai.com/gptbot)"
74.7.227.41 - - [10/Jan/2026:13:32:50 +0000] "GET /pages.php?bit/interested32/awgxx-116/ HTTP/1.1" 200 114009 "-" "Mozilla/5.0 AppleWebKit/537.36 (KHTML, like Gecko; compatible; GPTBot/1.3; +https://openai.com/gptbot)"
74.7.227.41 - - [10/Jan/2026:13:32:53 +0000] "GET /pages.php?AM/greatest20/lfapv-328/ HTTP/1.1" 200 113166 "-" "Mozilla/5.0 AppleWebKit/537.36 (KHTML, like Gecko; compatible; GPTBot/1.3; +https://openai.com/gptbot)"
74.7.227.41 - - [10/Jan/2026:13:32:55 +0000] "GET /pages.php?fighter/arise78/eybht-978/ HTTP/1.1" 200 124179 "-" "Mozilla/5.0 AppleWebKit/537.36 (KHTML, like Gecko; compatible; GPTBot/1.3; +https://openai.com/gptbot)"
74.7.227.41 - - [10/Jan/2026:13:32:57 +0000] "GET /pages.php?near/joy32/awgxx-116/ HTTP/1.1" 200 114503 "-" "Mozilla/5.0 AppleWebKit/537.36 (KHTML, like Gecko; compatible; GPTBot/1.3; +https://openai.com/gptbot)"
74.7.227.41 - - [10/Jan/2026:13:32:59 +0000] "GET /pages.php?_bd_prev_page=https://www.en.mak.pt/chat.do?Latin/prefer20/lfapv-328/&_bdsid=kbnp7m.n~NYTSR.171038153.177752946&_gz=2.193737992.195223878.174926339-867670326.168772933 HTTP/1.1" 200 112342 "-" "Mozilla/5.0 AppleWebKit/537.36 (KHTML, like Gecko; compatible; GPTBot/1.3; +https://openai.com/gptbot)"
74.7.227.41 - - [10/Jan/2026:13:33:01 +0000] "GET /pages.php?missile/judicial78/eybht-978/ HTTP/1.1" 200 124465 "-" "Mozilla/5.0 AppleWebKit/537.36 (KHTML, like Gecko; compatible; GPTBot/1.3; +https://openai.com/gptbot)"
74.7.227.41 - - [10/Jan/2026:13:33:03 +0000] "GET /pages.php?_bd_prev_page=https://www.en.mak.pt/chat.do?documentary/split32/awgxx-116/&_bdsid=kbnp7m.n~NYTSR.171038153.177752946&_gz=2.193737992.195223878.174926339-867670326.168772933 HTTP/1.1" 200 113337 "-" "Mozilla/5.0 AppleWebKit/537.36 (KHTML, like Gecko; compatible; GPTBot/1.3; +https://openai.com/gptbot)"
74.7.227.41 - - [10/Jan/2026:13:33:05 +0000] "GET /pages.php?_bd_prev_page=https://www.en.mak.pt/chat.do?leap/preliminary20/lfapv-328/&_bdsid=kbnp7m.n~NYTSR.171038153.177752946&_gz=2.193737992.195223878.174926339-867670326.168772933 HTTP/1.1" 200 112099 "-" "Mozilla/5.0 AppleWebKit/537.36 (KHTML, like Gecko; compatible; GPTBot/1.3; +https://openai.com/gptbot)"
74.7.227.41 - - [10/Jan/2026:13:33:07 +0000] "GET /pages.php?than/cover78/eybht-978/ HTTP/1.1" 200 124199 "-" "Mozilla/5.0 AppleWebKit/537.36 (KHTML, like Gecko; compatible; GPTBot/1.3; +https://openai.com/gptbot)"
74.7.227.41 - - [10/Jan/2026:13:33:09 +0000] "GET /pages.php?salt/involvement32/awgxx-116/ HTTP/1.1" 200 113758 "-" "Mozilla/5.0 AppleWebKit/537.36 (KHTML, like Gecko; compatible; GPTBot/1.3; +https://openai.com/gptbot)"
74.7.227.41 - - [10/Jan/2026:13:33:11 +0000] "GET /pages.php?immigrant/acceptance20/lfapv-328/ HTTP/1.1" 200 111131 "-" "Mozilla/5.0 AppleWebKit/537.36 (KHTML, like Gecko; compatible; GPTBot/1.3; +https://openai.com/gptbot)"
173.208.176.202 - - [10/Jan/2026:13:31:45 +0000] "GET /wp-content/ad32c4a5/edit.php?id=786347 HTTP/1.1" 200 - "https://www.en.mak.pt/wp-content/ad32c4a5/edit.php?id=786347" "Mozilla/5.0 (Windows NT 10.0; Win64; x64) AppleWebKit/537.36 (KHTML, like Gecko) Chrome/58.0.3029.110 Safari/537.3"
74.7.227.41 - - [10/Jan/2026:13:33:13 +0000] "GET /pages.php?dawn/everyday78/eybht-978/ HTTP/1.1" 200 124431 "-" "Mozilla/5.0 AppleWebKit/537.36 (KHTML, like Gecko; compatible; GPTBot/1.3; +https://openai.com/gptbot)"
74.7.227.41 - - [10/Jan/2026:13:33:15 +0000] "GET /pages.php?buy/family32/awgxx-116/ HTTP/1.1" 200 113386 "-" "Mozilla/5.0 AppleWebKit/537.36 (KHTML, like Gecko; compatible; GPTBot/1.3; +https://openai.com/gptbot)"
74.7.227.41 - - [10/Jan/2026:13:33:18 +0000] "GET /pages.php?reaction/alley20/lfapv-328/ HTTP/1.1" 200 111411 "-" "Mozilla/5.0 AppleWebKit/537.36 (KHTML, like Gecko; compatible; GPTBot/1.3; +https://openai.com/gptbot)"
74.7.227.41 - - [10/Jan/2026:13:33:20 +0000] "GET /pages.php?curriculum/why78/eybht-978/ HTTP/1.1" 200 123896 "-" "Mozilla/5.0 AppleWebKit/537.36 (KHTML, like Gecko; compatible; GPTBot/1.3; +https://openai.com/gptbot)"
74.7.227.41 - - [10/Jan/2026:13:33:22 +0000] "GET /pages.php?buyer/retire32/awgxx-116/ HTTP/1.1" 200 112979 "-" "Mozilla/5.0 AppleWebKit/537.36 (KHTML, like Gecko; compatible; GPTBot/1.3; +https://openai.com/gptbot)"
74.7.227.41 - - [10/Jan/2026:13:33:24 +0000] "GET /pages.php?sheer/capacity20/lfapv-328/ HTTP/1.1" 200 111520 "-" "Mozilla/5.0 AppleWebKit/537.36 (KHTML, like Gecko; compatible; GPTBot/1.3; +https://openai.com/gptbot)"
74.7.227.41 - - [10/Jan/2026:13:33:26 +0000] "GET /pages.php?judge/courage78/eybht-978/ HTTP/1.1" 200 124660 "-" "Mozilla/5.0 AppleWebKit/537.36 (KHTML, like Gecko; compatible; GPTBot/1.3; +https://openai.com/gptbot)"
74.7.227.41 - - [10/Jan/2026:13:33:28 +0000] "GET /pages.php?absolutely/loan32/awgxx-116/ HTTP/1.1" 200 112607 "-" "Mozilla/5.0 AppleWebKit/537.36 (KHTML, like Gecko; compatible; GPTBot/1.3; +https://openai.com/gptbot)"
74.7.227.41 - - [10/Jan/2026:13:33:30 +0000] "GET /pages.php?chill/agency20/lfapv-328/ HTTP/1.1" 200 111041 "-" "Mozilla/5.0 AppleWebKit/537.36 (KHTML, like Gecko; compatible; GPTBot/1.3; +https://openai.com/gptbot)"
74.7.227.41 - - [10/Jan/2026:13:33:32 +0000] "GET /pages.php?regular/fast78/eybht-978/ HTTP/1.1" 200 125150 "-" "Mozilla/5.0 AppleWebKit/537.36 (KHTML, like Gecko; compatible; GPTBot/1.3; +https://openai.com/gptbot)"
74.7.227.41 - - [10/Jan/2026:13:33:35 +0000] "GET /pages.php?grow/vary32/awgxx-116/ HTTP/1.1" 200 112751 "-" "Mozilla/5.0 AppleWebKit/537.36 (KHTML, like Gecko; compatible; GPTBot/1.3; +https://openai.com/gptbot)"
74.7.227.41 - - [10/Jan/2026:13:33:37 +0000] "GET /pages.php?distract/straighten20/lfapv-328/ HTTP/1.1" 200 110954 "-" "Mozilla/5.0 AppleWebKit/537.36 (KHTML, like Gecko; compatible; GPTBot/1.3; +https://openai.com/gptbot)"
74.7.227.41 - - [10/Jan/2026:13:33:39 +0000] "GET /pages.php?district/deserve78/eybht-978/ HTTP/1.1" 200 124100 "-" "Mozilla/5.0 AppleWebKit/537.36 (KHTML, like Gecko; compatible; GPTBot/1.3; +https://openai.com/gptbot)"
66.249.64.70 - - [10/Jan/2026:13:33:40 +0000] "GET /?x=2827111353517&channel=116e61&from=https://www.en.mak.pt/super.cgi?item/u38/44249/ HTTP/1.1" 200 120052 "-" "Mozilla/5.0 (Linux; Android 6.0.1; Nexus 5X Build/MMB29P) AppleWebKit/537.36 (KHTML, like Gecko) Chrome/143.0.7499.169 Mobile Safari/537.36 (compatible; Googlebot/2.1; +http://www.google.com/bot.html)"
74.7.227.41 - - [10/Jan/2026:13:33:41 +0000] "GET /pages.php?blank/peer32/awgxx-116/ HTTP/1.1" 200 112699 "-" "Mozilla/5.0 AppleWebKit/537.36 (KHTML, like Gecko; compatible; GPTBot/1.3; +https://openai.com/gptbot)"
66.249.64.70 - - [10/Jan/2026:13:33:41 +0000] "GET /?x=2827111353517&channel=116e61&from=https://www.en.mak.pt/super.cgi?products/191wn25179 HTTP/1.1" 200 107524 "-" "Mozilla/5.0 (Linux; Android 6.0.1; Nexus 5X Build/MMB29P) AppleWebKit/537.36 (KHTML, like Gecko) Chrome/143.0.7499.169 Mobile Safari/537.36 (compatible; Googlebot/2.1; +http://www.google.com/bot.html)"
74.7.227.41 - - [10/Jan/2026:13:33:43 +0000] "GET /pages.php?analysis/industrial20/lfapv-328/ HTTP/1.1" 200 111943 "-" "Mozilla/5.0 AppleWebKit/537.36 (KHTML, like Gecko; compatible; GPTBot/1.3; +https://openai.com/gptbot)"
74.7.227.41 - - [10/Jan/2026:13:33:45 +0000] "GET /pages.php?miss/shrimp78/eybht-978/ HTTP/1.1" 200 124555 "-" "Mozilla/5.0 AppleWebKit/537.36 (KHTML, like Gecko; compatible; GPTBot/1.3; +https://openai.com/gptbot)"
74.7.227.41 - - [10/Jan/2026:13:33:48 +0000] "GET /pages.php?dough/Dutch32/awgxx-116/ HTTP/1.1" 200 112827 "-" "Mozilla/5.0 AppleWebKit/537.36 (KHTML, like Gecko; compatible; GPTBot/1.3; +https://openai.com/gptbot)"
74.7.227.41 - - [10/Jan/2026:13:33:50 +0000] "GET /pages.php?problem/silk20/lfapv-328/ HTTP/1.1" 200 112531 "-" "Mozilla/5.0 AppleWebKit/537.36 (KHTML, like Gecko; compatible; GPTBot/1.3; +https://openai.com/gptbot)"
74.7.227.41 - - [10/Jan/2026:13:33:52 +0000] "GET /pages.php?complete/Persian78/eybht-978/ HTTP/1.1" 200 124169 "-" "Mozilla/5.0 AppleWebKit/537.36 (KHTML, like Gecko; compatible; GPTBot/1.3; +https://openai.com/gptbot)"
74.7.227.41 - - [10/Jan/2026:13:33:54 +0000] "GET /pages.php?organization/adopt32/awgxx-116/ HTTP/1.1" 200 114545 "-" "Mozilla/5.0 AppleWebKit/537.36 (KHTML, like Gecko; compatible; GPTBot/1.3; +https://openai.com/gptbot)"
74.7.227.41 - - [10/Jan/2026:13:33:56 +0000] "GET /pages.php?yours/hormone20/lfapv-328/ HTTP/1.1" 200 111833 "-" "Mozilla/5.0 AppleWebKit/537.36 (KHTML, like Gecko; compatible; GPTBot/1.3; +https://openai.com/gptbot)"
74.7.227.41 - - [10/Jan/2026:13:33:59 +0000] "GET /pages.php?spectacular/right78/eybht-978/ HTTP/1.1" 200 124955 "-" "Mozilla/5.0 AppleWebKit/537.36 (KHTML, like Gecko; compatible; GPTBot/1.3; +https://openai.com/gptbot)"
74.7.227.41 - - [10/Jan/2026:13:34:01 +0000] "GET /pages.php?_bd_prev_page=https://www.en.mak.pt/chat.do?film/examination32/awgxx-116/&_bdsid=kbnp7m.n~NYTSR.171038153.177752946&_gz=2.193737992.195223878.174926339-867670326.168772933 HTTP/1.1" 200 113801 "-" "Mozilla/5.0 AppleWebKit/537.36 (KHTML, like Gecko; compatible; GPTBot/1.3; +https://openai.com/gptbot)"
114.119.132.89 - - [10/Jan/2026:13:34:02 +0000] "GET /products/82yl32878 HTTP/1.1" 404 - "https://www.en.mak.pt/sitemap737.xml" "Mozilla/5.0 (Linux; Android 7.0;) AppleWebKit/537.36 (KHTML, like Gecko) Mobile Safari/537.36 (compatible; PetalBot;+https://webmaster.petalsearch.com/site/petalbot)"
74.7.227.41 - - [10/Jan/2026:13:34:03 +0000] "GET /pages.php?well-known/through20/lfapv-328/ HTTP/1.1" 200 110785 "-" "Mozilla/5.0 AppleWebKit/537.36 (KHTML, like Gecko; compatible; GPTBot/1.3; +https://openai.com/gptbot)"
74.7.227.41 - - [10/Jan/2026:13:34:05 +0000] "GET /pages.php?march/be78/eybht-978/ HTTP/1.1" 200 123946 "-" "Mozilla/5.0 AppleWebKit/537.36 (KHTML, like Gecko; compatible; GPTBot/1.3; +https://openai.com/gptbot)"
74.7.227.41 - - [10/Jan/2026:13:34:07 +0000] "GET /pages.php?historian/actively32/awgxx-116/ HTTP/1.1" 200 113477 "-" "Mozilla/5.0 AppleWebKit/537.36 (KHTML, like Gecko; compatible; GPTBot/1.3; +https://openai.com/gptbot)"
74.7.227.41 - - [10/Jan/2026:13:34:09 +0000] "GET /pages.php?vaccine/prevention20/lfapv-328/ HTTP/1.1" 200 111476 "-" "Mozilla/5.0 AppleWebKit/537.36 (KHTML, like Gecko; compatible; GPTBot/1.3; +https://openai.com/gptbot)"
74.7.227.41 - - [10/Jan/2026:13:34:11 +0000] "GET /pages.php?properly/risk78/eybht-978/ HTTP/1.1" 200 124868 "-" "Mozilla/5.0 AppleWebKit/537.36 (KHTML, like Gecko; compatible; GPTBot/1.3; +https://openai.com/gptbot)"
74.7.227.41 - - [10/Jan/2026:13:34:13 +0000] "GET /pages.php?rival/national32/awgxx-116/ HTTP/1.1" 200 114432 "-" "Mozilla/5.0 AppleWebKit/537.36 (KHTML, like Gecko; compatible; GPTBot/1.3; +https://openai.com/gptbot)"
74.7.227.41 - - [10/Jan/2026:13:34:15 +0000] "GET /pages.php?bull/silent20/lfapv-328/ HTTP/1.1" 200 110978 "-" "Mozilla/5.0 AppleWebKit/537.36 (KHTML, like Gecko; compatible; GPTBot/1.3; +https://openai.com/gptbot)"
74.7.227.41 - - [10/Jan/2026:13:34:17 +0000] "GET /pages.php?missing/lawsuit78/eybht-978/ HTTP/1.1" 200 125768 "-" "Mozilla/5.0 AppleWebKit/537.36 (KHTML, like Gecko; compatible; GPTBot/1.3; +https://openai.com/gptbot)"
74.7.227.41 - - [10/Jan/2026:13:34:19 +0000] "GET /pages.php?immune/dinner32/awgxx-116/ HTTP/1.1" 200 114407 "-" "Mozilla/5.0 AppleWebKit/537.36 (KHTML, like Gecko; compatible; GPTBot/1.3; +https://openai.com/gptbot)"
74.7.227.41 - - [10/Jan/2026:13:34:21 +0000] "GET /pages.php?necessarily/sphere20/lfapv-328/ HTTP/1.1" 200 111027 "-" "Mozilla/5.0 AppleWebKit/537.36 (KHTML, like Gecko; compatible; GPTBot/1.3; +https://openai.com/gptbot)"
74.7.227.41 - - [10/Jan/2026:13:34:23 +0000] "GET /pages.php?_bd_prev_page=https://www.en.mak.pt/chat.do?Christmas/blank78/eybht-978/&_bdsid=kbnp7m.n~NYTSR.171038153.177752946&_gz=2.193737992.195223878.174926339-867670326.168772933 HTTP/1.1" 200 124491 "-" "Mozilla/5.0 AppleWebKit/537.36 (KHTML, like Gecko; compatible; GPTBot/1.3; +https://openai.com/gptbot)"
74.7.227.41 - - [10/Jan/2026:13:34:25 +0000] "GET /pages.php?_bd_prev_page=https://www.en.mak.pt/chat.do?century/wisdom32/awgxx-116/&_bdsid=kbnp7m.n~NYTSR.171038153.177752946&_gz=2.193737992.195223878.174926339-867670326.168772933 HTTP/1.1" 200 113884 "-" "Mozilla/5.0 AppleWebKit/537.36 (KHTML, like Gecko; compatible; GPTBot/1.3; +https://openai.com/gptbot)"
74.7.227.41 - - [10/Jan/2026:13:34:28 +0000] "GET /pages.php?segment/safety20/lfapv-328/ HTTP/1.1" 200 111656 "-" "Mozilla/5.0 AppleWebKit/537.36 (KHTML, like Gecko; compatible; GPTBot/1.3; +https://openai.com/gptbot)"
74.7.227.41 - - [10/Jan/2026:13:34:30 +0000] "GET /pages.php?stomach/traveler78/eybht-978/ HTTP/1.1" 200 126376 "-" "Mozilla/5.0 AppleWebKit/537.36 (KHTML, like Gecko; compatible; GPTBot/1.3; +https://openai.com/gptbot)"
74.7.227.41 - - [10/Jan/2026:13:34:32 +0000] "GET /pages.php?secure/weight32/awgxx-116/ HTTP/1.1" 200 113396 "-" "Mozilla/5.0 AppleWebKit/537.36 (KHTML, like Gecko; compatible; GPTBot/1.3; +https://openai.com/gptbot)"
74.7.227.41 - - [10/Jan/2026:13:34:34 +0000] "GET /pages.php?pack/representation20/lfapv-328/ HTTP/1.1" 200 112718 "-" "Mozilla/5.0 AppleWebKit/537.36 (KHTML, like Gecko; compatible; GPTBot/1.3; +https://openai.com/gptbot)"
74.7.227.41 - - [10/Jan/2026:13:34:36 +0000] "GET /pages.php?_bd_prev_page=https://www.en.mak.pt/chat.do?ordinary/lab78/eybht-978/&_bdsid=kbnp7m.n~NYTSR.171038153.177752946&_gz=2.193737992.195223878.174926339-867670326.168772933 HTTP/1.1" 200 124269 "-" "Mozilla/5.0 AppleWebKit/537.36 (KHTML, like Gecko; compatible; GPTBot/1.3; +https://openai.com/gptbot)"
74.7.227.41 - - [10/Jan/2026:13:34:38 +0000] "GET /pages.php?freshman/feed32/awgxx-116/ HTTP/1.1" 200 113184 "-" "Mozilla/5.0 AppleWebKit/537.36 (KHTML, like Gecko; compatible; GPTBot/1.3; +https://openai.com/gptbot)"
74.7.227.41 - - [10/Jan/2026:13:34:41 +0000] "GET /pages.php?_bd_prev_page=https://www.en.mak.pt/chat.do?fly/plain20/lfapv-328/&_bdsid=kbnp7m.n~NYTSR.171038153.177752946&_gz=2.193737992.195223878.174926339-867670326.168772933 HTTP/1.1" 200 111611 "-" "Mozilla/5.0 AppleWebKit/537.36 (KHTML, like Gecko; compatible; GPTBot/1.3; +https://openai.com/gptbot)"
173.208.176.202 - - [10/Jan/2026:13:33:15 +0000] "GET /wp-content/ad32c4a5/edit.php?id=786347 HTTP/1.1" 200 - "https://www.en.mak.pt/wp-content/ad32c4a5/edit.php?id=786347" "Mozilla/5.0 (Windows NT 10.0; Win64; x64) AppleWebKit/537.36 (KHTML, like Gecko) Chrome/58.0.3029.110 Safari/537.3"
74.7.227.41 - - [10/Jan/2026:13:34:43 +0000] "GET /pages.php?sanction/beach78/eybht-978/ HTTP/1.1" 200 124055 "-" "Mozilla/5.0 AppleWebKit/537.36 (KHTML, like Gecko; compatible; GPTBot/1.3; +https://openai.com/gptbot)"
74.7.227.41 - - [10/Jan/2026:13:34:46 +0000] "GET /pages.php?hire/massive32/awgxx-116/ HTTP/1.1" 200 114239 "-" "Mozilla/5.0 AppleWebKit/537.36 (KHTML, like Gecko; compatible; GPTBot/1.3; +https://openai.com/gptbot)"
74.7.227.41 - - [10/Jan/2026:13:34:48 +0000] "GET /pages.php?reporter/continuing20/lfapv-328/ HTTP/1.1" 200 111123 "-" "Mozilla/5.0 AppleWebKit/537.36 (KHTML, like Gecko; compatible; GPTBot/1.3; +https://openai.com/gptbot)"
74.7.227.41 - - [10/Jan/2026:13:34:50 +0000] "GET /pages.php?analyze/conviction78/eybht-978/ HTTP/1.1" 200 124637 "-" "Mozilla/5.0 AppleWebKit/537.36 (KHTML, like Gecko; compatible; GPTBot/1.3; +https://openai.com/gptbot)"
74.7.227.41 - - [10/Jan/2026:13:34:52 +0000] "GET /pages.php?various/rural32/awgxx-116/ HTTP/1.1" 200 113219 "-" "Mozilla/5.0 AppleWebKit/537.36 (KHTML, like Gecko; compatible; GPTBot/1.3; +https://openai.com/gptbot)"
74.7.227.41 - - [10/Jan/2026:13:34:55 +0000] "GET /pages.php?disability/attach20/lfapv-328/ HTTP/1.1" 200 112649 "-" "Mozilla/5.0 AppleWebKit/537.36 (KHTML, like Gecko; compatible; GPTBot/1.3; +https://openai.com/gptbot)"
74.7.227.41 - - [10/Jan/2026:13:34:57 +0000] "GET /pages.php?corridor/rely78/eybht-978/ HTTP/1.1" 200 124087 "-" "Mozilla/5.0 AppleWebKit/537.36 (KHTML, like Gecko; compatible; GPTBot/1.3; +https://openai.com/gptbot)"
74.7.227.41 - - [10/Jan/2026:13:34:59 +0000] "GET /pages.php?curtain/heart32/awgxx-116/ HTTP/1.1" 200 113709 "-" "Mozilla/5.0 AppleWebKit/537.36 (KHTML, like Gecko; compatible; GPTBot/1.3; +https://openai.com/gptbot)"
74.7.227.41 - - [10/Jan/2026:13:35:01 +0000] "GET /pages.php?_bd_prev_page=https://www.en.mak.pt/chat.do?grow/dialogue20/lfapv-328/&_bdsid=kbnp7m.n~NYTSR.171038153.177752946&_gz=2.193737992.195223878.174926339-867670326.168772933 HTTP/1.1" 200 111843 "-" "Mozilla/5.0 AppleWebKit/537.36 (KHTML, like Gecko; compatible; GPTBot/1.3; +https://openai.com/gptbot)"
74.7.227.41 - - [10/Jan/2026:13:35:04 +0000] "GET /pages.php?knock/fantasy78/eybht-978/ HTTP/1.1" 200 124727 "-" "Mozilla/5.0 AppleWebKit/537.36 (KHTML, like Gecko; compatible; GPTBot/1.3; +https://openai.com/gptbot)"
74.7.227.41 - - [10/Jan/2026:13:35:06 +0000] "GET /pages.php?sustain/deposit32/awgxx-116/ HTTP/1.1" 200 114727 "-" "Mozilla/5.0 AppleWebKit/537.36 (KHTML, like Gecko; compatible; GPTBot/1.3; +https://openai.com/gptbot)"
74.7.227.41 - - [10/Jan/2026:13:35:08 +0000] "GET /pages.php?buy/studio20/lfapv-328/ HTTP/1.1" 200 112057 "-" "Mozilla/5.0 AppleWebKit/537.36 (KHTML, like Gecko; compatible; GPTBot/1.3; +https://openai.com/gptbot)"
74.7.227.41 - - [10/Jan/2026:13:35:10 +0000] "GET /pages.php?rim/alien78/eybht-978/ HTTP/1.1" 200 124751 "-" "Mozilla/5.0 AppleWebKit/537.36 (KHTML, like Gecko; compatible; GPTBot/1.3; +https://openai.com/gptbot)"
74.7.227.41 - - [10/Jan/2026:13:35:12 +0000] "GET /pages.php?remove/development32/awgxx-116/ HTTP/1.1" 200 112939 "-" "Mozilla/5.0 AppleWebKit/537.36 (KHTML, like Gecko; compatible; GPTBot/1.3; +https://openai.com/gptbot)"
74.7.227.41 - - [10/Jan/2026:13:35:14 +0000] "GET /pages.php?legend/fucking20/lfapv-328/ HTTP/1.1" 200 111531 "-" "Mozilla/5.0 AppleWebKit/537.36 (KHTML, like Gecko; compatible; GPTBot/1.3; +https://openai.com/gptbot)"
74.7.227.41 - - [10/Jan/2026:13:35:16 +0000] "GET /pages.php?finish/differently78/eybht-978/ HTTP/1.1" 200 124542 "-" "Mozilla/5.0 AppleWebKit/537.36 (KHTML, like Gecko; compatible; GPTBot/1.3; +https://openai.com/gptbot)"
74.7.227.41 - - [10/Jan/2026:13:35:19 +0000] "GET /pages.php?southeast/send32/awgxx-116/ HTTP/1.1" 200 113139 "-" "Mozilla/5.0 AppleWebKit/537.36 (KHTML, like Gecko; compatible; GPTBot/1.3; +https://openai.com/gptbot)"
74.7.227.41 - - [10/Jan/2026:13:35:21 +0000] "GET /pages.php?two/integrated20/lfapv-328/ HTTP/1.1" 200 112855 "-" "Mozilla/5.0 AppleWebKit/537.36 (KHTML, like Gecko; compatible; GPTBot/1.3; +https://openai.com/gptbot)"
114.119.166.88 - - [10/Jan/2026:13:35:23 +0000] "GET /products/82xz38486 HTTP/1.1" 404 - "https://www.en.mak.pt/sitemap990.xml" "Mozilla/5.0 (Linux; Android 7.0;) AppleWebKit/537.36 (KHTML, like Gecko) Mobile Safari/537.36 (compatible; PetalBot;+https://webmaster.petalsearch.com/site/petalbot)"
74.7.227.41 - - [10/Jan/2026:13:35:23 +0000] "GET /pages.php?strain/separation78/eybht-978/ HTTP/1.1" 200 124495 "-" "Mozilla/5.0 AppleWebKit/537.36 (KHTML, like Gecko; compatible; GPTBot/1.3; +https://openai.com/gptbot)"
74.7.227.41 - - [10/Jan/2026:13:35:25 +0000] "GET /pages.php?especially/assess32/awgxx-116/ HTTP/1.1" 200 113208 "-" "Mozilla/5.0 AppleWebKit/537.36 (KHTML, like Gecko; compatible; GPTBot/1.3; +https://openai.com/gptbot)"
74.7.227.41 - - [10/Jan/2026:13:35:27 +0000] "GET /pages.php?hear/scholar20/lfapv-328/ HTTP/1.1" 200 111252 "-" "Mozilla/5.0 AppleWebKit/537.36 (KHTML, like Gecko; compatible; GPTBot/1.3; +https://openai.com/gptbot)"
74.7.227.41 - - [10/Jan/2026:13:35:29 +0000] "GET /pages.php?intense/need78/eybht-978/ HTTP/1.1" 200 124251 "-" "Mozilla/5.0 AppleWebKit/537.36 (KHTML, like Gecko; compatible; GPTBot/1.3; +https://openai.com/gptbot)"
74.7.227.41 - - [10/Jan/2026:13:35:32 +0000] "GET /pages.php?door/income32/awgxx-116/ HTTP/1.1" 200 113591 "-" "Mozilla/5.0 AppleWebKit/537.36 (KHTML, like Gecko; compatible; GPTBot/1.3; +https://openai.com/gptbot)"
74.7.227.41 - - [10/Jan/2026:13:35:34 +0000] "GET /pages.php?responsible/disk20/lfapv-328/ HTTP/1.1" 200 111537 "-" "Mozilla/5.0 AppleWebKit/537.36 (KHTML, like Gecko; compatible; GPTBot/1.3; +https://openai.com/gptbot)"
74.7.227.41 - - [10/Jan/2026:13:35:36 +0000] "GET /pages.php?railroad/bureau78/eybht-978/ HTTP/1.1" 200 124719 "-" "Mozilla/5.0 AppleWebKit/537.36 (KHTML, like Gecko; compatible; GPTBot/1.3; +https://openai.com/gptbot)"
74.7.227.41 - - [10/Jan/2026:13:35:38 +0000] "GET /pages.php?oxygen/given32/awgxx-116/ HTTP/1.1" 200 113574 "-" "Mozilla/5.0 AppleWebKit/537.36 (KHTML, like Gecko; compatible; GPTBot/1.3; +https://openai.com/gptbot)"
74.7.227.41 - - [10/Jan/2026:13:35:40 +0000] "GET /pages.php?comply/suggestion20/lfapv-328/ HTTP/1.1" 200 112033 "-" "Mozilla/5.0 AppleWebKit/537.36 (KHTML, like Gecko; compatible; GPTBot/1.3; +https://openai.com/gptbot)"
74.7.227.41 - - [10/Jan/2026:13:35:43 +0000] "GET /pages.php?happen/prize78/eybht-978/ HTTP/1.1" 200 124396 "-" "Mozilla/5.0 AppleWebKit/537.36 (KHTML, like Gecko; compatible; GPTBot/1.3; +https://openai.com/gptbot)"
66.249.64.70 - - [10/Jan/2026:13:35:43 +0000] "GET /products/237ti4599 HTTP/1.1" 200 108879 "-" "Mozilla/5.0 (Linux; Android 6.0.1; Nexus 5X Build/MMB29P) AppleWebKit/537.36 (KHTML, like Gecko) Chrome/143.0.7499.169 Mobile Safari/537.36 (compatible; Googlebot/2.1; +http://www.google.com/bot.html)"
74.7.227.41 - - [10/Jan/2026:13:35:45 +0000] "GET /pages.php?cluster/inflation32/awgxx-116/ HTTP/1.1" 200 113047 "-" "Mozilla/5.0 AppleWebKit/537.36 (KHTML, like Gecko; compatible; GPTBot/1.3; +https://openai.com/gptbot)"
66.249.64.72 - - [10/Jan/2026:13:35:45 +0000] "GET /item/u156/14785/ HTTP/1.1" 200 155809 "-" "Mozilla/5.0 (Linux; Android 6.0.1; Nexus 5X Build/MMB29P) AppleWebKit/537.36 (KHTML, like Gecko) Chrome/143.0.7499.169 Mobile Safari/537.36 (compatible; Googlebot/2.1; +http://www.google.com/bot.html)"
74.7.227.41 - - [10/Jan/2026:13:35:47 +0000] "GET /pages.php?pillow/treatment20/lfapv-328/ HTTP/1.1" 200 111436 "-" "Mozilla/5.0 AppleWebKit/537.36 (KHTML, like Gecko; compatible; GPTBot/1.3; +https://openai.com/gptbot)"
74.7.227.41 - - [10/Jan/2026:13:35:49 +0000] "GET /pages.php?Japanese/wild78/eybht-978/ HTTP/1.1" 200 124216 "-" "Mozilla/5.0 AppleWebKit/537.36 (KHTML, like Gecko; compatible; GPTBot/1.3; +https://openai.com/gptbot)"
74.7.227.41 - - [10/Jan/2026:13:35:51 +0000] "GET /pages.php?prosecutor/contact32/awgxx-116/ HTTP/1.1" 200 113694 "-" "Mozilla/5.0 AppleWebKit/537.36 (KHTML, like Gecko; compatible; GPTBot/1.3; +https://openai.com/gptbot)"
74.7.227.41 - - [10/Jan/2026:13:35:53 +0000] "GET /pages.php?risky/active20/lfapv-328/ HTTP/1.1" 200 111771 "-" "Mozilla/5.0 AppleWebKit/537.36 (KHTML, like Gecko; compatible; GPTBot/1.3; +https://openai.com/gptbot)"
74.7.227.41 - - [10/Jan/2026:13:35:55 +0000] "GET /pages.php?which/voluntary78/eybht-978/ HTTP/1.1" 200 124694 "-" "Mozilla/5.0 AppleWebKit/537.36 (KHTML, like Gecko; compatible; GPTBot/1.3; +https://openai.com/gptbot)"
74.7.227.41 - - [10/Jan/2026:13:35:58 +0000] "GET /pages.php?cultural/employee32/awgxx-116/ HTTP/1.1" 200 113623 "-" "Mozilla/5.0 AppleWebKit/537.36 (KHTML, like Gecko; compatible; GPTBot/1.3; +https://openai.com/gptbot)"
74.7.227.41 - - [10/Jan/2026:13:36:00 +0000] "GET /pages.php?very/unusual20/lfapv-328/ HTTP/1.1" 200 112111 "-" "Mozilla/5.0 AppleWebKit/537.36 (KHTML, like Gecko; compatible; GPTBot/1.3; +https://openai.com/gptbot)"
74.7.227.41 - - [10/Jan/2026:13:36:02 +0000] "GET /pages.php?claim/married78/eybht-978/ HTTP/1.1" 200 124892 "-" "Mozilla/5.0 AppleWebKit/537.36 (KHTML, like Gecko; compatible; GPTBot/1.3; +https://openai.com/gptbot)"
74.7.227.41 - - [10/Jan/2026:13:36:04 +0000] "GET /pages.php?PM/lake32/awgxx-116/ HTTP/1.1" 200 112922 "-" "Mozilla/5.0 AppleWebKit/537.36 (KHTML, like Gecko; compatible; GPTBot/1.3; +https://openai.com/gptbot)"
74.7.227.41 - - [10/Jan/2026:13:36:06 +0000] "GET /pages.php?_bd_prev_page=https://www.en.mak.pt/chat.do?shrimp/safety20/lfapv-328/&_bdsid=kbnp7m.n~NYTSR.171038153.177752946&_gz=2.193737992.195223878.174926339-867670326.168772933 HTTP/1.1" 200 111208 "-" "Mozilla/5.0 AppleWebKit/537.36 (KHTML, like Gecko; compatible; GPTBot/1.3; +https://openai.com/gptbot)"
74.7.227.41 - - [10/Jan/2026:13:36:08 +0000] "GET /pages.php?chin/solar78/eybht-978/ HTTP/1.1" 200 124777 "-" "Mozilla/5.0 AppleWebKit/537.36 (KHTML, like Gecko; compatible; GPTBot/1.3; +https://openai.com/gptbot)"
74.7.227.41 - - [10/Jan/2026:13:36:10 +0000] "GET /pages.php?regularly/folk32/awgxx-116/ HTTP/1.1" 200 113119 "-" "Mozilla/5.0 AppleWebKit/537.36 (KHTML, like Gecko; compatible; GPTBot/1.3; +https://openai.com/gptbot)"
74.7.227.41 - - [10/Jan/2026:13:36:12 +0000] "GET /pages.php?runner/emotional20/lfapv-328/ HTTP/1.1" 200 111523 "-" "Mozilla/5.0 AppleWebKit/537.36 (KHTML, like Gecko; compatible; GPTBot/1.3; +https://openai.com/gptbot)"
173.208.176.202 - - [10/Jan/2026:13:34:46 +0000] "GET /wp-content/ad32c4a5/edit.php?id=786347 HTTP/1.1" 200 - "https://www.en.mak.pt/wp-content/ad32c4a5/edit.php?id=786347" "Mozilla/5.0 (Windows NT 10.0; Win64; x64) AppleWebKit/537.36 (KHTML, like Gecko) Chrome/58.0.3029.110 Safari/537.3"
74.7.227.41 - - [10/Jan/2026:13:36:14 +0000] "GET /pages.php?toy/term78/eybht-978/ HTTP/1.1" 200 124906 "-" "Mozilla/5.0 AppleWebKit/537.36 (KHTML, like Gecko; compatible; GPTBot/1.3; +https://openai.com/gptbot)"
66.249.64.70 - - [10/Jan/2026:13:36:16 +0000] "GET /?x=2827111353517&channel=116e61&from=https://www.en.mak.pt/super.cgi?item/u144/3145/ HTTP/1.1" 200 113072 "-" "Mozilla/5.0 (Linux; Android 6.0.1; Nexus 5X Build/MMB29P) AppleWebKit/537.36 (KHTML, like Gecko) Chrome/143.0.7499.169 Mobile Safari/537.36 (compatible; Googlebot/2.1; +http://www.google.com/bot.html)"
74.7.227.41 - - [10/Jan/2026:13:36:16 +0000] "GET /pages.php?meantime/added32/awgxx-116/ HTTP/1.1" 200 113503 "-" "Mozilla/5.0 AppleWebKit/537.36 (KHTML, like Gecko; compatible; GPTBot/1.3; +https://openai.com/gptbot)"
74.7.227.41 - - [10/Jan/2026:13:36:19 +0000] "GET /pages.php?season/hunter20/lfapv-328/ HTTP/1.1" 200 111041 "-" "Mozilla/5.0 AppleWebKit/537.36 (KHTML, like Gecko; compatible; GPTBot/1.3; +https://openai.com/gptbot)"
74.7.227.41 - - [10/Jan/2026:13:36:21 +0000] "GET /pages.php?police/emphasis78/eybht-978/ HTTP/1.1" 200 123844 "-" "Mozilla/5.0 AppleWebKit/537.36 (KHTML, like Gecko; compatible; GPTBot/1.3; +https://openai.com/gptbot)"
74.7.227.41 - - [10/Jan/2026:13:36:23 +0000] "GET /pages.php?produce/require32/awgxx-116/ HTTP/1.1" 200 114599 "-" "Mozilla/5.0 AppleWebKit/537.36 (KHTML, like Gecko; compatible; GPTBot/1.3; +https://openai.com/gptbot)"
74.7.227.41 - - [10/Jan/2026:13:36:25 +0000] "GET /pages.php?better/senior20/lfapv-328/ HTTP/1.1" 200 111331 "-" "Mozilla/5.0 AppleWebKit/537.36 (KHTML, like Gecko; compatible; GPTBot/1.3; +https://openai.com/gptbot)"
74.7.227.41 - - [10/Jan/2026:13:36:27 +0000] "GET /pages.php?equip/execute78/eybht-978/ HTTP/1.1" 200 124879 "-" "Mozilla/5.0 AppleWebKit/537.36 (KHTML, like Gecko; compatible; GPTBot/1.3; +https://openai.com/gptbot)"
74.7.227.41 - - [10/Jan/2026:13:36:29 +0000] "GET /pages.php?_bd_prev_page=https://www.en.mak.pt/chat.do?optimistic/cookie32/awgxx-116/&_bdsid=kbnp7m.n~NYTSR.171038153.177752946&_gz=2.193737992.195223878.174926339-867670326.168772933 HTTP/1.1" 200 113830 "-" "Mozilla/5.0 AppleWebKit/537.36 (KHTML, like Gecko; compatible; GPTBot/1.3; +https://openai.com/gptbot)"
74.7.227.41 - - [10/Jan/2026:13:36:31 +0000] "GET /pages.php?cancer/religion20/lfapv-328/ HTTP/1.1" 200 110943 "-" "Mozilla/5.0 AppleWebKit/537.36 (KHTML, like Gecko; compatible; GPTBot/1.3; +https://openai.com/gptbot)"
74.7.227.41 - - [10/Jan/2026:13:36:33 +0000] "GET /pages.php?temporary/assemble78/eybht-978/ HTTP/1.1" 200 124378 "-" "Mozilla/5.0 AppleWebKit/537.36 (KHTML, like Gecko; compatible; GPTBot/1.3; +https://openai.com/gptbot)"
74.7.227.41 - - [10/Jan/2026:13:36:35 +0000] "GET /pages.php?seal/group32/awgxx-116/ HTTP/1.1" 200 113740 "-" "Mozilla/5.0 AppleWebKit/537.36 (KHTML, like Gecko; compatible; GPTBot/1.3; +https://openai.com/gptbot)"
74.7.227.41 - - [10/Jan/2026:13:36:37 +0000] "GET /pages.php?sock/forty20/lfapv-328/ HTTP/1.1" 200 112728 "-" "Mozilla/5.0 AppleWebKit/537.36 (KHTML, like Gecko; compatible; GPTBot/1.3; +https://openai.com/gptbot)"
74.7.227.41 - - [10/Jan/2026:13:36:39 +0000] "GET /pages.php?cooperation/irony78/eybht-978/ HTTP/1.1" 200 124481 "-" "Mozilla/5.0 AppleWebKit/537.36 (KHTML, like Gecko; compatible; GPTBot/1.3; +https://openai.com/gptbot)"
74.7.227.41 - - [10/Jan/2026:13:36:41 +0000] "GET /pages.php?index/actively32/awgxx-116/ HTTP/1.1" 200 113524 "-" "Mozilla/5.0 AppleWebKit/537.36 (KHTML, like Gecko; compatible; GPTBot/1.3; +https://openai.com/gptbot)"
74.7.227.41 - - [10/Jan/2026:13:36:43 +0000] "GET /pages.php?_bd_prev_page=https://www.en.mak.pt/chat.do?front/cigarette20/lfapv-328/&_bdsid=kbnp7m.n~NYTSR.171038153.177752946&_gz=2.193737992.195223878.174926339-867670326.168772933 HTTP/1.1" 200 111033 "-" "Mozilla/5.0 AppleWebKit/537.36 (KHTML, like Gecko; compatible; GPTBot/1.3; +https://openai.com/gptbot)"
74.7.227.41 - - [10/Jan/2026:13:36:45 +0000] "GET /pages.php?army/residence78/eybht-978/ HTTP/1.1" 200 124618 "-" "Mozilla/5.0 AppleWebKit/537.36 (KHTML, like Gecko; compatible; GPTBot/1.3; +https://openai.com/gptbot)"
114.119.146.208 - - [10/Jan/2026:13:36:46 +0000] "GET /products/82xs10728 HTTP/1.1" 404 - "https://www.en.mak.pt/sitemap705.xml" "Mozilla/5.0 (Linux; Android 7.0;) AppleWebKit/537.36 (KHTML, like Gecko) Mobile Safari/537.36 (compatible; PetalBot;+https://webmaster.petalsearch.com/site/petalbot)"
74.7.227.41 - - [10/Jan/2026:13:36:47 +0000] "GET /pages.php?channel/professor32/awgxx-116/ HTTP/1.1" 200 112948 "-" "Mozilla/5.0 AppleWebKit/537.36 (KHTML, like Gecko; compatible; GPTBot/1.3; +https://openai.com/gptbot)"
66.249.64.70 - - [10/Jan/2026:13:36:49 +0000] "GET /?x=2827111353517&channel=116e61&from=https://www.en.mak.pt/super.cgi?item/u241/46512/ HTTP/1.1" 200 108689 "-" "Mozilla/5.0 (Linux; Android 6.0.1; Nexus 5X Build/MMB29P) AppleWebKit/537.36 (KHTML, like Gecko) Chrome/143.0.7499.169 Mobile Safari/537.36 (compatible; Googlebot/2.1; +http://www.google.com/bot.html)"
74.7.227.41 - - [10/Jan/2026:13:36:49 +0000] "GET /pages.php?hate/push20/lfapv-328/ HTTP/1.1" 200 112077 "-" "Mozilla/5.0 AppleWebKit/537.36 (KHTML, like Gecko; compatible; GPTBot/1.3; +https://openai.com/gptbot)"
74.7.227.41 - - [10/Jan/2026:13:36:51 +0000] "GET /pages.php?range/cheek78/eybht-978/ HTTP/1.1" 200 124263 "-" "Mozilla/5.0 AppleWebKit/537.36 (KHTML, like Gecko; compatible; GPTBot/1.3; +https://openai.com/gptbot)"
74.7.227.41 - - [10/Jan/2026:13:36:53 +0000] "GET /pages.php?traveler/resolve32/awgxx-116/ HTTP/1.1" 200 114237 "-" "Mozilla/5.0 AppleWebKit/537.36 (KHTML, like Gecko; compatible; GPTBot/1.3; +https://openai.com/gptbot)"
74.7.227.41 - - [10/Jan/2026:13:36:56 +0000] "GET /pages.php?captain/Republican20/lfapv-328/ HTTP/1.1" 200 112028 "-" "Mozilla/5.0 AppleWebKit/537.36 (KHTML, like Gecko; compatible; GPTBot/1.3; +https://openai.com/gptbot)"
74.7.227.41 - - [10/Jan/2026:13:36:57 +0000] "GET /pages.php?hurt/dawn78/eybht-978/ HTTP/1.1" 200 124041 "-" "Mozilla/5.0 AppleWebKit/537.36 (KHTML, like Gecko; compatible; GPTBot/1.3; +https://openai.com/gptbot)"
74.7.227.41 - - [10/Jan/2026:13:36:59 +0000] "GET /pages.php?combined/introduction32/awgxx-116/ HTTP/1.1" 200 113857 "-" "Mozilla/5.0 AppleWebKit/537.36 (KHTML, like Gecko; compatible; GPTBot/1.3; +https://openai.com/gptbot)"
74.7.227.41 - - [10/Jan/2026:13:37:01 +0000] "GET /pages.php?_bd_prev_page=https://www.en.mak.pt/chat.do?ceiling/tray20/lfapv-328/&_bdsid=kbnp7m.n~NYTSR.171038153.177752946&_gz=2.193737992.195223878.174926339-867670326.168772933 HTTP/1.1" 200 111454 "-" "Mozilla/5.0 AppleWebKit/537.36 (KHTML, like Gecko; compatible; GPTBot/1.3; +https://openai.com/gptbot)"
74.7.227.41 - - [10/Jan/2026:13:37:04 +0000] "GET /pages.php?advocate/Indian78/eybht-978/ HTTP/1.1" 200 124302 "-" "Mozilla/5.0 AppleWebKit/537.36 (KHTML, like Gecko; compatible; GPTBot/1.3; +https://openai.com/gptbot)"
74.7.227.41 - - [10/Jan/2026:13:37:06 +0000] "GET /pages.php?bind/rocket32/awgxx-116/ HTTP/1.1" 200 112970 "-" "Mozilla/5.0 AppleWebKit/537.36 (KHTML, like Gecko; compatible; GPTBot/1.3; +https://openai.com/gptbot)"
74.7.227.41 - - [10/Jan/2026:13:37:08 +0000] "GET /pages.php?partial/mouth20/lfapv-328/ HTTP/1.1" 200 110686 "-" "Mozilla/5.0 AppleWebKit/537.36 (KHTML, like Gecko; compatible; GPTBot/1.3; +https://openai.com/gptbot)"
74.7.227.41 - - [10/Jan/2026:13:37:10 +0000] "GET /pages.php?double/weaken78/eybht-978/ HTTP/1.1" 200 124455 "-" "Mozilla/5.0 AppleWebKit/537.36 (KHTML, like Gecko; compatible; GPTBot/1.3; +https://openai.com/gptbot)"
74.7.227.41 - - [10/Jan/2026:13:37:12 +0000] "GET /pages.php?suffer/opinion32/awgxx-116/ HTTP/1.1" 200 113126 "-" "Mozilla/5.0 AppleWebKit/537.36 (KHTML, like Gecko; compatible; GPTBot/1.3; +https://openai.com/gptbot)"
74.7.227.41 - - [10/Jan/2026:13:37:14 +0000] "GET /pages.php?explode/spy20/lfapv-328/ HTTP/1.1" 200 110979 "-" "Mozilla/5.0 AppleWebKit/537.36 (KHTML, like Gecko; compatible; GPTBot/1.3; +https://openai.com/gptbot)"
74.7.227.41 - - [10/Jan/2026:13:37:17 +0000] "GET /pages.php?qualify/nor78/eybht-978/ HTTP/1.1" 200 123808 "-" "Mozilla/5.0 AppleWebKit/537.36 (KHTML, like Gecko; compatible; GPTBot/1.3; +https://openai.com/gptbot)"
74.7.227.41 - - [10/Jan/2026:13:37:19 +0000] "GET /pages.php?later/I32/awgxx-116/ HTTP/1.1" 200 113848 "-" "Mozilla/5.0 AppleWebKit/537.36 (KHTML, like Gecko; compatible; GPTBot/1.3; +https://openai.com/gptbot)"
74.7.227.41 - - [10/Jan/2026:13:37:21 +0000] "GET /pages.php?nutrient/breakfast20/lfapv-328/ HTTP/1.1" 200 111684 "-" "Mozilla/5.0 AppleWebKit/537.36 (KHTML, like Gecko; compatible; GPTBot/1.3; +https://openai.com/gptbot)"
74.7.227.41 - - [10/Jan/2026:13:37:23 +0000] "GET /pages.php?even/greet78/eybht-978/ HTTP/1.1" 200 124281 "-" "Mozilla/5.0 AppleWebKit/537.36 (KHTML, like Gecko; compatible; GPTBot/1.3; +https://openai.com/gptbot)"
74.7.227.41 - - [10/Jan/2026:13:37:25 +0000] "GET /pages.php?Islamic/contractor32/awgxx-116/ HTTP/1.1" 200 114190 "-" "Mozilla/5.0 AppleWebKit/537.36 (KHTML, like Gecko; compatible; GPTBot/1.3; +https://openai.com/gptbot)"
74.7.227.41 - - [10/Jan/2026:13:37:27 +0000] "GET /pages.php?moderate/require20/lfapv-328/ HTTP/1.1" 200 111484 "-" "Mozilla/5.0 AppleWebKit/537.36 (KHTML, like Gecko; compatible; GPTBot/1.3; +https://openai.com/gptbot)"
74.7.227.41 - - [10/Jan/2026:13:37:28 +0000] "GET /pages.php?fighter/leather78/eybht-978/ HTTP/1.1" 200 125769 "-" "Mozilla/5.0 AppleWebKit/537.36 (KHTML, like Gecko; compatible; GPTBot/1.3; +https://openai.com/gptbot)"
74.7.227.41 - - [10/Jan/2026:13:37:31 +0000] "GET /pages.php?promising/anywhere32/awgxx-116/ HTTP/1.1" 200 113740 "-" "Mozilla/5.0 AppleWebKit/537.36 (KHTML, like Gecko; compatible; GPTBot/1.3; +https://openai.com/gptbot)"
74.7.227.41 - - [10/Jan/2026:13:37:33 +0000] "GET /pages.php?share/abroad20/lfapv-328/ HTTP/1.1" 200 111256 "-" "Mozilla/5.0 AppleWebKit/537.36 (KHTML, like Gecko; compatible; GPTBot/1.3; +https://openai.com/gptbot)"
66.249.64.71 - - [10/Jan/2026:13:37:34 +0000] "GET /?x=2827111353517&channel=116e61&from=https://www.en.mak.pt/super.cgi?item/u88/37909/ HTTP/1.1" 200 111560 "-" "Mozilla/5.0 (Linux; Android 6.0.1; Nexus 5X Build/MMB29P) AppleWebKit/537.36 (KHTML, like Gecko) Chrome/143.0.7499.169 Mobile Safari/537.36 (compatible; Googlebot/2.1; +http://www.google.com/bot.html)"
74.7.227.41 - - [10/Jan/2026:13:37:35 +0000] "GET /pages.php?classic/off78/eybht-978/ HTTP/1.1" 200 125630 "-" "Mozilla/5.0 AppleWebKit/537.36 (KHTML, like Gecko; compatible; GPTBot/1.3; +https://openai.com/gptbot)"
74.7.227.41 - - [10/Jan/2026:13:37:37 +0000] "GET /pages.php?receiver/literature32/awgxx-116/ HTTP/1.1" 200 113550 "-" "Mozilla/5.0 AppleWebKit/537.36 (KHTML, like Gecko; compatible; GPTBot/1.3; +https://openai.com/gptbot)"
74.7.227.41 - - [10/Jan/2026:13:37:39 +0000] "GET /pages.php?proper/professional20/lfapv-328/ HTTP/1.1" 200 111142 "-" "Mozilla/5.0 AppleWebKit/537.36 (KHTML, like Gecko; compatible; GPTBot/1.3; +https://openai.com/gptbot)"
74.7.227.41 - - [10/Jan/2026:13:37:41 +0000] "GET /pages.php?_bd_prev_page=https://www.en.mak.pt/chat.do?independence/consumption78/eybht-978/&_bdsid=kbnp7m.n~NYTSR.171038153.177752946&_gz=2.193737992.195223878.174926339-867670326.168772933 HTTP/1.1" 200 124031 "-" "Mozilla/5.0 AppleWebKit/537.36 (KHTML, like Gecko; compatible; GPTBot/1.3; +https://openai.com/gptbot)"
74.7.227.41 - - [10/Jan/2026:13:37:43 +0000] "GET /pages.php?connection/ancient32/awgxx-116/ HTTP/1.1" 200 113212 "-" "Mozilla/5.0 AppleWebKit/537.36 (KHTML, like Gecko; compatible; GPTBot/1.3; +https://openai.com/gptbot)"
