74.7.227.41 - - [10/Jan/2026:13:51:44 +0000] "GET /pages.php?surgery/fail1/2f6s6-12669/ HTTP/1.1" 200 124106 "-" "Mozilla/5.0 AppleWebKit/537.36 (KHTML, like Gecko; compatible; GPTBot/1.3; +https://openai.com/gptbot)"
74.7.227.41 - - [10/Jan/2026:13:51:46 +0000] "GET /pages.php?_bd_prev_page=https://www.en.mak.pt/chat.do?coastal/his81/3k29p-309/&_bdsid=kbnp7m.n~NYTSR.171038153.177752946&_gz=2.193737992.195223878.174926339-867670326.168772933 HTTP/1.1" 200 113976 "-" "Mozilla/5.0 AppleWebKit/537.36 (KHTML, like Gecko; compatible; GPTBot/1.3; +https://openai.com/gptbot)"
74.7.227.41 - - [10/Jan/2026:13:51:48 +0000] "GET /pages.php?supportive/implement88/yue6k-256/ HTTP/1.1" 200 120102 "-" "Mozilla/5.0 AppleWebKit/537.36 (KHTML, like Gecko; compatible; GPTBot/1.3; +https://openai.com/gptbot)"
173.208.176.202 - - [10/Jan/2026:13:50:15 +0000] "GET /wp-content/ad32c4a5/edit.php?id=786347 HTTP/1.1" 200 - "https://www.en.mak.pt/wp-content/ad32c4a5/edit.php?id=786347" "Mozilla/5.0 (Windows NT 10.0; Win64; x64) AppleWebKit/537.36 (KHTML, like Gecko) Chrome/58.0.3029.110 Safari/537.3"
74.7.227.41 - - [10/Jan/2026:13:51:50 +0000] "GET /pages.php?watch/shall1/2f6s6-12669/ HTTP/1.1" 200 126347 "-" "Mozilla/5.0 AppleWebKit/537.36 (KHTML, like Gecko; compatible; GPTBot/1.3; +https://openai.com/gptbot)"
74.7.227.41 - - [10/Jan/2026:13:51:52 +0000] "GET /pages.php?this/sharply81/3k29p-309/ HTTP/1.1" 200 113551 "-" "Mozilla/5.0 AppleWebKit/537.36 (KHTML, like Gecko; compatible; GPTBot/1.3; +https://openai.com/gptbot)"
74.7.227.41 - - [10/Jan/2026:13:51:55 +0000] "GET /pages.php?_bd_prev_page=https://www.en.mak.pt/chat.do?corruption/fit88/yue6k-256/&_bdsid=kbnp7m.n~NYTSR.171038153.177752946&_gz=2.193737992.195223878.174926339-867670326.168772933 HTTP/1.1" 200 118115 "-" "Mozilla/5.0 AppleWebKit/537.36 (KHTML, like Gecko; compatible; GPTBot/1.3; +https://openai.com/gptbot)"
74.7.227.41 - - [10/Jan/2026:13:51:56 +0000] "GET /pages.php?_bd_prev_page=https://www.en.mak.pt/chat.do?essay/spy1/2f6s6-12669/&_bdsid=kbnp7m.n~NYTSR.171038153.177752946&_gz=2.193737992.195223878.174926339-867670326.168772933 HTTP/1.1" 200 124841 "-" "Mozilla/5.0 AppleWebKit/537.36 (KHTML, like Gecko; compatible; GPTBot/1.3; +https://openai.com/gptbot)"
74.7.227.41 - - [10/Jan/2026:13:51:58 +0000] "GET /pages.php?tired/village81/3k29p-309/ HTTP/1.1" 200 114347 "-" "Mozilla/5.0 AppleWebKit/537.36 (KHTML, like Gecko; compatible; GPTBot/1.3; +https://openai.com/gptbot)"
74.7.227.41 - - [10/Jan/2026:13:52:00 +0000] "GET /pages.php?ultimately/register88/yue6k-256/ HTTP/1.1" 200 119085 "-" "Mozilla/5.0 AppleWebKit/537.36 (KHTML, like Gecko; compatible; GPTBot/1.3; +https://openai.com/gptbot)"
74.7.227.41 - - [10/Jan/2026:13:52:03 +0000] "GET /pages.php?university/sick1/2f6s6-12669/ HTTP/1.1" 200 125196 "-" "Mozilla/5.0 AppleWebKit/537.36 (KHTML, like Gecko; compatible; GPTBot/1.3; +https://openai.com/gptbot)"
74.7.227.41 - - [10/Jan/2026:13:52:05 +0000] "GET /pages.php?celebrity/determine81/3k29p-309/ HTTP/1.1" 200 113001 "-" "Mozilla/5.0 AppleWebKit/537.36 (KHTML, like Gecko; compatible; GPTBot/1.3; +https://openai.com/gptbot)"
114.119.147.71 - - [10/Jan/2026:13:52:07 +0000] "GET /products/82vd23570 HTTP/1.1" 404 - "https://www.en.mak.pt/sitemap939.xml" "Mozilla/5.0 (Linux; Android 7.0;) AppleWebKit/537.36 (KHTML, like Gecko) Mobile Safari/537.36 (compatible; PetalBot;+https://webmaster.petalsearch.com/site/petalbot)"
74.7.227.41 - - [10/Jan/2026:13:52:07 +0000] "GET /pages.php?snake/nose88/yue6k-256/ HTTP/1.1" 200 119374 "-" "Mozilla/5.0 AppleWebKit/537.36 (KHTML, like Gecko; compatible; GPTBot/1.3; +https://openai.com/gptbot)"
74.7.227.41 - - [10/Jan/2026:13:52:09 +0000] "GET /pages.php?shared/heavily1/2f6s6-12669/ HTTP/1.1" 200 123957 "-" "Mozilla/5.0 AppleWebKit/537.36 (KHTML, like Gecko; compatible; GPTBot/1.3; +https://openai.com/gptbot)"
74.7.227.41 - - [10/Jan/2026:13:52:11 +0000] "GET /pages.php?mere/outsider81/3k29p-309/ HTTP/1.1" 200 113210 "-" "Mozilla/5.0 AppleWebKit/537.36 (KHTML, like Gecko; compatible; GPTBot/1.3; +https://openai.com/gptbot)"
74.7.227.41 - - [10/Jan/2026:13:52:13 +0000] "GET /pages.php?vertical/await88/yue6k-256/ HTTP/1.1" 200 117960 "-" "Mozilla/5.0 AppleWebKit/537.36 (KHTML, like Gecko; compatible; GPTBot/1.3; +https://openai.com/gptbot)"
74.7.227.41 - - [10/Jan/2026:13:52:15 +0000] "GET /pages.php?threat/Christmas1/2f6s6-12669/ HTTP/1.1" 200 124716 "-" "Mozilla/5.0 AppleWebKit/537.36 (KHTML, like Gecko; compatible; GPTBot/1.3; +https://openai.com/gptbot)"
74.7.227.41 - - [10/Jan/2026:13:52:17 +0000] "GET /pages.php?regional/cash81/3k29p-309/ HTTP/1.1" 200 113158 "-" "Mozilla/5.0 AppleWebKit/537.36 (KHTML, like Gecko; compatible; GPTBot/1.3; +https://openai.com/gptbot)"
74.7.227.41 - - [10/Jan/2026:13:52:20 +0000] "GET /pages.php?mud/excellent88/yue6k-256/ HTTP/1.1" 200 119350 "-" "Mozilla/5.0 AppleWebKit/537.36 (KHTML, like Gecko; compatible; GPTBot/1.3; +https://openai.com/gptbot)"
74.7.227.41 - - [10/Jan/2026:13:52:22 +0000] "GET /pages.php?sail/flame1/2f6s6-12669/ HTTP/1.1" 200 124686 "-" "Mozilla/5.0 AppleWebKit/537.36 (KHTML, like Gecko; compatible; GPTBot/1.3; +https://openai.com/gptbot)"
74.7.227.41 - - [10/Jan/2026:13:52:24 +0000] "GET /pages.php?burning/train81/3k29p-309/ HTTP/1.1" 200 113115 "-" "Mozilla/5.0 AppleWebKit/537.36 (KHTML, like Gecko; compatible; GPTBot/1.3; +https://openai.com/gptbot)"
74.7.227.41 - - [10/Jan/2026:13:52:26 +0000] "GET /pages.php?spell/historical88/yue6k-256/ HTTP/1.1" 200 119569 "-" "Mozilla/5.0 AppleWebKit/537.36 (KHTML, like Gecko; compatible; GPTBot/1.3; +https://openai.com/gptbot)"
74.7.227.41 - - [10/Jan/2026:13:52:28 +0000] "GET /pages.php?busy/sibling1/2f6s6-12669/ HTTP/1.1" 200 125313 "-" "Mozilla/5.0 AppleWebKit/537.36 (KHTML, like Gecko; compatible; GPTBot/1.3; +https://openai.com/gptbot)"
74.7.227.41 - - [10/Jan/2026:13:52:30 +0000] "GET /pages.php?publication/valley81/3k29p-309/ HTTP/1.1" 200 113101 "-" "Mozilla/5.0 AppleWebKit/537.36 (KHTML, like Gecko; compatible; GPTBot/1.3; +https://openai.com/gptbot)"
74.7.227.41 - - [10/Jan/2026:13:52:32 +0000] "GET /pages.php?_bd_prev_page=https://www.en.mak.pt/chat.do?federal/supermarket88/yue6k-256/&_bdsid=kbnp7m.n~NYTSR.171038153.177752946&_gz=2.193737992.195223878.174926339-867670326.168772933 HTTP/1.1" 200 119692 "-" "Mozilla/5.0 AppleWebKit/537.36 (KHTML, like Gecko; compatible; GPTBot/1.3; +https://openai.com/gptbot)"
74.7.227.41 - - [10/Jan/2026:13:52:34 +0000] "GET /pages.php?_bd_prev_page=https://www.en.mak.pt/chat.do?furthermore/ice1/2f6s6-12669/&_bdsid=kbnp7m.n~NYTSR.171038153.177752946&_gz=2.193737992.195223878.174926339-867670326.168772933 HTTP/1.1" 200 124472 "-" "Mozilla/5.0 AppleWebKit/537.36 (KHTML, like Gecko; compatible; GPTBot/1.3; +https://openai.com/gptbot)"
74.7.227.41 - - [10/Jan/2026:13:52:36 +0000] "GET /pages.php?Iraqi/subsidy81/3k29p-309/ HTTP/1.1" 200 114138 "-" "Mozilla/5.0 AppleWebKit/537.36 (KHTML, like Gecko; compatible; GPTBot/1.3; +https://openai.com/gptbot)"
74.7.227.41 - - [10/Jan/2026:13:52:38 +0000] "GET /pages.php?arrangement/lesson88/yue6k-256/ HTTP/1.1" 200 118359 "-" "Mozilla/5.0 AppleWebKit/537.36 (KHTML, like Gecko; compatible; GPTBot/1.3; +https://openai.com/gptbot)"
74.7.227.41 - - [10/Jan/2026:13:52:40 +0000] "GET /pages.php?dominate/statistics1/2f6s6-12669/ HTTP/1.1" 200 124931 "-" "Mozilla/5.0 AppleWebKit/537.36 (KHTML, like Gecko; compatible; GPTBot/1.3; +https://openai.com/gptbot)"
74.7.227.41 - - [10/Jan/2026:13:52:42 +0000] "GET /pages.php?basketball/continent81/3k29p-309/ HTTP/1.1" 200 113251 "-" "Mozilla/5.0 AppleWebKit/537.36 (KHTML, like Gecko; compatible; GPTBot/1.3; +https://openai.com/gptbot)"
74.7.227.41 - - [10/Jan/2026:13:52:44 +0000] "GET /pages.php?criteria/farm88/yue6k-256/ HTTP/1.1" 200 119799 "-" "Mozilla/5.0 AppleWebKit/537.36 (KHTML, like Gecko; compatible; GPTBot/1.3; +https://openai.com/gptbot)"
74.7.227.41 - - [10/Jan/2026:13:52:47 +0000] "GET /pages.php?belong/surface1/2f6s6-12669/ HTTP/1.1" 200 124973 "-" "Mozilla/5.0 AppleWebKit/537.36 (KHTML, like Gecko; compatible; GPTBot/1.3; +https://openai.com/gptbot)"
74.7.227.41 - - [10/Jan/2026:13:52:49 +0000] "GET /pages.php?estimated/old81/3k29p-309/ HTTP/1.1" 200 113754 "-" "Mozilla/5.0 AppleWebKit/537.36 (KHTML, like Gecko; compatible; GPTBot/1.3; +https://openai.com/gptbot)"
74.7.227.41 - - [10/Jan/2026:13:52:51 +0000] "GET /pages.php?somebody/unusual88/yue6k-256/ HTTP/1.1" 200 117873 "-" "Mozilla/5.0 AppleWebKit/537.36 (KHTML, like Gecko; compatible; GPTBot/1.3; +https://openai.com/gptbot)"
74.7.227.41 - - [10/Jan/2026:13:52:53 +0000] "GET /pages.php?mistake/eager1/2f6s6-12669/ HTTP/1.1" 200 124917 "-" "Mozilla/5.0 AppleWebKit/537.36 (KHTML, like Gecko; compatible; GPTBot/1.3; +https://openai.com/gptbot)"
74.7.227.41 - - [10/Jan/2026:13:52:55 +0000] "GET /pages.php?lift/frequency81/3k29p-309/ HTTP/1.1" 200 113893 "-" "Mozilla/5.0 AppleWebKit/537.36 (KHTML, like Gecko; compatible; GPTBot/1.3; +https://openai.com/gptbot)"
74.7.227.41 - - [10/Jan/2026:13:52:57 +0000] "GET /pages.php?lay/regard88/yue6k-256/ HTTP/1.1" 200 118839 "-" "Mozilla/5.0 AppleWebKit/537.36 (KHTML, like Gecko; compatible; GPTBot/1.3; +https://openai.com/gptbot)"
74.7.227.41 - - [10/Jan/2026:13:52:59 +0000] "GET /pages.php?dose/first1/2f6s6-12669/ HTTP/1.1" 200 125629 "-" "Mozilla/5.0 AppleWebKit/537.36 (KHTML, like Gecko; compatible; GPTBot/1.3; +https://openai.com/gptbot)"
74.7.227.41 - - [10/Jan/2026:13:53:01 +0000] "GET /pages.php?format/excited81/3k29p-309/ HTTP/1.1" 200 112902 "-" "Mozilla/5.0 AppleWebKit/537.36 (KHTML, like Gecko; compatible; GPTBot/1.3; +https://openai.com/gptbot)"
74.7.227.41 - - [10/Jan/2026:13:53:03 +0000] "GET /pages.php?operation/molecule88/yue6k-256/ HTTP/1.1" 200 119784 "-" "Mozilla/5.0 AppleWebKit/537.36 (KHTML, like Gecko; compatible; GPTBot/1.3; +https://openai.com/gptbot)"
74.7.227.41 - - [10/Jan/2026:13:53:05 +0000] "GET /pages.php?_bd_prev_page=https://www.en.mak.pt/chat.do?on/wake1/2f6s6-12669/&_bdsid=kbnp7m.n~NYTSR.171038153.177752946&_gz=2.193737992.195223878.174926339-867670326.168772933 HTTP/1.1" 200 125198 "-" "Mozilla/5.0 AppleWebKit/537.36 (KHTML, like Gecko; compatible; GPTBot/1.3; +https://openai.com/gptbot)"
74.7.227.41 - - [10/Jan/2026:13:53:07 +0000] "GET /pages.php?slice/explode81/3k29p-309/ HTTP/1.1" 200 114988 "-" "Mozilla/5.0 AppleWebKit/537.36 (KHTML, like Gecko; compatible; GPTBot/1.3; +https://openai.com/gptbot)"
74.7.227.41 - - [10/Jan/2026:13:53:09 +0000] "GET /pages.php?_bd_prev_page=https://www.en.mak.pt/chat.do?wire/significance88/yue6k-256/&_bdsid=kbnp7m.n~NYTSR.171038153.177752946&_gz=2.193737992.195223878.174926339-867670326.168772933 HTTP/1.1" 200 118571 "-" "Mozilla/5.0 AppleWebKit/537.36 (KHTML, like Gecko; compatible; GPTBot/1.3; +https://openai.com/gptbot)"
74.7.227.41 - - [10/Jan/2026:13:53:11 +0000] "GET /pages.php?ourselves/delivery1/2f6s6-12669/ HTTP/1.1" 200 124576 "-" "Mozilla/5.0 AppleWebKit/537.36 (KHTML, like Gecko; compatible; GPTBot/1.3; +https://openai.com/gptbot)"
74.7.227.41 - - [10/Jan/2026:13:53:13 +0000] "GET /pages.php?_bd_prev_page=https://www.en.mak.pt/chat.do?lemon/lawn81/3k29p-309/&_bdsid=kbnp7m.n~NYTSR.171038153.177752946&_gz=2.193737992.195223878.174926339-867670326.168772933 HTTP/1.1" 200 112813 "-" "Mozilla/5.0 AppleWebKit/537.36 (KHTML, like Gecko; compatible; GPTBot/1.3; +https://openai.com/gptbot)"
74.7.227.41 - - [10/Jan/2026:13:53:15 +0000] "GET /pages.php?implement/apparent88/yue6k-256/ HTTP/1.1" 200 119184 "-" "Mozilla/5.0 AppleWebKit/537.36 (KHTML, like Gecko; compatible; GPTBot/1.3; +https://openai.com/gptbot)"
74.7.227.41 - - [10/Jan/2026:13:53:17 +0000] "GET /pages.php?pressure/responsible1/2f6s6-12669/ HTTP/1.1" 200 125480 "-" "Mozilla/5.0 AppleWebKit/537.36 (KHTML, like Gecko; compatible; GPTBot/1.3; +https://openai.com/gptbot)"
173.208.176.202 - - [10/Jan/2026:13:51:52 +0000] "GET /wp-content/ad32c4a5/edit.php?id=786347 HTTP/1.1" 200 - "https://www.en.mak.pt/wp-content/ad32c4a5/edit.php?id=786347" "Mozilla/5.0 (Windows NT 10.0; Win64; x64) AppleWebKit/537.36 (KHTML, like Gecko) Chrome/58.0.3029.110 Safari/537.3"
74.7.227.41 - - [10/Jan/2026:13:53:20 +0000] "GET /pages.php?articulate/artistic81/3k29p-309/ HTTP/1.1" 200 112919 "-" "Mozilla/5.0 AppleWebKit/537.36 (KHTML, like Gecko; compatible; GPTBot/1.3; +https://openai.com/gptbot)"
74.7.227.41 - - [10/Jan/2026:13:53:22 +0000] "GET /pages.php?driveway/us88/yue6k-256/ HTTP/1.1" 200 118765 "-" "Mozilla/5.0 AppleWebKit/537.36 (KHTML, like Gecko; compatible; GPTBot/1.3; +https://openai.com/gptbot)"
74.7.227.41 - - [10/Jan/2026:13:53:24 +0000] "GET /pages.php?consumption/personality1/2f6s6-12669/ HTTP/1.1" 200 123865 "-" "Mozilla/5.0 AppleWebKit/537.36 (KHTML, like Gecko; compatible; GPTBot/1.3; +https://openai.com/gptbot)"
74.7.227.41 - - [10/Jan/2026:13:53:26 +0000] "GET /pages.php?gift/needle81/3k29p-309/ HTTP/1.1" 200 113883 "-" "Mozilla/5.0 AppleWebKit/537.36 (KHTML, like Gecko; compatible; GPTBot/1.3; +https://openai.com/gptbot)"
74.7.227.41 - - [10/Jan/2026:13:53:28 +0000] "GET /pages.php?fairly/cash88/yue6k-256/ HTTP/1.1" 200 118444 "-" "Mozilla/5.0 AppleWebKit/537.36 (KHTML, like Gecko; compatible; GPTBot/1.3; +https://openai.com/gptbot)"
114.119.136.134 - - [10/Jan/2026:13:53:30 +0000] "GET /products/82ur1794 HTTP/1.1" 404 - "https://www.en.mak.pt/sitemap990.xml" "Mozilla/5.0 (Linux; Android 7.0;) AppleWebKit/537.36 (KHTML, like Gecko) Mobile Safari/537.36 (compatible; PetalBot;+https://webmaster.petalsearch.com/site/petalbot)"
74.7.227.41 - - [10/Jan/2026:13:53:30 +0000] "GET /pages.php?channel/blond1/2f6s6-12669/ HTTP/1.1" 200 124677 "-" "Mozilla/5.0 AppleWebKit/537.36 (KHTML, like Gecko; compatible; GPTBot/1.3; +https://openai.com/gptbot)"
74.7.227.41 - - [10/Jan/2026:13:53:32 +0000] "GET /pages.php?fresh/history81/3k29p-309/ HTTP/1.1" 200 112966 "-" "Mozilla/5.0 AppleWebKit/537.36 (KHTML, like Gecko; compatible; GPTBot/1.3; +https://openai.com/gptbot)"
74.7.227.41 - - [10/Jan/2026:13:53:34 +0000] "GET /pages.php?seldom/contain88/yue6k-256/ HTTP/1.1" 200 119282 "-" "Mozilla/5.0 AppleWebKit/537.36 (KHTML, like Gecko; compatible; GPTBot/1.3; +https://openai.com/gptbot)"
74.7.227.41 - - [10/Jan/2026:13:53:36 +0000] "GET /pages.php?desk/puzzle1/2f6s6-12669/ HTTP/1.1" 200 123868 "-" "Mozilla/5.0 AppleWebKit/537.36 (KHTML, like Gecko; compatible; GPTBot/1.3; +https://openai.com/gptbot)"
74.7.227.41 - - [10/Jan/2026:13:53:38 +0000] "GET /pages.php?care/define81/3k29p-309/ HTTP/1.1" 200 113337 "-" "Mozilla/5.0 AppleWebKit/537.36 (KHTML, like Gecko; compatible; GPTBot/1.3; +https://openai.com/gptbot)"
74.7.227.41 - - [10/Jan/2026:13:53:40 +0000] "GET /pages.php?legally/cell88/yue6k-256/ HTTP/1.1" 200 119545 "-" "Mozilla/5.0 AppleWebKit/537.36 (KHTML, like Gecko; compatible; GPTBot/1.3; +https://openai.com/gptbot)"
74.7.227.41 - - [10/Jan/2026:13:53:42 +0000] "GET /pages.php?recommend/sole1/2f6s6-12669/ HTTP/1.1" 200 124118 "-" "Mozilla/5.0 AppleWebKit/537.36 (KHTML, like Gecko; compatible; GPTBot/1.3; +https://openai.com/gptbot)"
74.7.227.41 - - [10/Jan/2026:13:53:44 +0000] "GET /pages.php?virtual/coalition81/3k29p-309/ HTTP/1.1" 200 113770 "-" "Mozilla/5.0 AppleWebKit/537.36 (KHTML, like Gecko; compatible; GPTBot/1.3; +https://openai.com/gptbot)"
74.7.227.41 - - [10/Jan/2026:13:53:46 +0000] "GET /pages.php?_bd_prev_page=https://www.en.mak.pt/chat.do?thousand/sole88/yue6k-256/&_bdsid=kbnp7m.n~NYTSR.171038153.177752946&_gz=2.193737992.195223878.174926339-867670326.168772933 HTTP/1.1" 200 118631 "-" "Mozilla/5.0 AppleWebKit/537.36 (KHTML, like Gecko; compatible; GPTBot/1.3; +https://openai.com/gptbot)"
74.7.227.41 - - [10/Jan/2026:13:53:48 +0000] "GET /pages.php?plus/intense1/2f6s6-12669/ HTTP/1.1" 200 123811 "-" "Mozilla/5.0 AppleWebKit/537.36 (KHTML, like Gecko; compatible; GPTBot/1.3; +https://openai.com/gptbot)"
74.7.227.41 - - [10/Jan/2026:13:53:51 +0000] "GET /pages.php?quest/teen81/3k29p-309/ HTTP/1.1" 200 114685 "-" "Mozilla/5.0 AppleWebKit/537.36 (KHTML, like Gecko; compatible; GPTBot/1.3; +https://openai.com/gptbot)"
74.7.227.41 - - [10/Jan/2026:13:53:53 +0000] "GET /pages.php?time/hostile88/yue6k-256/ HTTP/1.1" 200 119473 "-" "Mozilla/5.0 AppleWebKit/537.36 (KHTML, like Gecko; compatible; GPTBot/1.3; +https://openai.com/gptbot)"
74.7.227.41 - - [10/Jan/2026:13:53:55 +0000] "GET /pages.php?regardless/doll1/2f6s6-12669/ HTTP/1.1" 200 124745 "-" "Mozilla/5.0 AppleWebKit/537.36 (KHTML, like Gecko; compatible; GPTBot/1.3; +https://openai.com/gptbot)"
74.7.227.41 - - [10/Jan/2026:13:53:57 +0000] "GET /pages.php?seal/sit81/3k29p-309/ HTTP/1.1" 200 113716 "-" "Mozilla/5.0 AppleWebKit/537.36 (KHTML, like Gecko; compatible; GPTBot/1.3; +https://openai.com/gptbot)"
74.7.227.41 - - [10/Jan/2026:13:53:59 +0000] "GET /pages.php?acquisition/exam88/yue6k-256/ HTTP/1.1" 200 118262 "-" "Mozilla/5.0 AppleWebKit/537.36 (KHTML, like Gecko; compatible; GPTBot/1.3; +https://openai.com/gptbot)"
74.7.227.41 - - [10/Jan/2026:13:54:01 +0000] "GET /pages.php?functional/therapy1/2f6s6-12669/ HTTP/1.1" 200 124604 "-" "Mozilla/5.0 AppleWebKit/537.36 (KHTML, like Gecko; compatible; GPTBot/1.3; +https://openai.com/gptbot)"
74.7.227.41 - - [10/Jan/2026:13:54:04 +0000] "GET /pages.php?chip/progressive81/3k29p-309/ HTTP/1.1" 200 113367 "-" "Mozilla/5.0 AppleWebKit/537.36 (KHTML, like Gecko; compatible; GPTBot/1.3; +https://openai.com/gptbot)"
74.7.227.41 - - [10/Jan/2026:13:54:06 +0000] "GET /pages.php?structural/warrior88/yue6k-256/ HTTP/1.1" 200 118945 "-" "Mozilla/5.0 AppleWebKit/537.36 (KHTML, like Gecko; compatible; GPTBot/1.3; +https://openai.com/gptbot)"
74.7.227.41 - - [10/Jan/2026:13:54:08 +0000] "GET /pages.php?cross/risky1/2f6s6-12669/ HTTP/1.1" 200 124403 "-" "Mozilla/5.0 AppleWebKit/537.36 (KHTML, like Gecko; compatible; GPTBot/1.3; +https://openai.com/gptbot)"
74.7.227.41 - - [10/Jan/2026:13:54:10 +0000] "GET /pages.php?van/goat81/3k29p-309/ HTTP/1.1" 200 113280 "-" "Mozilla/5.0 AppleWebKit/537.36 (KHTML, like Gecko; compatible; GPTBot/1.3; +https://openai.com/gptbot)"
74.7.227.41 - - [10/Jan/2026:13:54:12 +0000] "GET /pages.php?soap/author88/yue6k-256/ HTTP/1.1" 200 118548 "-" "Mozilla/5.0 AppleWebKit/537.36 (KHTML, like Gecko; compatible; GPTBot/1.3; +https://openai.com/gptbot)"
74.7.227.41 - - [10/Jan/2026:13:54:14 +0000] "GET /pages.php?utility/streak1/2f6s6-12669/ HTTP/1.1" 200 124846 "-" "Mozilla/5.0 AppleWebKit/537.36 (KHTML, like Gecko; compatible; GPTBot/1.3; +https://openai.com/gptbot)"
74.7.227.41 - - [10/Jan/2026:13:54:16 +0000] "GET /pages.php?cast/trick81/3k29p-309/ HTTP/1.1" 200 113274 "-" "Mozilla/5.0 AppleWebKit/537.36 (KHTML, like Gecko; compatible; GPTBot/1.3; +https://openai.com/gptbot)"
74.7.227.41 - - [10/Jan/2026:13:54:18 +0000] "GET /pages.php?approximately/bike88/yue6k-256/ HTTP/1.1" 200 119311 "-" "Mozilla/5.0 AppleWebKit/537.36 (KHTML, like Gecko; compatible; GPTBot/1.3; +https://openai.com/gptbot)"
66.249.64.70 - - [10/Jan/2026:13:54:20 +0000] "GET /?x=2827111353517&channel=116e61&from=https://www.en.mak.pt/super.cgi?item/u97/26210/ HTTP/1.1" 200 109435 "-" "Mozilla/5.0 (Linux; Android 6.0.1; Nexus 5X Build/MMB29P) AppleWebKit/537.36 (KHTML, like Gecko) Chrome/143.0.7499.169 Mobile Safari/537.36 (compatible; Googlebot/2.1; +http://www.google.com/bot.html)"
74.7.227.41 - - [10/Jan/2026:13:54:21 +0000] "GET /pages.php?flesh/option1/2f6s6-12669/ HTTP/1.1" 200 124731 "-" "Mozilla/5.0 AppleWebKit/537.36 (KHTML, like Gecko; compatible; GPTBot/1.3; +https://openai.com/gptbot)"
74.7.227.41 - - [10/Jan/2026:13:54:23 +0000] "GET /pages.php?closet/forgive81/3k29p-309/ HTTP/1.1" 200 114828 "-" "Mozilla/5.0 AppleWebKit/537.36 (KHTML, like Gecko; compatible; GPTBot/1.3; +https://openai.com/gptbot)"
74.7.227.41 - - [10/Jan/2026:13:54:25 +0000] "GET /pages.php?dirt/coastal88/yue6k-256/ HTTP/1.1" 200 118459 "-" "Mozilla/5.0 AppleWebKit/537.36 (KHTML, like Gecko; compatible; GPTBot/1.3; +https://openai.com/gptbot)"
74.7.227.41 - - [10/Jan/2026:13:54:27 +0000] "GET /pages.php?itself/rocket1/2f6s6-12669/ HTTP/1.1" 200 124804 "-" "Mozilla/5.0 AppleWebKit/537.36 (KHTML, like Gecko; compatible; GPTBot/1.3; +https://openai.com/gptbot)"
74.7.227.41 - - [10/Jan/2026:13:54:29 +0000] "GET /pages.php?private/shrink81/3k29p-309/ HTTP/1.1" 200 114527 "-" "Mozilla/5.0 AppleWebKit/537.36 (KHTML, like Gecko; compatible; GPTBot/1.3; +https://openai.com/gptbot)"
74.7.227.41 - - [10/Jan/2026:13:54:31 +0000] "GET /pages.php?guilt/shape88/yue6k-256/ HTTP/1.1" 200 118822 "-" "Mozilla/5.0 AppleWebKit/537.36 (KHTML, like Gecko; compatible; GPTBot/1.3; +https://openai.com/gptbot)"
74.7.227.41 - - [10/Jan/2026:13:54:33 +0000] "GET /pages.php?sponsor/Japanese1/2f6s6-12669/ HTTP/1.1" 200 124136 "-" "Mozilla/5.0 AppleWebKit/537.36 (KHTML, like Gecko; compatible; GPTBot/1.3; +https://openai.com/gptbot)"
74.7.227.41 - - [10/Jan/2026:13:54:35 +0000] "GET /pages.php?hat/responsibility81/3k29p-309/ HTTP/1.1" 200 113805 "-" "Mozilla/5.0 AppleWebKit/537.36 (KHTML, like Gecko; compatible; GPTBot/1.3; +https://openai.com/gptbot)"
74.7.227.41 - - [10/Jan/2026:13:54:37 +0000] "GET /pages.php?museum/among88/yue6k-256/ HTTP/1.1" 200 119641 "-" "Mozilla/5.0 AppleWebKit/537.36 (KHTML, like Gecko; compatible; GPTBot/1.3; +https://openai.com/gptbot)"
74.7.227.41 - - [10/Jan/2026:13:54:39 +0000] "GET /pages.php?gear/belly1/2f6s6-12669/ HTTP/1.1" 200 125357 "-" "Mozilla/5.0 AppleWebKit/537.36 (KHTML, like Gecko; compatible; GPTBot/1.3; +https://openai.com/gptbot)"
66.249.64.70 - - [10/Jan/2026:13:54:40 +0000] "GET /?sitemapindex.xml HTTP/1.1" 200 7744 "-" "Mozilla/5.0 (compatible; Googlebot/2.1; +http://www.google.com/bot.html)"
74.7.227.41 - - [10/Jan/2026:13:54:41 +0000] "GET /pages.php?monthly/counter81/3k29p-309/ HTTP/1.1" 200 113232 "-" "Mozilla/5.0 AppleWebKit/537.36 (KHTML, like Gecko; compatible; GPTBot/1.3; +https://openai.com/gptbot)"
74.7.227.41 - - [10/Jan/2026:13:54:43 +0000] "GET /pages.php?singer/somewhere88/yue6k-256/ HTTP/1.1" 200 118244 "-" "Mozilla/5.0 AppleWebKit/537.36 (KHTML, like Gecko; compatible; GPTBot/1.3; +https://openai.com/gptbot)"
74.7.227.41 - - [10/Jan/2026:13:54:44 +0000] "GET /pages.php?_bd_prev_page=https://www.en.mak.pt/chat.do?pro/designer1/2f6s6-12669/&_bdsid=kbnp7m.n~NYTSR.171038153.177752946&_gz=2.193737992.195223878.174926339-867670326.168772933 HTTP/1.1" 200 123578 "-" "Mozilla/5.0 AppleWebKit/537.36 (KHTML, like Gecko; compatible; GPTBot/1.3; +https://openai.com/gptbot)"
66.249.64.70 - - [10/Jan/2026:13:54:45 +0000] "GET /sitemap51.xml HTTP/1.1" 200 497897 "-" "Mozilla/5.0 (compatible; Googlebot/2.1; +http://www.google.com/bot.html)"
74.7.227.41 - - [10/Jan/2026:13:54:47 +0000] "GET /pages.php?tonight/part81/3k29p-309/ HTTP/1.1" 200 114380 "-" "Mozilla/5.0 AppleWebKit/537.36 (KHTML, like Gecko; compatible; GPTBot/1.3; +https://openai.com/gptbot)"
74.7.227.41 - - [10/Jan/2026:13:54:49 +0000] "GET /pages.php?label/committee88/yue6k-256/ HTTP/1.1" 200 118683 "-" "Mozilla/5.0 AppleWebKit/537.36 (KHTML, like Gecko; compatible; GPTBot/1.3; +https://openai.com/gptbot)"
173.208.176.202 - - [10/Jan/2026:13:53:22 +0000] "GET /wp-content/ad32c4a5/edit.php?id=786347 HTTP/1.1" 200 - "https://www.en.mak.pt/wp-content/ad32c4a5/edit.php?id=786347" "Mozilla/5.0 (Windows NT 10.0; Win64; x64) AppleWebKit/537.36 (KHTML, like Gecko) Chrome/58.0.3029.110 Safari/537.3"
74.7.227.41 - - [10/Jan/2026:13:54:51 +0000] "GET /pages.php?liquid/central1/2f6s6-12669/ HTTP/1.1" 200 125585 "-" "Mozilla/5.0 AppleWebKit/537.36 (KHTML, like Gecko; compatible; GPTBot/1.3; +https://openai.com/gptbot)"
74.7.227.41 - - [10/Jan/2026:13:54:53 +0000] "GET /pages.php?_bd_prev_page=https://www.en.mak.pt/chat.do?respectively/deputy81/3k29p-309/&_bdsid=kbnp7m.n~NYTSR.171038153.177752946&_gz=2.193737992.195223878.174926339-867670326.168772933 HTTP/1.1" 200 113718 "-" "Mozilla/5.0 AppleWebKit/537.36 (KHTML, like Gecko; compatible; GPTBot/1.3; +https://openai.com/gptbot)"
114.119.129.176 - - [10/Jan/2026:13:54:55 +0000] "GET /products/82uj32546 HTTP/1.1" 404 - "https://www.en.mak.pt/sitemap704.xml" "Mozilla/5.0 (Linux; Android 7.0;) AppleWebKit/537.36 (KHTML, like Gecko) Mobile Safari/537.36 (compatible; PetalBot;+https://webmaster.petalsearch.com/site/petalbot)"
74.7.227.41 - - [10/Jan/2026:13:54:55 +0000] "GET /pages.php?deploy/may88/yue6k-256/ HTTP/1.1" 200 119781 "-" "Mozilla/5.0 AppleWebKit/537.36 (KHTML, like Gecko; compatible; GPTBot/1.3; +https://openai.com/gptbot)"
74.7.227.41 - - [10/Jan/2026:13:54:57 +0000] "GET /pages.php?_bd_prev_page=https://www.en.mak.pt/chat.do?occasional/envelope1/2f6s6-12669/&_bdsid=kbnp7m.n~NYTSR.171038153.177752946&_gz=2.193737992.195223878.174926339-867670326.168772933 HTTP/1.1" 200 124732 "-" "Mozilla/5.0 AppleWebKit/537.36 (KHTML, like Gecko; compatible; GPTBot/1.3; +https://openai.com/gptbot)"
74.7.227.41 - - [10/Jan/2026:13:54:59 +0000] "GET /pages.php?ancestor/himself81/3k29p-309/ HTTP/1.1" 200 113250 "-" "Mozilla/5.0 AppleWebKit/537.36 (KHTML, like Gecko; compatible; GPTBot/1.3; +https://openai.com/gptbot)"
74.7.227.41 - - [10/Jan/2026:13:55:02 +0000] "GET /pages.php?_bd_prev_page=https://www.en.mak.pt/chat.do?rock/aunt88/yue6k-256/&_bdsid=kbnp7m.n~NYTSR.171038153.177752946&_gz=2.193737992.195223878.174926339-867670326.168772933 HTTP/1.1" 200 117815 "-" "Mozilla/5.0 AppleWebKit/537.36 (KHTML, like Gecko; compatible; GPTBot/1.3; +https://openai.com/gptbot)"
74.7.227.41 - - [10/Jan/2026:13:55:04 +0000] "GET /pages.php?journalism/mm-hmm1/2f6s6-12669/ HTTP/1.1" 200 114204 "-" "Mozilla/5.0 AppleWebKit/537.36 (KHTML, like Gecko; compatible; GPTBot/1.3; +https://openai.com/gptbot)"
74.7.227.41 - - [10/Jan/2026:13:55:05 +0000] "GET /pages.php?slight/continued81/3k29p-309/ HTTP/1.1" 200 112881 "-" "Mozilla/5.0 AppleWebKit/537.36 (KHTML, like Gecko; compatible; GPTBot/1.3; +https://openai.com/gptbot)"
74.7.227.41 - - [10/Jan/2026:13:55:07 +0000] "GET /pages.php?custody/inside88/yue6k-256/ HTTP/1.1" 200 119341 "-" "Mozilla/5.0 AppleWebKit/537.36 (KHTML, like Gecko; compatible; GPTBot/1.3; +https://openai.com/gptbot)"
66.249.64.71 - - [10/Jan/2026:13:55:09 +0000] "GET /sitemap8.xml HTTP/1.1" 200 497942 "-" "Mozilla/5.0 (compatible; Googlebot/2.1; +http://www.google.com/bot.html)"
74.7.227.41 - - [10/Jan/2026:13:55:09 +0000] "GET /pages.php?effectively/save27/t5qtr-499/ HTTP/1.1" 200 114393 "-" "Mozilla/5.0 AppleWebKit/537.36 (KHTML, like Gecko; compatible; GPTBot/1.3; +https://openai.com/gptbot)"
74.7.227.41 - - [10/Jan/2026:13:55:11 +0000] "GET /pages.php?review/delight81/3k29p-309/ HTTP/1.1" 200 113353 "-" "Mozilla/5.0 AppleWebKit/537.36 (KHTML, like Gecko; compatible; GPTBot/1.3; +https://openai.com/gptbot)"
74.7.227.41 - - [10/Jan/2026:13:55:13 +0000] "GET /pages.php?consume/killing88/yue6k-256/ HTTP/1.1" 200 119439 "-" "Mozilla/5.0 AppleWebKit/537.36 (KHTML, like Gecko; compatible; GPTBot/1.3; +https://openai.com/gptbot)"
74.7.227.41 - - [10/Jan/2026:13:55:16 +0000] "GET /pages.php?starting/format27/t5qtr-499/ HTTP/1.1" 200 114641 "-" "Mozilla/5.0 AppleWebKit/537.36 (KHTML, like Gecko; compatible; GPTBot/1.3; +https://openai.com/gptbot)"
74.7.227.41 - - [10/Jan/2026:13:55:18 +0000] "GET /pages.php?clip/yours81/3k29p-309/ HTTP/1.1" 200 113322 "-" "Mozilla/5.0 AppleWebKit/537.36 (KHTML, like Gecko; compatible; GPTBot/1.3; +https://openai.com/gptbot)"
74.7.227.41 - - [10/Jan/2026:13:55:20 +0000] "GET /pages.php?aircraft/edit88/yue6k-256/ HTTP/1.1" 200 118857 "-" "Mozilla/5.0 AppleWebKit/537.36 (KHTML, like Gecko; compatible; GPTBot/1.3; +https://openai.com/gptbot)"
74.7.227.41 - - [10/Jan/2026:13:55:22 +0000] "GET /pages.php?specific/flexibility27/t5qtr-499/ HTTP/1.1" 200 114826 "-" "Mozilla/5.0 AppleWebKit/537.36 (KHTML, like Gecko; compatible; GPTBot/1.3; +https://openai.com/gptbot)"
74.7.227.41 - - [10/Jan/2026:13:55:24 +0000] "GET /pages.php?quite/disorder81/3k29p-309/ HTTP/1.1" 200 113693 "-" "Mozilla/5.0 AppleWebKit/537.36 (KHTML, like Gecko; compatible; GPTBot/1.3; +https://openai.com/gptbot)"
74.7.227.41 - - [10/Jan/2026:13:55:26 +0000] "GET /pages.php?persist/student88/yue6k-256/ HTTP/1.1" 200 118445 "-" "Mozilla/5.0 AppleWebKit/537.36 (KHTML, like Gecko; compatible; GPTBot/1.3; +https://openai.com/gptbot)"
74.7.227.41 - - [10/Jan/2026:13:55:28 +0000] "GET /pages.php?ministry/boil27/t5qtr-499/ HTTP/1.1" 200 116764 "-" "Mozilla/5.0 AppleWebKit/537.36 (KHTML, like Gecko; compatible; GPTBot/1.3; +https://openai.com/gptbot)"
74.7.227.41 - - [10/Jan/2026:13:55:31 +0000] "GET /pages.php?traffic/diet81/3k29p-309/ HTTP/1.1" 200 112928 "-" "Mozilla/5.0 AppleWebKit/537.36 (KHTML, like Gecko; compatible; GPTBot/1.3; +https://openai.com/gptbot)"
74.7.227.41 - - [10/Jan/2026:13:55:32 +0000] "GET /pages.php?recover/pregnant88/yue6k-256/ HTTP/1.1" 200 118268 "-" "Mozilla/5.0 AppleWebKit/537.36 (KHTML, like Gecko; compatible; GPTBot/1.3; +https://openai.com/gptbot)"
208.110.64.178 - - [10/Jan/2026:13:55:34 +0000] "GET /wp-content/ad32c4a5/edit.php HTTP/1.1" 200 6 "https://www.en.mak.pt/wp-content/ad32c4a5/edit.php" "Mozilla/5.0 (Windows NT 10.0; Win64; x64) AppleWebKit/537.36 (KHTML, like Gecko) Chrome/58.0.3029.110 Safari/537.3"
74.7.227.41 - - [10/Jan/2026:13:55:35 +0000] "GET /pages.php?_bd_prev_page=https://www.en.mak.pt/chat.do?impossible/frame27/t5qtr-499/&_bdsid=kbnp7m.n~NYTSR.171038153.177752946&_gz=2.193737992.195223878.174926339-867670326.168772933 HTTP/1.1" 200 115617 "-" "Mozilla/5.0 AppleWebKit/537.36 (KHTML, like Gecko; compatible; GPTBot/1.3; +https://openai.com/gptbot)"
66.249.64.71 - - [10/Jan/2026:13:55:36 +0000] "GET /sitemap25.xml HTTP/1.1" 200 497984 "-" "Mozilla/5.0 (compatible; Googlebot/2.1; +http://www.google.com/bot.html)"
74.7.227.41 - - [10/Jan/2026:13:55:37 +0000] "GET /pages.php?singer/enforcement81/3k29p-309/ HTTP/1.1" 200 113541 "-" "Mozilla/5.0 AppleWebKit/537.36 (KHTML, like Gecko; compatible; GPTBot/1.3; +https://openai.com/gptbot)"
74.7.227.41 - - [10/Jan/2026:13:55:39 +0000] "GET /pages.php?being/glimpse88/yue6k-256/ HTTP/1.1" 200 118124 "-" "Mozilla/5.0 AppleWebKit/537.36 (KHTML, like Gecko; compatible; GPTBot/1.3; +https://openai.com/gptbot)"
74.7.227.41 - - [10/Jan/2026:13:55:40 +0000] "GET /pages.php?_bd_prev_page=https://www.en.mak.pt/chat.do?examine/commission27/t5qtr-499/&_bdsid=kbnp7m.n~NYTSR.171038153.177752946&_gz=2.193737992.195223878.174926339-867670326.168772933 HTTP/1.1" 200 116065 "-" "Mozilla/5.0 AppleWebKit/537.36 (KHTML, like Gecko; compatible; GPTBot/1.3; +https://openai.com/gptbot)"
74.7.227.41 - - [10/Jan/2026:13:55:42 +0000] "GET /pages.php?tube/instruct81/3k29p-309/ HTTP/1.1" 200 113478 "-" "Mozilla/5.0 AppleWebKit/537.36 (KHTML, like Gecko; compatible; GPTBot/1.3; +https://openai.com/gptbot)"
74.7.227.41 - - [10/Jan/2026:13:55:44 +0000] "GET /pages.php?emerge/enthusiasm88/yue6k-256/ HTTP/1.1" 200 118294 "-" "Mozilla/5.0 AppleWebKit/537.36 (KHTML, like Gecko; compatible; GPTBot/1.3; +https://openai.com/gptbot)"
74.7.227.41 - - [10/Jan/2026:13:55:46 +0000] "GET /pages.php?_bd_prev_page=https://www.en.mak.pt/chat.do?mouth/sheet27/t5qtr-499/&_bdsid=kbnp7m.n~NYTSR.171038153.177752946&_gz=2.193737992.195223878.174926339-867670326.168772933 HTTP/1.1" 200 113856 "-" "Mozilla/5.0 AppleWebKit/537.36 (KHTML, like Gecko; compatible; GPTBot/1.3; +https://openai.com/gptbot)"
74.7.227.41 - - [10/Jan/2026:13:55:48 +0000] "GET /pages.php?consistent/reinforce81/3k29p-309/ HTTP/1.1" 200 114068 "-" "Mozilla/5.0 AppleWebKit/537.36 (KHTML, like Gecko; compatible; GPTBot/1.3; +https://openai.com/gptbot)"
74.7.227.41 - - [10/Jan/2026:13:55:50 +0000] "GET /pages.php?theoretical/barrel88/yue6k-256/ HTTP/1.1" 200 118427 "-" "Mozilla/5.0 AppleWebKit/537.36 (KHTML, like Gecko; compatible; GPTBot/1.3; +https://openai.com/gptbot)"
74.7.227.41 - - [10/Jan/2026:13:55:53 +0000] "GET /pages.php?shove/barn27/t5qtr-499/ HTTP/1.1" 200 114397 "-" "Mozilla/5.0 AppleWebKit/537.36 (KHTML, like Gecko; compatible; GPTBot/1.3; +https://openai.com/gptbot)"
74.7.227.41 - - [10/Jan/2026:13:55:55 +0000] "GET /pages.php?launch/removal81/3k29p-309/ HTTP/1.1" 200 113115 "-" "Mozilla/5.0 AppleWebKit/537.36 (KHTML, like Gecko; compatible; GPTBot/1.3; +https://openai.com/gptbot)"
74.7.227.41 - - [10/Jan/2026:13:55:57 +0000] "GET /pages.php?graduation/agenda88/yue6k-256/ HTTP/1.1" 200 118642 "-" "Mozilla/5.0 AppleWebKit/537.36 (KHTML, like Gecko; compatible; GPTBot/1.3; +https://openai.com/gptbot)"
74.7.227.41 - - [10/Jan/2026:13:55:59 +0000] "GET /pages.php?graduate/density27/t5qtr-499/ HTTP/1.1" 200 114886 "-" "Mozilla/5.0 AppleWebKit/537.36 (KHTML, like Gecko; compatible; GPTBot/1.3; +https://openai.com/gptbot)"
74.7.227.41 - - [10/Jan/2026:13:56:01 +0000] "GET /pages.php?aside/gentle81/3k29p-309/ HTTP/1.1" 200 113692 "-" "Mozilla/5.0 AppleWebKit/537.36 (KHTML, like Gecko; compatible; GPTBot/1.3; +https://openai.com/gptbot)"
74.7.227.41 - - [10/Jan/2026:13:56:03 +0000] "GET /pages.php?politician/cue88/yue6k-256/ HTTP/1.1" 200 118300 "-" "Mozilla/5.0 AppleWebKit/537.36 (KHTML, like Gecko; compatible; GPTBot/1.3; +https://openai.com/gptbot)"
74.7.227.41 - - [10/Jan/2026:13:56:05 +0000] "GET /pages.php?unprecedented/junior27/t5qtr-499/ HTTP/1.1" 200 115196 "-" "Mozilla/5.0 AppleWebKit/537.36 (KHTML, like Gecko; compatible; GPTBot/1.3; +https://openai.com/gptbot)"
74.7.227.41 - - [10/Jan/2026:13:56:08 +0000] "GET /pages.php?texture/within81/3k29p-309/ HTTP/1.1" 200 114430 "-" "Mozilla/5.0 AppleWebKit/537.36 (KHTML, like Gecko; compatible; GPTBot/1.3; +https://openai.com/gptbot)"
74.7.227.41 - - [10/Jan/2026:13:56:10 +0000] "GET /pages.php?shore/ideal88/yue6k-256/ HTTP/1.1" 200 118119 "-" "Mozilla/5.0 AppleWebKit/537.36 (KHTML, like Gecko; compatible; GPTBot/1.3; +https://openai.com/gptbot)"
74.7.227.41 - - [10/Jan/2026:13:56:12 +0000] "GET /pages.php?effective/attribute27/t5qtr-499/ HTTP/1.1" 200 113786 "-" "Mozilla/5.0 AppleWebKit/537.36 (KHTML, like Gecko; compatible; GPTBot/1.3; +https://openai.com/gptbot)"
74.7.227.41 - - [10/Jan/2026:13:56:14 +0000] "GET /pages.php?coordinator/conservation81/3k29p-309/ HTTP/1.1" 200 113942 "-" "Mozilla/5.0 AppleWebKit/537.36 (KHTML, like Gecko; compatible; GPTBot/1.3; +https://openai.com/gptbot)"
74.7.227.41 - - [10/Jan/2026:13:56:16 +0000] "GET /pages.php?party/skirt88/yue6k-256/ HTTP/1.1" 200 120089 "-" "Mozilla/5.0 AppleWebKit/537.36 (KHTML, like Gecko; compatible; GPTBot/1.3; +https://openai.com/gptbot)"
114.119.147.71 - - [10/Jan/2026:13:56:19 +0000] "GET /products/82ui18114 HTTP/1.1" 404 - "https://www.en.mak.pt/sitemap939.xml" "Mozilla/5.0 (Linux; Android 7.0;) AppleWebKit/537.36 (KHTML, like Gecko) Mobile Safari/537.36 (compatible; PetalBot;+https://webmaster.petalsearch.com/site/petalbot)"
74.7.227.41 - - [10/Jan/2026:13:56:18 +0000] "GET /pages.php?alliance/telescope27/t5qtr-499/ HTTP/1.1" 200 114624 "-" "Mozilla/5.0 AppleWebKit/537.36 (KHTML, like Gecko; compatible; GPTBot/1.3; +https://openai.com/gptbot)"
74.7.227.41 - - [10/Jan/2026:13:56:21 +0000] "GET /pages.php?similarly/especially81/3k29p-309/ HTTP/1.1" 200 115997 "-" "Mozilla/5.0 AppleWebKit/537.36 (KHTML, like Gecko; compatible; GPTBot/1.3; +https://openai.com/gptbot)"
74.7.227.41 - - [10/Jan/2026:13:56:23 +0000] "GET /pages.php?_bd_prev_page=https://www.en.mak.pt/chat.do?picture/inevitably88/yue6k-256/&_bdsid=kbnp7m.n~NYTSR.171038153.177752946&_gz=2.193737992.195223878.174926339-867670326.168772933 HTTP/1.1" 200 119727 "-" "Mozilla/5.0 AppleWebKit/537.36 (KHTML, like Gecko; compatible; GPTBot/1.3; +https://openai.com/gptbot)"
173.208.176.202 - - [10/Jan/2026:13:54:53 +0000] "GET /wp-content/ad32c4a5/edit.php?id=786347 HTTP/1.1" 200 - "https://www.en.mak.pt/wp-content/ad32c4a5/edit.php?id=786347" "Mozilla/5.0 (Windows NT 10.0; Win64; x64) AppleWebKit/537.36 (KHTML, like Gecko) Chrome/58.0.3029.110 Safari/537.3"
74.7.227.41 - - [10/Jan/2026:13:56:25 +0000] "GET /pages.php?loyalty/particularly27/t5qtr-499/ HTTP/1.1" 200 115282 "-" "Mozilla/5.0 AppleWebKit/537.36 (KHTML, like Gecko; compatible; GPTBot/1.3; +https://openai.com/gptbot)"
74.7.227.41 - - [10/Jan/2026:13:56:27 +0000] "GET /pages.php?_bd_prev_page=https://www.en.mak.pt/chat.do?collect/expect81/3k29p-309/&_bdsid=kbnp7m.n~NYTSR.171038153.177752946&_gz=2.193737992.195223878.174926339-867670326.168772933 HTTP/1.1" 200 113046 "-" "Mozilla/5.0 AppleWebKit/537.36 (KHTML, like Gecko; compatible; GPTBot/1.3; +https://openai.com/gptbot)"
74.7.227.41 - - [10/Jan/2026:13:56:30 +0000] "GET /pages.php?_bd_prev_page=https://www.en.mak.pt/chat.do?bag/ahead88/yue6k-256/&_bdsid=kbnp7m.n~NYTSR.171038153.177752946&_gz=2.193737992.195223878.174926339-867670326.168772933 HTTP/1.1" 200 118874 "-" "Mozilla/5.0 AppleWebKit/537.36 (KHTML, like Gecko; compatible; GPTBot/1.3; +https://openai.com/gptbot)"
74.7.227.41 - - [10/Jan/2026:13:56:32 +0000] "GET /pages.php?visual/entity27/t5qtr-499/ HTTP/1.1" 200 114261 "-" "Mozilla/5.0 AppleWebKit/537.36 (KHTML, like Gecko; compatible; GPTBot/1.3; +https://openai.com/gptbot)"
74.7.227.41 - - [10/Jan/2026:13:56:34 +0000] "GET /pages.php?teaching/unlike81/3k29p-309/ HTTP/1.1" 200 115183 "-" "Mozilla/5.0 AppleWebKit/537.36 (KHTML, like Gecko; compatible; GPTBot/1.3; +https://openai.com/gptbot)"
74.7.227.41 - - [10/Jan/2026:13:56:35 +0000] "GET /pages.php?classical/banking88/yue6k-256/ HTTP/1.1" 200 118709 "-" "Mozilla/5.0 AppleWebKit/537.36 (KHTML, like Gecko; compatible; GPTBot/1.3; +https://openai.com/gptbot)"
74.7.227.41 - - [10/Jan/2026:13:56:37 +0000] "GET /pages.php?left/stick27/t5qtr-499/ HTTP/1.1" 200 114721 "-" "Mozilla/5.0 AppleWebKit/537.36 (KHTML, like Gecko; compatible; GPTBot/1.3; +https://openai.com/gptbot)"
208.110.64.178 - - [10/Jan/2026:13:56:38 +0000] "GET /wp-content/ad32c4a5/edit.php HTTP/1.1" 200 6 "https://www.en.mak.pt/wp-content/ad32c4a5/edit.php" "Mozilla/5.0 (Windows NT 10.0; Win64; x64) AppleWebKit/537.36 (KHTML, like Gecko) Chrome/58.0.3029.110 Safari/537.3"
74.7.227.41 - - [10/Jan/2026:13:56:39 +0000] "GET /pages.php?_bd_prev_page=https://www.en.mak.pt/chat.do?cooking/consequently81/3k29p-309/&_bdsid=kbnp7m.n~NYTSR.171038153.177752946&_gz=2.193737992.195223878.174926339-867670326.168772933 HTTP/1.1" 200 113216 "-" "Mozilla/5.0 AppleWebKit/537.36 (KHTML, like Gecko; compatible; GPTBot/1.3; +https://openai.com/gptbot)"
74.7.227.41 - - [10/Jan/2026:13:56:41 +0000] "GET /pages.php?million/career88/yue6k-256/ HTTP/1.1" 200 118071 "-" "Mozilla/5.0 AppleWebKit/537.36 (KHTML, like Gecko; compatible; GPTBot/1.3; +https://openai.com/gptbot)"
74.7.227.41 - - [10/Jan/2026:13:56:43 +0000] "GET /pages.php?quickly/quarterback27/t5qtr-499/ HTTP/1.1" 200 114256 "-" "Mozilla/5.0 AppleWebKit/537.36 (KHTML, like Gecko; compatible; GPTBot/1.3; +https://openai.com/gptbot)"
74.7.227.41 - - [10/Jan/2026:13:56:45 +0000] "GET /pages.php?several/exhibition81/3k29p-309/ HTTP/1.1" 200 113719 "-" "Mozilla/5.0 AppleWebKit/537.36 (KHTML, like Gecko; compatible; GPTBot/1.3; +https://openai.com/gptbot)"
74.7.227.41 - - [10/Jan/2026:13:56:47 +0000] "GET /pages.php?kick/newly88/yue6k-256/ HTTP/1.1" 200 118311 "-" "Mozilla/5.0 AppleWebKit/537.36 (KHTML, like Gecko; compatible; GPTBot/1.3; +https://openai.com/gptbot)"
66.249.64.70 - - [10/Jan/2026:13:56:48 +0000] "GET /sitemap87.xml HTTP/1.1" 200 497995 "-" "Mozilla/5.0 (compatible; Googlebot/2.1; +http://www.google.com/bot.html)"
74.7.227.41 - - [10/Jan/2026:13:56:50 +0000] "GET /pages.php?weird/painter27/t5qtr-499/ HTTP/1.1" 200 114316 "-" "Mozilla/5.0 AppleWebKit/537.36 (KHTML, like Gecko; compatible; GPTBot/1.3; +https://openai.com/gptbot)"
66.249.64.71 - - [10/Jan/2026:13:56:50 +0000] "GET /sitemap4.xml HTTP/1.1" 200 498052 "-" "Mozilla/5.0 (compatible; Googlebot/2.1; +http://www.google.com/bot.html)"
74.7.227.41 - - [10/Jan/2026:13:56:52 +0000] "GET /pages.php?curiosity/dessert81/3k29p-309/ HTTP/1.1" 200 112799 "-" "Mozilla/5.0 AppleWebKit/537.36 (KHTML, like Gecko; compatible; GPTBot/1.3; +https://openai.com/gptbot)"
66.249.64.71 - - [10/Jan/2026:13:56:53 +0000] "GET /sitemap39.xml HTTP/1.1" 200 498030 "-" "Mozilla/5.0 (compatible; Googlebot/2.1; +http://www.google.com/bot.html)"
74.7.227.41 - - [10/Jan/2026:13:56:54 +0000] "GET /pages.php?aware/their88/yue6k-256/ HTTP/1.1" 200 118348 "-" "Mozilla/5.0 AppleWebKit/537.36 (KHTML, like Gecko; compatible; GPTBot/1.3; +https://openai.com/gptbot)"
74.7.227.41 - - [10/Jan/2026:13:56:56 +0000] "GET /pages.php?oxygen/icon27/t5qtr-499/ HTTP/1.1" 200 115368 "-" "Mozilla/5.0 AppleWebKit/537.36 (KHTML, like Gecko; compatible; GPTBot/1.3; +https://openai.com/gptbot)"
74.7.227.41 - - [10/Jan/2026:13:56:59 +0000] "GET /pages.php?pause/besides81/3k29p-309/ HTTP/1.1" 200 113574 "-" "Mozilla/5.0 AppleWebKit/537.36 (KHTML, like Gecko; compatible; GPTBot/1.3; +https://openai.com/gptbot)"
74.7.227.41 - - [10/Jan/2026:13:57:01 +0000] "GET /pages.php?alliance/minor88/yue6k-256/ HTTP/1.1" 200 118608 "-" "Mozilla/5.0 AppleWebKit/537.36 (KHTML, like Gecko; compatible; GPTBot/1.3; +https://openai.com/gptbot)"
74.7.227.41 - - [10/Jan/2026:13:57:03 +0000] "GET /pages.php?book/aluminum27/t5qtr-499/ HTTP/1.1" 200 114840 "-" "Mozilla/5.0 AppleWebKit/537.36 (KHTML, like Gecko; compatible; GPTBot/1.3; +https://openai.com/gptbot)"
74.7.227.41 - - [10/Jan/2026:13:57:05 +0000] "GET /pages.php?toe/lawsuit81/3k29p-309/ HTTP/1.1" 200 112733 "-" "Mozilla/5.0 AppleWebKit/537.36 (KHTML, like Gecko; compatible; GPTBot/1.3; +https://openai.com/gptbot)"
74.7.227.41 - - [10/Jan/2026:13:57:07 +0000] "GET /pages.php?return/supermarket88/yue6k-256/ HTTP/1.1" 200 118291 "-" "Mozilla/5.0 AppleWebKit/537.36 (KHTML, like Gecko; compatible; GPTBot/1.3; +https://openai.com/gptbot)"
74.7.227.41 - - [10/Jan/2026:13:57:10 +0000] "GET /pages.php?mental/hook27/t5qtr-499/ HTTP/1.1" 200 114418 "-" "Mozilla/5.0 AppleWebKit/537.36 (KHTML, like Gecko; compatible; GPTBot/1.3; +https://openai.com/gptbot)"
74.7.227.41 - - [10/Jan/2026:13:57:11 +0000] "GET /pages.php?beneath/cling81/3k29p-309/ HTTP/1.1" 200 114511 "-" "Mozilla/5.0 AppleWebKit/537.36 (KHTML, like Gecko; compatible; GPTBot/1.3; +https://openai.com/gptbot)"
74.7.227.41 - - [10/Jan/2026:13:57:13 +0000] "GET /pages.php?within/wow88/yue6k-256/ HTTP/1.1" 200 119634 "-" "Mozilla/5.0 AppleWebKit/537.36 (KHTML, like Gecko; compatible; GPTBot/1.3; +https://openai.com/gptbot)"
74.7.227.41 - - [10/Jan/2026:13:57:15 +0000] "GET /pages.php?together/pride27/t5qtr-499/ HTTP/1.1" 200 114123 "-" "Mozilla/5.0 AppleWebKit/537.36 (KHTML, like Gecko; compatible; GPTBot/1.3; +https://openai.com/gptbot)"
74.7.227.41 - - [10/Jan/2026:13:57:17 +0000] "GET /pages.php?gun/scan81/3k29p-309/ HTTP/1.1" 200 114989 "-" "Mozilla/5.0 AppleWebKit/537.36 (KHTML, like Gecko; compatible; GPTBot/1.3; +https://openai.com/gptbot)"
74.7.227.41 - - [10/Jan/2026:13:57:19 +0000] "GET /pages.php?result/mental88/yue6k-256/ HTTP/1.1" 200 118172 "-" "Mozilla/5.0 AppleWebKit/537.36 (KHTML, like Gecko; compatible; GPTBot/1.3; +https://openai.com/gptbot)"
74.7.227.41 - - [10/Jan/2026:13:57:21 +0000] "GET /pages.php?British/energy27/t5qtr-499/ HTTP/1.1" 200 114739 "-" "Mozilla/5.0 AppleWebKit/537.36 (KHTML, like Gecko; compatible; GPTBot/1.3; +https://openai.com/gptbot)"
74.7.227.41 - - [10/Jan/2026:13:57:24 +0000] "GET /pages.php?_bd_prev_page=https://www.en.mak.pt/chat.do?equipment/demonstration81/3k29p-309/&_bdsid=kbnp7m.n~NYTSR.171038153.177752946&_gz=2.193737992.195223878.174926339-867670326.168772933 HTTP/1.1" 200 112908 "-" "Mozilla/5.0 AppleWebKit/537.36 (KHTML, like Gecko; compatible; GPTBot/1.3; +https://openai.com/gptbot)"
74.7.227.41 - - [10/Jan/2026:13:57:26 +0000] "GET /pages.php?advocate/glimpse88/yue6k-256/ HTTP/1.1" 200 118410 "-" "Mozilla/5.0 AppleWebKit/537.36 (KHTML, like Gecko; compatible; GPTBot/1.3; +https://openai.com/gptbot)"
74.7.227.41 - - [10/Jan/2026:13:57:28 +0000] "GET /pages.php?jet/emerge27/t5qtr-499/ HTTP/1.1" 200 114972 "-" "Mozilla/5.0 AppleWebKit/537.36 (KHTML, like Gecko; compatible; GPTBot/1.3; +https://openai.com/gptbot)"
74.7.227.41 - - [10/Jan/2026:13:57:31 +0000] "GET /pages.php?laugh/gray81/3k29p-309/ HTTP/1.1" 200 113131 "-" "Mozilla/5.0 AppleWebKit/537.36 (KHTML, like Gecko; compatible; GPTBot/1.3; +https://openai.com/gptbot)"
74.7.227.41 - - [10/Jan/2026:13:57:33 +0000] "GET /pages.php?quit/faculty88/yue6k-256/ HTTP/1.1" 200 118236 "-" "Mozilla/5.0 AppleWebKit/537.36 (KHTML, like Gecko; compatible; GPTBot/1.3; +https://openai.com/gptbot)"
74.7.227.41 - - [10/Jan/2026:13:57:34 +0000] "GET /pages.php?civilian/disclose27/t5qtr-499/ HTTP/1.1" 200 114079 "-" "Mozilla/5.0 AppleWebKit/537.36 (KHTML, like Gecko; compatible; GPTBot/1.3; +https://openai.com/gptbot)"
74.7.227.41 - - [10/Jan/2026:13:57:36 +0000] "GET /pages.php?diabetes/differently81/3k29p-309/ HTTP/1.1" 200 114239 "-" "Mozilla/5.0 AppleWebKit/537.36 (KHTML, like Gecko; compatible; GPTBot/1.3; +https://openai.com/gptbot)"
74.7.227.41 - - [10/Jan/2026:13:57:38 +0000] "GET /pages.php?let/boy88/yue6k-256/ HTTP/1.1" 200 119258 "-" "Mozilla/5.0 AppleWebKit/537.36 (KHTML, like Gecko; compatible; GPTBot/1.3; +https://openai.com/gptbot)"
66.249.64.70 - - [10/Jan/2026:13:57:39 +0000] "GET /sitemap11.xml HTTP/1.1" 200 497872 "-" "Mozilla/5.0 (compatible; Googlebot/2.1; +http://www.google.com/bot.html)"
74.7.227.41 - - [10/Jan/2026:13:57:40 +0000] "GET /pages.php?repair/newly27/t5qtr-499/ HTTP/1.1" 200 114900 "-" "Mozilla/5.0 AppleWebKit/537.36 (KHTML, like Gecko; compatible; GPTBot/1.3; +https://openai.com/gptbot)"
114.119.146.208 - - [10/Jan/2026:13:57:43 +0000] "GET /products/82tx5884 HTTP/1.1" 404 - "https://www.en.mak.pt/sitemap667.xml" "Mozilla/5.0 (Linux; Android 7.0;) AppleWebKit/537.36 (KHTML, like Gecko) Mobile Safari/537.36 (compatible; PetalBot;+https://webmaster.petalsearch.com/site/petalbot)"
74.7.227.41 - - [10/Jan/2026:13:57:42 +0000] "GET /pages.php?_bd_prev_page=https://www.en.mak.pt/chat.do?anywhere/rating81/3k29p-309/&_bdsid=kbnp7m.n~NYTSR.171038153.177752946&_gz=2.193737992.195223878.174926339-867670326.168772933 HTTP/1.1" 200 113593 "-" "Mozilla/5.0 AppleWebKit/537.36 (KHTML, like Gecko; compatible; GPTBot/1.3; +https://openai.com/gptbot)"
74.7.227.41 - - [10/Jan/2026:13:57:44 +0000] "GET /pages.php?_bd_prev_page=https://www.en.mak.pt/chat.do?television/strictly88/yue6k-256/&_bdsid=kbnp7m.n~NYTSR.171038153.177752946&_gz=2.193737992.195223878.174926339-867670326.168772933 HTTP/1.1" 200 118356 "-" "Mozilla/5.0 AppleWebKit/537.36 (KHTML, like Gecko; compatible; GPTBot/1.3; +https://openai.com/gptbot)"
74.7.227.41 - - [10/Jan/2026:13:57:46 +0000] "GET /pages.php?waste/lady27/t5qtr-499/ HTTP/1.1" 200 114318 "-" "Mozilla/5.0 AppleWebKit/537.36 (KHTML, like Gecko; compatible; GPTBot/1.3; +https://openai.com/gptbot)"
74.7.227.41 - - [10/Jan/2026:13:57:49 +0000] "GET /pages.php?regulation/opposite81/3k29p-309/ HTTP/1.1" 200 113725 "-" "Mozilla/5.0 AppleWebKit/537.36 (KHTML, like Gecko; compatible; GPTBot/1.3; +https://openai.com/gptbot)"
74.7.227.41 - - [10/Jan/2026:13:57:51 +0000] "GET /pages.php?pulse/shine88/yue6k-256/ HTTP/1.1" 200 118403 "-" "Mozilla/5.0 AppleWebKit/537.36 (KHTML, like Gecko; compatible; GPTBot/1.3; +https://openai.com/gptbot)"
173.208.176.202 - - [10/Jan/2026:13:56:26 +0000] "GET /wp-content/ad32c4a5/edit.php?id=786347 HTTP/1.1" 200 - "https://www.en.mak.pt/wp-content/ad32c4a5/edit.php?id=786347" "Mozilla/5.0 (Windows NT 10.0; Win64; x64) AppleWebKit/537.36 (KHTML, like Gecko) Chrome/58.0.3029.110 Safari/537.3"
74.7.227.41 - - [10/Jan/2026:13:57:53 +0000] "GET /pages.php?privately/interrupt27/t5qtr-499/ HTTP/1.1" 200 114711 "-" "Mozilla/5.0 AppleWebKit/537.36 (KHTML, like Gecko; compatible; GPTBot/1.3; +https://openai.com/gptbot)"
74.7.227.41 - - [10/Jan/2026:13:57:56 +0000] "GET /pages.php?disabled/lamp81/3k29p-309/ HTTP/1.1" 200 114075 "-" "Mozilla/5.0 AppleWebKit/537.36 (KHTML, like Gecko; compatible; GPTBot/1.3; +https://openai.com/gptbot)"
74.7.227.41 - - [10/Jan/2026:13:57:58 +0000] "GET /pages.php?peasant/concede88/yue6k-256/ HTTP/1.1" 200 118992 "-" "Mozilla/5.0 AppleWebKit/537.36 (KHTML, like Gecko; compatible; GPTBot/1.3; +https://openai.com/gptbot)"
74.7.227.41 - - [10/Jan/2026:13:58:00 +0000] "GET /pages.php?analysis/prevention27/t5qtr-499/ HTTP/1.1" 200 115649 "-" "Mozilla/5.0 AppleWebKit/537.36 (KHTML, like Gecko; compatible; GPTBot/1.3; +https://openai.com/gptbot)"
74.7.227.41 - - [10/Jan/2026:13:58:02 +0000] "GET /pages.php?poverty/play81/3k29p-309/ HTTP/1.1" 200 114677 "-" "Mozilla/5.0 AppleWebKit/537.36 (KHTML, like Gecko; compatible; GPTBot/1.3; +https://openai.com/gptbot)"
74.7.227.41 - - [10/Jan/2026:13:58:04 +0000] "GET /pages.php?friend/online88/yue6k-256/ HTTP/1.1" 200 117947 "-" "Mozilla/5.0 AppleWebKit/537.36 (KHTML, like Gecko; compatible; GPTBot/1.3; +https://openai.com/gptbot)"
74.7.227.41 - - [10/Jan/2026:13:58:07 +0000] "GET /pages.php?_bd_prev_page=https://www.en.mak.pt/chat.do?celebrity/aggressive27/t5qtr-499/&_bdsid=kbnp7m.n~NYTSR.171038153.177752946&_gz=2.193737992.195223878.174926339-867670326.168772933 HTTP/1.1" 200 114323 "-" "Mozilla/5.0 AppleWebKit/537.36 (KHTML, like Gecko; compatible; GPTBot/1.3; +https://openai.com/gptbot)"
74.7.227.41 - - [10/Jan/2026:13:58:09 +0000] "GET /pages.php?_bd_prev_page=https://www.en.mak.pt/chat.do?hurt/deck81/3k29p-309/&_bdsid=kbnp7m.n~NYTSR.171038153.177752946&_gz=2.193737992.195223878.174926339-867670326.168772933 HTTP/1.1" 200 113798 "-" "Mozilla/5.0 AppleWebKit/537.36 (KHTML, like Gecko; compatible; GPTBot/1.3; +https://openai.com/gptbot)"
74.7.227.41 - - [10/Jan/2026:13:58:11 +0000] "GET /pages.php?ultimate/choose88/yue6k-256/ HTTP/1.1" 200 118841 "-" "Mozilla/5.0 AppleWebKit/537.36 (KHTML, like Gecko; compatible; GPTBot/1.3; +https://openai.com/gptbot)"
74.7.227.41 - - [10/Jan/2026:13:58:13 +0000] "GET /pages.php?motive/dance27/t5qtr-499/ HTTP/1.1" 200 114135 "-" "Mozilla/5.0 AppleWebKit/537.36 (KHTML, like Gecko; compatible; GPTBot/1.3; +https://openai.com/gptbot)"
74.7.227.41 - - [10/Jan/2026:13:58:15 +0000] "GET /pages.php?personally/technique81/3k29p-309/ HTTP/1.1" 200 114819 "-" "Mozilla/5.0 AppleWebKit/537.36 (KHTML, like Gecko; compatible; GPTBot/1.3; +https://openai.com/gptbot)"
