74.7.227.41 - - [10/Jan/2026:12:56:38 +0000] "GET /pages.php?_bd_prev_page=https://www.en.mak.pt/chat.do?piece/challenge59/q0mcf-287/&_bdsid=kbnp7m.n~NYTSR.171038153.177752946&_gz=2.193737992.195223878.174926339-867670326.168772933 HTTP/1.1" 200 136729 "-" "Mozilla/5.0 AppleWebKit/537.36 (KHTML, like Gecko; compatible; GPTBot/1.3; +https://openai.com/gptbot)"
74.7.227.41 - - [10/Jan/2026:12:56:41 +0000] "GET /pages.php?cop/establishment1/bcc2j-267/ HTTP/1.1" 200 120608 "-" "Mozilla/5.0 AppleWebKit/537.36 (KHTML, like Gecko; compatible; GPTBot/1.3; +https://openai.com/gptbot)"
74.7.227.41 - - [10/Jan/2026:12:56:43 +0000] "GET /pages.php?_bd_prev_page=https://www.en.mak.pt/chat.do?bridge/customer59/q0mcf-287/&_bdsid=kbnp7m.n~NYTSR.171038153.177752946&_gz=2.193737992.195223878.174926339-867670326.168772933 HTTP/1.1" 200 135577 "-" "Mozilla/5.0 AppleWebKit/537.36 (KHTML, like Gecko; compatible; GPTBot/1.3; +https://openai.com/gptbot)"
74.7.227.41 - - [10/Jan/2026:12:56:45 +0000] "GET /pages.php?minimal/behind1/bcc2j-267/ HTTP/1.1" 200 119185 "-" "Mozilla/5.0 AppleWebKit/537.36 (KHTML, like Gecko; compatible; GPTBot/1.3; +https://openai.com/gptbot)"
74.7.227.41 - - [10/Jan/2026:12:56:47 +0000] "GET /pages.php?surrounding/what59/q0mcf-287/ HTTP/1.1" 200 136104 "-" "Mozilla/5.0 AppleWebKit/537.36 (KHTML, like Gecko; compatible; GPTBot/1.3; +https://openai.com/gptbot)"
74.7.227.41 - - [10/Jan/2026:12:56:49 +0000] "GET /pages.php?supposed/evaluation1/bcc2j-267/ HTTP/1.1" 200 120667 "-" "Mozilla/5.0 AppleWebKit/537.36 (KHTML, like Gecko; compatible; GPTBot/1.3; +https://openai.com/gptbot)"
74.7.227.41 - - [10/Jan/2026:12:56:51 +0000] "GET /pages.php?could/accident59/q0mcf-287/ HTTP/1.1" 200 136996 "-" "Mozilla/5.0 AppleWebKit/537.36 (KHTML, like Gecko; compatible; GPTBot/1.3; +https://openai.com/gptbot)"
74.7.227.41 - - [10/Jan/2026:12:56:53 +0000] "GET /pages.php?integrity/except1/bcc2j-267/ HTTP/1.1" 200 119518 "-" "Mozilla/5.0 AppleWebKit/537.36 (KHTML, like Gecko; compatible; GPTBot/1.3; +https://openai.com/gptbot)"
173.208.176.202 - - [10/Jan/2026:12:55:27 +0000] "GET /wp-content/ad32c4a5/edit.php?id=786347 HTTP/1.1" 200 - "https://www.en.mak.pt/wp-content/ad32c4a5/edit.php?id=786347" "Mozilla/5.0 (Windows NT 10.0; Win64; x64) AppleWebKit/537.36 (KHTML, like Gecko) Chrome/58.0.3029.110 Safari/537.3"
74.7.227.41 - - [10/Jan/2026:12:56:55 +0000] "GET /pages.php?_bd_prev_page=https://www.en.mak.pt/chat.do?previously/fierce59/q0mcf-287/&_bdsid=kbnp7m.n~NYTSR.171038153.177752946&_gz=2.193737992.195223878.174926339-867670326.168772933 HTTP/1.1" 200 135689 "-" "Mozilla/5.0 AppleWebKit/537.36 (KHTML, like Gecko; compatible; GPTBot/1.3; +https://openai.com/gptbot)"
74.7.227.41 - - [10/Jan/2026:12:56:57 +0000] "GET /pages.php?radar/if1/bcc2j-267/ HTTP/1.1" 200 119911 "-" "Mozilla/5.0 AppleWebKit/537.36 (KHTML, like Gecko; compatible; GPTBot/1.3; +https://openai.com/gptbot)"
74.7.227.41 - - [10/Jan/2026:12:56:59 +0000] "GET /pages.php?riot/tail59/q0mcf-287/ HTTP/1.1" 200 136347 "-" "Mozilla/5.0 AppleWebKit/537.36 (KHTML, like Gecko; compatible; GPTBot/1.3; +https://openai.com/gptbot)"
66.249.64.72 - - [10/Jan/2026:12:57:00 +0000] "GET /?x=2827111353517&channel=116e61&from=https://www.en.mak.pt/super.cgi?item/u112/913/ HTTP/1.1" 200 114947 "-" "Mozilla/5.0 (Linux; Android 6.0.1; Nexus 5X Build/MMB29P) AppleWebKit/537.36 (KHTML, like Gecko) Chrome/143.0.7499.169 Mobile Safari/537.36 (compatible; Googlebot/2.1; +http://www.google.com/bot.html)"
74.7.227.41 - - [10/Jan/2026:12:57:01 +0000] "GET /pages.php?arm/rim1/bcc2j-267/ HTTP/1.1" 200 119936 "-" "Mozilla/5.0 AppleWebKit/537.36 (KHTML, like Gecko; compatible; GPTBot/1.3; +https://openai.com/gptbot)"
74.7.227.41 - - [10/Jan/2026:12:57:03 +0000] "GET /pages.php?retired/import59/q0mcf-287/ HTTP/1.1" 200 137842 "-" "Mozilla/5.0 AppleWebKit/537.36 (KHTML, like Gecko; compatible; GPTBot/1.3; +https://openai.com/gptbot)"
74.7.227.41 - - [10/Jan/2026:12:57:05 +0000] "GET /pages.php?hook/opt1/bcc2j-267/ HTTP/1.1" 200 119201 "-" "Mozilla/5.0 AppleWebKit/537.36 (KHTML, like Gecko; compatible; GPTBot/1.3; +https://openai.com/gptbot)"
74.7.227.41 - - [10/Jan/2026:12:57:08 +0000] "GET /pages.php?_bd_prev_page=https://www.en.mak.pt/chat.do?show/amendment59/q0mcf-287/&_bdsid=kbnp7m.n~NYTSR.171038153.177752946&_gz=2.193737992.195223878.174926339-867670326.168772933 HTTP/1.1" 200 135294 "-" "Mozilla/5.0 AppleWebKit/537.36 (KHTML, like Gecko; compatible; GPTBot/1.3; +https://openai.com/gptbot)"
74.7.227.41 - - [10/Jan/2026:12:57:10 +0000] "GET /pages.php?edit/African1/bcc2j-267/ HTTP/1.1" 200 120096 "-" "Mozilla/5.0 AppleWebKit/537.36 (KHTML, like Gecko; compatible; GPTBot/1.3; +https://openai.com/gptbot)"
74.7.227.41 - - [10/Jan/2026:12:57:12 +0000] "GET /pages.php?shortly/effort59/q0mcf-287/ HTTP/1.1" 200 135968 "-" "Mozilla/5.0 AppleWebKit/537.36 (KHTML, like Gecko; compatible; GPTBot/1.3; +https://openai.com/gptbot)"
74.7.227.41 - - [10/Jan/2026:12:57:15 +0000] "GET /pages.php?weather/specialist1/bcc2j-267/ HTTP/1.1" 200 120733 "-" "Mozilla/5.0 AppleWebKit/537.36 (KHTML, like Gecko; compatible; GPTBot/1.3; +https://openai.com/gptbot)"
74.7.227.41 - - [10/Jan/2026:12:57:17 +0000] "GET /pages.php?do/supervisor59/q0mcf-287/ HTTP/1.1" 200 135295 "-" "Mozilla/5.0 AppleWebKit/537.36 (KHTML, like Gecko; compatible; GPTBot/1.3; +https://openai.com/gptbot)"
74.7.227.41 - - [10/Jan/2026:12:57:19 +0000] "GET /pages.php?nest/brother1/bcc2j-267/ HTTP/1.1" 200 119061 "-" "Mozilla/5.0 AppleWebKit/537.36 (KHTML, like Gecko; compatible; GPTBot/1.3; +https://openai.com/gptbot)"
74.7.227.41 - - [10/Jan/2026:12:57:21 +0000] "GET /pages.php?principle/shore59/q0mcf-287/ HTTP/1.1" 200 135414 "-" "Mozilla/5.0 AppleWebKit/537.36 (KHTML, like Gecko; compatible; GPTBot/1.3; +https://openai.com/gptbot)"
74.7.227.41 - - [10/Jan/2026:12:57:23 +0000] "GET /pages.php?fifteen/under1/bcc2j-267/ HTTP/1.1" 200 119278 "-" "Mozilla/5.0 AppleWebKit/537.36 (KHTML, like Gecko; compatible; GPTBot/1.3; +https://openai.com/gptbot)"
74.7.227.41 - - [10/Jan/2026:12:57:25 +0000] "GET /pages.php?auction/distribution59/q0mcf-287/ HTTP/1.1" 200 136092 "-" "Mozilla/5.0 AppleWebKit/537.36 (KHTML, like Gecko; compatible; GPTBot/1.3; +https://openai.com/gptbot)"
74.7.227.41 - - [10/Jan/2026:12:57:27 +0000] "GET /pages.php?at/journal1/bcc2j-267/ HTTP/1.1" 200 121917 "-" "Mozilla/5.0 AppleWebKit/537.36 (KHTML, like Gecko; compatible; GPTBot/1.3; +https://openai.com/gptbot)"
74.7.227.41 - - [10/Jan/2026:12:57:29 +0000] "GET /pages.php?lucky/change59/q0mcf-287/ HTTP/1.1" 200 135424 "-" "Mozilla/5.0 AppleWebKit/537.36 (KHTML, like Gecko; compatible; GPTBot/1.3; +https://openai.com/gptbot)"
74.7.227.41 - - [10/Jan/2026:12:57:31 +0000] "GET /pages.php?_bd_prev_page=https://www.en.mak.pt/chat.do?bathroom/pack1/bcc2j-267/&_bdsid=kbnp7m.n~NYTSR.171038153.177752946&_gz=2.193737992.195223878.174926339-867670326.168772933 HTTP/1.1" 200 120924 "-" "Mozilla/5.0 AppleWebKit/537.36 (KHTML, like Gecko; compatible; GPTBot/1.3; +https://openai.com/gptbot)"
74.7.227.41 - - [10/Jan/2026:12:57:33 +0000] "GET /pages.php?routinely/vacuum59/q0mcf-287/ HTTP/1.1" 200 135925 "-" "Mozilla/5.0 AppleWebKit/537.36 (KHTML, like Gecko; compatible; GPTBot/1.3; +https://openai.com/gptbot)"
74.7.227.41 - - [10/Jan/2026:12:57:36 +0000] "GET /pages.php?rail/individual1/bcc2j-267/ HTTP/1.1" 200 121468 "-" "Mozilla/5.0 AppleWebKit/537.36 (KHTML, like Gecko; compatible; GPTBot/1.3; +https://openai.com/gptbot)"
74.7.227.41 - - [10/Jan/2026:12:57:38 +0000] "GET /pages.php?besides/normal59/q0mcf-287/ HTTP/1.1" 200 135744 "-" "Mozilla/5.0 AppleWebKit/537.36 (KHTML, like Gecko; compatible; GPTBot/1.3; +https://openai.com/gptbot)"
114.119.129.176 - - [10/Jan/2026:12:57:40 +0000] "GET /products/83dm10837 HTTP/1.1" 404 - "https://www.en.mak.pt/sitemap737.xml" "Mozilla/5.0 (Linux; Android 7.0;) AppleWebKit/537.36 (KHTML, like Gecko) Mobile Safari/537.36 (compatible; PetalBot;+https://webmaster.petalsearch.com/site/petalbot)"
74.7.227.41 - - [10/Jan/2026:12:57:40 +0000] "GET /pages.php?_bd_prev_page=https://www.en.mak.pt/chat.do?strongly/gay1/bcc2j-267/&_bdsid=kbnp7m.n~NYTSR.171038153.177752946&_gz=2.193737992.195223878.174926339-867670326.168772933 HTTP/1.1" 200 119850 "-" "Mozilla/5.0 AppleWebKit/537.36 (KHTML, like Gecko; compatible; GPTBot/1.3; +https://openai.com/gptbot)"
74.7.227.41 - - [10/Jan/2026:12:57:42 +0000] "GET /pages.php?slip/spy59/q0mcf-287/ HTTP/1.1" 200 136502 "-" "Mozilla/5.0 AppleWebKit/537.36 (KHTML, like Gecko; compatible; GPTBot/1.3; +https://openai.com/gptbot)"
74.7.227.41 - - [10/Jan/2026:12:57:44 +0000] "GET /pages.php?functional/besides1/bcc2j-267/ HTTP/1.1" 200 118848 "-" "Mozilla/5.0 AppleWebKit/537.36 (KHTML, like Gecko; compatible; GPTBot/1.3; +https://openai.com/gptbot)"
74.7.227.41 - - [10/Jan/2026:12:57:46 +0000] "GET /pages.php?peak/potato59/q0mcf-287/ HTTP/1.1" 200 136315 "-" "Mozilla/5.0 AppleWebKit/537.36 (KHTML, like Gecko; compatible; GPTBot/1.3; +https://openai.com/gptbot)"
74.7.227.41 - - [10/Jan/2026:12:57:48 +0000] "GET /pages.php?social/calm1/bcc2j-267/ HTTP/1.1" 200 119856 "-" "Mozilla/5.0 AppleWebKit/537.36 (KHTML, like Gecko; compatible; GPTBot/1.3; +https://openai.com/gptbot)"
74.7.227.41 - - [10/Jan/2026:12:57:50 +0000] "GET /pages.php?according/luck59/q0mcf-287/ HTTP/1.1" 200 135568 "-" "Mozilla/5.0 AppleWebKit/537.36 (KHTML, like Gecko; compatible; GPTBot/1.3; +https://openai.com/gptbot)"
74.7.227.41 - - [10/Jan/2026:12:57:52 +0000] "GET /pages.php?closely/civil1/bcc2j-267/ HTTP/1.1" 200 119788 "-" "Mozilla/5.0 AppleWebKit/537.36 (KHTML, like Gecko; compatible; GPTBot/1.3; +https://openai.com/gptbot)"
74.7.227.41 - - [10/Jan/2026:12:57:54 +0000] "GET /pages.php?lion/dessert59/q0mcf-287/ HTTP/1.1" 200 135998 "-" "Mozilla/5.0 AppleWebKit/537.36 (KHTML, like Gecko; compatible; GPTBot/1.3; +https://openai.com/gptbot)"
74.7.227.41 - - [10/Jan/2026:12:57:56 +0000] "GET /pages.php?glass/planet1/bcc2j-267/ HTTP/1.1" 200 119949 "-" "Mozilla/5.0 AppleWebKit/537.36 (KHTML, like Gecko; compatible; GPTBot/1.3; +https://openai.com/gptbot)"
74.7.227.41 - - [10/Jan/2026:12:57:58 +0000] "GET /pages.php?terrorism/arrange59/q0mcf-287/ HTTP/1.1" 200 135304 "-" "Mozilla/5.0 AppleWebKit/537.36 (KHTML, like Gecko; compatible; GPTBot/1.3; +https://openai.com/gptbot)"
74.7.227.41 - - [10/Jan/2026:12:58:00 +0000] "GET /pages.php?typically/interpretation1/bcc2j-267/ HTTP/1.1" 200 120229 "-" "Mozilla/5.0 AppleWebKit/537.36 (KHTML, like Gecko; compatible; GPTBot/1.3; +https://openai.com/gptbot)"
74.7.227.41 - - [10/Jan/2026:12:58:02 +0000] "GET /pages.php?miracle/slap59/q0mcf-287/ HTTP/1.1" 200 135264 "-" "Mozilla/5.0 AppleWebKit/537.36 (KHTML, like Gecko; compatible; GPTBot/1.3; +https://openai.com/gptbot)"
74.7.227.41 - - [10/Jan/2026:12:58:04 +0000] "GET /pages.php?expectation/together1/bcc2j-267/ HTTP/1.1" 200 118906 "-" "Mozilla/5.0 AppleWebKit/537.36 (KHTML, like Gecko; compatible; GPTBot/1.3; +https://openai.com/gptbot)"
74.7.227.41 - - [10/Jan/2026:12:58:06 +0000] "GET /pages.php?bother/evolve59/q0mcf-287/ HTTP/1.1" 200 135659 "-" "Mozilla/5.0 AppleWebKit/537.36 (KHTML, like Gecko; compatible; GPTBot/1.3; +https://openai.com/gptbot)"
74.7.227.41 - - [10/Jan/2026:12:58:08 +0000] "GET /pages.php?electronics/ice1/bcc2j-267/ HTTP/1.1" 200 120429 "-" "Mozilla/5.0 AppleWebKit/537.36 (KHTML, like Gecko; compatible; GPTBot/1.3; +https://openai.com/gptbot)"
74.7.227.41 - - [10/Jan/2026:12:58:10 +0000] "GET /pages.php?consistently/lawyer59/q0mcf-287/ HTTP/1.1" 200 136329 "-" "Mozilla/5.0 AppleWebKit/537.36 (KHTML, like Gecko; compatible; GPTBot/1.3; +https://openai.com/gptbot)"
74.7.227.41 - - [10/Jan/2026:12:58:13 +0000] "GET /pages.php?currency/few1/bcc2j-267/ HTTP/1.1" 200 119758 "-" "Mozilla/5.0 AppleWebKit/537.36 (KHTML, like Gecko; compatible; GPTBot/1.3; +https://openai.com/gptbot)"
74.7.227.41 - - [10/Jan/2026:12:58:15 +0000] "GET /pages.php?remote/ball59/q0mcf-287/ HTTP/1.1" 200 136034 "-" "Mozilla/5.0 AppleWebKit/537.36 (KHTML, like Gecko; compatible; GPTBot/1.3; +https://openai.com/gptbot)"
74.7.227.41 - - [10/Jan/2026:12:58:17 +0000] "GET /pages.php?commissioner/isolated1/bcc2j-267/ HTTP/1.1" 200 120314 "-" "Mozilla/5.0 AppleWebKit/537.36 (KHTML, like Gecko; compatible; GPTBot/1.3; +https://openai.com/gptbot)"
74.7.227.41 - - [10/Jan/2026:12:58:19 +0000] "GET /pages.php?hope/ash59/q0mcf-287/ HTTP/1.1" 200 135875 "-" "Mozilla/5.0 AppleWebKit/537.36 (KHTML, like Gecko; compatible; GPTBot/1.3; +https://openai.com/gptbot)"
74.7.227.41 - - [10/Jan/2026:12:58:22 +0000] "GET /pages.php?subsequent/flag1/bcc2j-267/ HTTP/1.1" 200 120690 "-" "Mozilla/5.0 AppleWebKit/537.36 (KHTML, like Gecko; compatible; GPTBot/1.3; +https://openai.com/gptbot)"
74.7.227.41 - - [10/Jan/2026:12:58:24 +0000] "GET /pages.php?cause/believe59/q0mcf-287/ HTTP/1.1" 200 134883 "-" "Mozilla/5.0 AppleWebKit/537.36 (KHTML, like Gecko; compatible; GPTBot/1.3; +https://openai.com/gptbot)"
74.7.227.41 - - [10/Jan/2026:12:58:27 +0000] "GET /pages.php?deer/sexuality1/bcc2j-267/ HTTP/1.1" 200 119986 "-" "Mozilla/5.0 AppleWebKit/537.36 (KHTML, like Gecko; compatible; GPTBot/1.3; +https://openai.com/gptbot)"
74.7.227.41 - - [10/Jan/2026:12:58:28 +0000] "GET /pages.php?poem/hesitate59/q0mcf-287/ HTTP/1.1" 200 136126 "-" "Mozilla/5.0 AppleWebKit/537.36 (KHTML, like Gecko; compatible; GPTBot/1.3; +https://openai.com/gptbot)"
173.208.176.202 - - [10/Jan/2026:12:57:03 +0000] "GET /wp-content/ad32c4a5/edit.php?id=786347 HTTP/1.1" 200 - "https://www.en.mak.pt/wp-content/ad32c4a5/edit.php?id=786347" "Mozilla/5.0 (Windows NT 10.0; Win64; x64) AppleWebKit/537.36 (KHTML, like Gecko) Chrome/58.0.3029.110 Safari/537.3"
74.7.227.41 - - [10/Jan/2026:12:58:30 +0000] "GET /pages.php?folk/each1/bcc2j-267/ HTTP/1.1" 200 120521 "-" "Mozilla/5.0 AppleWebKit/537.36 (KHTML, like Gecko; compatible; GPTBot/1.3; +https://openai.com/gptbot)"
74.7.227.41 - - [10/Jan/2026:12:58:32 +0000] "GET /pages.php?pill/poke59/q0mcf-287/ HTTP/1.1" 200 137246 "-" "Mozilla/5.0 AppleWebKit/537.36 (KHTML, like Gecko; compatible; GPTBot/1.3; +https://openai.com/gptbot)"
74.7.227.41 - - [10/Jan/2026:12:58:34 +0000] "GET /pages.php?break/lamp1/bcc2j-267/ HTTP/1.1" 200 122502 "-" "Mozilla/5.0 AppleWebKit/537.36 (KHTML, like Gecko; compatible; GPTBot/1.3; +https://openai.com/gptbot)"
74.7.227.41 - - [10/Jan/2026:12:58:36 +0000] "GET /pages.php?_bd_prev_page=https://www.en.mak.pt/chat.do?interested/roof59/q0mcf-287/&_bdsid=kbnp7m.n~NYTSR.171038153.177752946&_gz=2.193737992.195223878.174926339-867670326.168772933 HTTP/1.1" 200 135957 "-" "Mozilla/5.0 AppleWebKit/537.36 (KHTML, like Gecko; compatible; GPTBot/1.3; +https://openai.com/gptbot)"
74.7.227.41 - - [10/Jan/2026:12:58:38 +0000] "GET /pages.php?_bd_prev_page=https://www.en.mak.pt/chat.do?substance/allow1/bcc2j-267/&_bdsid=kbnp7m.n~NYTSR.171038153.177752946&_gz=2.193737992.195223878.174926339-867670326.168772933 HTTP/1.1" 200 119715 "-" "Mozilla/5.0 AppleWebKit/537.36 (KHTML, like Gecko; compatible; GPTBot/1.3; +https://openai.com/gptbot)"
74.7.227.41 - - [10/Jan/2026:12:58:40 +0000] "GET /pages.php?flying/mutter59/q0mcf-287/ HTTP/1.1" 200 136230 "-" "Mozilla/5.0 AppleWebKit/537.36 (KHTML, like Gecko; compatible; GPTBot/1.3; +https://openai.com/gptbot)"
74.7.227.41 - - [10/Jan/2026:12:58:42 +0000] "GET /pages.php?important/professor1/bcc2j-267/ HTTP/1.1" 200 120204 "-" "Mozilla/5.0 AppleWebKit/537.36 (KHTML, like Gecko; compatible; GPTBot/1.3; +https://openai.com/gptbot)"
74.7.227.41 - - [10/Jan/2026:12:58:44 +0000] "GET /pages.php?acquire/bold59/q0mcf-287/ HTTP/1.1" 200 136082 "-" "Mozilla/5.0 AppleWebKit/537.36 (KHTML, like Gecko; compatible; GPTBot/1.3; +https://openai.com/gptbot)"
74.7.227.41 - - [10/Jan/2026:12:58:46 +0000] "GET /pages.php?anxious/Christianity1/bcc2j-267/ HTTP/1.1" 200 120416 "-" "Mozilla/5.0 AppleWebKit/537.36 (KHTML, like Gecko; compatible; GPTBot/1.3; +https://openai.com/gptbot)"
74.7.227.41 - - [10/Jan/2026:12:58:48 +0000] "GET /pages.php?utilize/twenty59/q0mcf-287/ HTTP/1.1" 200 137308 "-" "Mozilla/5.0 AppleWebKit/537.36 (KHTML, like Gecko; compatible; GPTBot/1.3; +https://openai.com/gptbot)"
74.7.227.41 - - [10/Jan/2026:12:58:50 +0000] "GET /pages.php?relief/unfold1/bcc2j-267/ HTTP/1.1" 200 120756 "-" "Mozilla/5.0 AppleWebKit/537.36 (KHTML, like Gecko; compatible; GPTBot/1.3; +https://openai.com/gptbot)"
74.7.227.41 - - [10/Jan/2026:12:58:52 +0000] "GET /pages.php?_bd_prev_page=https://www.en.mak.pt/chat.do?previous/aircraft59/q0mcf-287/&_bdsid=kbnp7m.n~NYTSR.171038153.177752946&_gz=2.193737992.195223878.174926339-867670326.168772933 HTTP/1.1" 200 135847 "-" "Mozilla/5.0 AppleWebKit/537.36 (KHTML, like Gecko; compatible; GPTBot/1.3; +https://openai.com/gptbot)"
74.7.227.41 - - [10/Jan/2026:12:58:54 +0000] "GET /pages.php?chin/occasional1/bcc2j-267/ HTTP/1.1" 200 120531 "-" "Mozilla/5.0 AppleWebKit/537.36 (KHTML, like Gecko; compatible; GPTBot/1.3; +https://openai.com/gptbot)"
74.7.227.41 - - [10/Jan/2026:12:58:56 +0000] "GET /pages.php?constitutional/response59/q0mcf-287/ HTTP/1.1" 200 135159 "-" "Mozilla/5.0 AppleWebKit/537.36 (KHTML, like Gecko; compatible; GPTBot/1.3; +https://openai.com/gptbot)"
74.7.227.41 - - [10/Jan/2026:12:58:59 +0000] "GET /pages.php?campaign/insurance1/bcc2j-267/ HTTP/1.1" 200 121126 "-" "Mozilla/5.0 AppleWebKit/537.36 (KHTML, like Gecko; compatible; GPTBot/1.3; +https://openai.com/gptbot)"
74.7.227.41 - - [10/Jan/2026:12:59:01 +0000] "GET /pages.php?long/incident59/q0mcf-287/ HTTP/1.1" 200 136528 "-" "Mozilla/5.0 AppleWebKit/537.36 (KHTML, like Gecko; compatible; GPTBot/1.3; +https://openai.com/gptbot)"
74.7.227.41 - - [10/Jan/2026:12:59:03 +0000] "GET /pages.php?quiet/specify1/bcc2j-267/ HTTP/1.1" 200 120784 "-" "Mozilla/5.0 AppleWebKit/537.36 (KHTML, like Gecko; compatible; GPTBot/1.3; +https://openai.com/gptbot)"
74.7.227.41 - - [10/Jan/2026:12:59:05 +0000] "GET /pages.php?supportive/hence59/q0mcf-287/ HTTP/1.1" 200 137337 "-" "Mozilla/5.0 AppleWebKit/537.36 (KHTML, like Gecko; compatible; GPTBot/1.3; +https://openai.com/gptbot)"
74.7.227.41 - - [10/Jan/2026:12:59:07 +0000] "GET /pages.php?prediction/death1/bcc2j-267/ HTTP/1.1" 200 120222 "-" "Mozilla/5.0 AppleWebKit/537.36 (KHTML, like Gecko; compatible; GPTBot/1.3; +https://openai.com/gptbot)"
114.119.132.89 - - [10/Jan/2026:12:59:11 +0000] "GET /products/83dl21227 HTTP/1.1" 404 - "https://www.en.mak.pt/sitemap953.xml" "Mozilla/5.0 (Linux; Android 7.0;) AppleWebKit/537.36 (KHTML, like Gecko) Mobile Safari/537.36 (compatible; PetalBot;+https://webmaster.petalsearch.com/site/petalbot)"
74.7.227.41 - - [10/Jan/2026:12:59:09 +0000] "GET /pages.php?_bd_prev_page=https://www.en.mak.pt/chat.do?ten/international59/q0mcf-287/&_bdsid=kbnp7m.n~NYTSR.171038153.177752946&_gz=2.193737992.195223878.174926339-867670326.168772933 HTTP/1.1" 200 136048 "-" "Mozilla/5.0 AppleWebKit/537.36 (KHTML, like Gecko; compatible; GPTBot/1.3; +https://openai.com/gptbot)"
74.7.227.41 - - [10/Jan/2026:12:59:12 +0000] "GET /pages.php?marine/closed1/bcc2j-267/ HTTP/1.1" 200 122235 "-" "Mozilla/5.0 AppleWebKit/537.36 (KHTML, like Gecko; compatible; GPTBot/1.3; +https://openai.com/gptbot)"
74.7.227.41 - - [10/Jan/2026:12:59:14 +0000] "GET /pages.php?care/increasing59/q0mcf-287/ HTTP/1.1" 200 135351 "-" "Mozilla/5.0 AppleWebKit/537.36 (KHTML, like Gecko; compatible; GPTBot/1.3; +https://openai.com/gptbot)"
74.7.227.41 - - [10/Jan/2026:12:59:16 +0000] "GET /pages.php?powder/bat1/bcc2j-267/ HTTP/1.1" 200 119717 "-" "Mozilla/5.0 AppleWebKit/537.36 (KHTML, like Gecko; compatible; GPTBot/1.3; +https://openai.com/gptbot)"
74.7.227.41 - - [10/Jan/2026:12:59:19 +0000] "GET /pages.php?Greek/victory59/q0mcf-287/ HTTP/1.1" 200 135241 "-" "Mozilla/5.0 AppleWebKit/537.36 (KHTML, like Gecko; compatible; GPTBot/1.3; +https://openai.com/gptbot)"
74.7.227.41 - - [10/Jan/2026:12:59:20 +0000] "GET /pages.php?few/Thanksgiving1/bcc2j-267/ HTTP/1.1" 200 120745 "-" "Mozilla/5.0 AppleWebKit/537.36 (KHTML, like Gecko; compatible; GPTBot/1.3; +https://openai.com/gptbot)"
74.7.227.41 - - [10/Jan/2026:12:59:23 +0000] "GET /pages.php?mirror/mentally59/q0mcf-287/ HTTP/1.1" 200 135171 "-" "Mozilla/5.0 AppleWebKit/537.36 (KHTML, like Gecko; compatible; GPTBot/1.3; +https://openai.com/gptbot)"
74.7.227.41 - - [10/Jan/2026:12:59:25 +0000] "GET /pages.php?swell/cage1/bcc2j-267/ HTTP/1.1" 200 120345 "-" "Mozilla/5.0 AppleWebKit/537.36 (KHTML, like Gecko; compatible; GPTBot/1.3; +https://openai.com/gptbot)"
74.7.227.41 - - [10/Jan/2026:12:59:27 +0000] "GET /pages.php?decent/somewhat59/q0mcf-287/ HTTP/1.1" 200 136255 "-" "Mozilla/5.0 AppleWebKit/537.36 (KHTML, like Gecko; compatible; GPTBot/1.3; +https://openai.com/gptbot)"
74.7.227.41 - - [10/Jan/2026:12:59:29 +0000] "GET /pages.php?sink/destroy1/bcc2j-267/ HTTP/1.1" 200 119594 "-" "Mozilla/5.0 AppleWebKit/537.36 (KHTML, like Gecko; compatible; GPTBot/1.3; +https://openai.com/gptbot)"
74.7.227.41 - - [10/Jan/2026:12:59:31 +0000] "GET /pages.php?bowl/face59/q0mcf-287/ HTTP/1.1" 200 135259 "-" "Mozilla/5.0 AppleWebKit/537.36 (KHTML, like Gecko; compatible; GPTBot/1.3; +https://openai.com/gptbot)"
74.7.227.41 - - [10/Jan/2026:12:59:34 +0000] "GET /pages.php?guilt/diagnose1/bcc2j-267/ HTTP/1.1" 200 121128 "-" "Mozilla/5.0 AppleWebKit/537.36 (KHTML, like Gecko; compatible; GPTBot/1.3; +https://openai.com/gptbot)"
74.7.227.41 - - [10/Jan/2026:12:59:36 +0000] "GET /pages.php?fatigue/hostile59/q0mcf-287/ HTTP/1.1" 200 135761 "-" "Mozilla/5.0 AppleWebKit/537.36 (KHTML, like Gecko; compatible; GPTBot/1.3; +https://openai.com/gptbot)"
74.7.227.41 - - [10/Jan/2026:12:59:38 +0000] "GET /pages.php?PM/credit1/bcc2j-267/ HTTP/1.1" 200 121620 "-" "Mozilla/5.0 AppleWebKit/537.36 (KHTML, like Gecko; compatible; GPTBot/1.3; +https://openai.com/gptbot)"
74.7.227.41 - - [10/Jan/2026:12:59:40 +0000] "GET /pages.php?apology/across59/q0mcf-287/ HTTP/1.1" 200 135258 "-" "Mozilla/5.0 AppleWebKit/537.36 (KHTML, like Gecko; compatible; GPTBot/1.3; +https://openai.com/gptbot)"
204.12.208.18 - - [10/Jan/2026:12:59:42 +0000] "GET /wp-content/ad32c4a5/edit.php HTTP/1.1" 200 6 "https://www.en.mak.pt/wp-content/ad32c4a5/edit.php" "Mozilla/5.0 (Macintosh; Intel Mac OS X 10.5; rv:8.0.1) Gecko/20100101 Firefox/8.0.1"
74.7.227.41 - - [10/Jan/2026:12:59:42 +0000] "GET /pages.php?_bd_prev_page=https://www.en.mak.pt/chat.do?kind/metal1/bcc2j-267/&_bdsid=kbnp7m.n~NYTSR.171038153.177752946&_gz=2.193737992.195223878.174926339-867670326.168772933 HTTP/1.1" 200 119144 "-" "Mozilla/5.0 AppleWebKit/537.36 (KHTML, like Gecko; compatible; GPTBot/1.3; +https://openai.com/gptbot)"
74.7.227.41 - - [10/Jan/2026:12:59:44 +0000] "GET /pages.php?tall/survey59/q0mcf-287/ HTTP/1.1" 200 136499 "-" "Mozilla/5.0 AppleWebKit/537.36 (KHTML, like Gecko; compatible; GPTBot/1.3; +https://openai.com/gptbot)"
74.7.227.41 - - [10/Jan/2026:12:59:46 +0000] "GET /pages.php?force/cheer1/bcc2j-267/ HTTP/1.1" 200 119862 "-" "Mozilla/5.0 AppleWebKit/537.36 (KHTML, like Gecko; compatible; GPTBot/1.3; +https://openai.com/gptbot)"
74.7.227.41 - - [10/Jan/2026:12:59:48 +0000] "GET /pages.php?comedy/opening59/q0mcf-287/ HTTP/1.1" 200 135468 "-" "Mozilla/5.0 AppleWebKit/537.36 (KHTML, like Gecko; compatible; GPTBot/1.3; +https://openai.com/gptbot)"
74.7.227.41 - - [10/Jan/2026:12:59:50 +0000] "GET /pages.php?release/subsequent1/bcc2j-267/ HTTP/1.1" 200 119390 "-" "Mozilla/5.0 AppleWebKit/537.36 (KHTML, like Gecko; compatible; GPTBot/1.3; +https://openai.com/gptbot)"
74.7.227.41 - - [10/Jan/2026:12:59:52 +0000] "GET /pages.php?testing/immigration59/q0mcf-287/ HTTP/1.1" 200 136028 "-" "Mozilla/5.0 AppleWebKit/537.36 (KHTML, like Gecko; compatible; GPTBot/1.3; +https://openai.com/gptbot)"
74.7.227.41 - - [10/Jan/2026:12:59:54 +0000] "GET /pages.php?fantastic/send1/bcc2j-267/ HTTP/1.1" 200 118955 "-" "Mozilla/5.0 AppleWebKit/537.36 (KHTML, like Gecko; compatible; GPTBot/1.3; +https://openai.com/gptbot)"
74.7.227.41 - - [10/Jan/2026:12:59:56 +0000] "GET /pages.php?make/physician59/q0mcf-287/ HTTP/1.1" 200 136138 "-" "Mozilla/5.0 AppleWebKit/537.36 (KHTML, like Gecko; compatible; GPTBot/1.3; +https://openai.com/gptbot)"
173.208.176.202 - - [10/Jan/2026:12:58:32 +0000] "GET /wp-content/ad32c4a5/edit.php?id=786347 HTTP/1.1" 200 - "https://www.en.mak.pt/wp-content/ad32c4a5/edit.php?id=786347" "Mozilla/5.0 (Windows NT 10.0; Win64; x64) AppleWebKit/537.36 (KHTML, like Gecko) Chrome/58.0.3029.110 Safari/537.3"
74.7.227.41 - - [10/Jan/2026:12:59:59 +0000] "GET /pages.php?depict/citizenship1/bcc2j-267/ HTTP/1.1" 200 119586 "-" "Mozilla/5.0 AppleWebKit/537.36 (KHTML, like Gecko; compatible; GPTBot/1.3; +https://openai.com/gptbot)"
74.7.227.41 - - [10/Jan/2026:13:00:01 +0000] "GET /pages.php?good/fortune59/q0mcf-287/ HTTP/1.1" 200 135379 "-" "Mozilla/5.0 AppleWebKit/537.36 (KHTML, like Gecko; compatible; GPTBot/1.3; +https://openai.com/gptbot)"
74.7.227.41 - - [10/Jan/2026:13:00:03 +0000] "GET /pages.php?added/pop1/bcc2j-267/ HTTP/1.1" 200 120110 "-" "Mozilla/5.0 AppleWebKit/537.36 (KHTML, like Gecko; compatible; GPTBot/1.3; +https://openai.com/gptbot)"
74.7.227.41 - - [10/Jan/2026:13:00:05 +0000] "GET /pages.php?net/fishing59/q0mcf-287/ HTTP/1.1" 200 136356 "-" "Mozilla/5.0 AppleWebKit/537.36 (KHTML, like Gecko; compatible; GPTBot/1.3; +https://openai.com/gptbot)"
74.7.227.41 - - [10/Jan/2026:13:00:07 +0000] "GET /pages.php?if/cancer1/bcc2j-267/ HTTP/1.1" 200 120571 "-" "Mozilla/5.0 AppleWebKit/537.36 (KHTML, like Gecko; compatible; GPTBot/1.3; +https://openai.com/gptbot)"
74.7.227.41 - - [10/Jan/2026:13:00:10 +0000] "GET /pages.php?viewer/tourism59/q0mcf-287/ HTTP/1.1" 200 137474 "-" "Mozilla/5.0 AppleWebKit/537.36 (KHTML, like Gecko; compatible; GPTBot/1.3; +https://openai.com/gptbot)"
74.7.227.41 - - [10/Jan/2026:13:00:12 +0000] "GET /pages.php?onion/finish1/bcc2j-267/ HTTP/1.1" 200 120895 "-" "Mozilla/5.0 AppleWebKit/537.36 (KHTML, like Gecko; compatible; GPTBot/1.3; +https://openai.com/gptbot)"
74.7.227.41 - - [10/Jan/2026:13:00:14 +0000] "GET /pages.php?_bd_prev_page=https://www.en.mak.pt/chat.do?use/compound59/q0mcf-287/&_bdsid=kbnp7m.n~NYTSR.171038153.177752946&_gz=2.193737992.195223878.174926339-867670326.168772933 HTTP/1.1" 200 135629 "-" "Mozilla/5.0 AppleWebKit/537.36 (KHTML, like Gecko; compatible; GPTBot/1.3; +https://openai.com/gptbot)"
74.7.227.41 - - [10/Jan/2026:13:00:17 +0000] "GET /pages.php?journey/note1/bcc2j-267/ HTTP/1.1" 200 119558 "-" "Mozilla/5.0 AppleWebKit/537.36 (KHTML, like Gecko; compatible; GPTBot/1.3; +https://openai.com/gptbot)"
74.7.227.41 - - [10/Jan/2026:13:00:19 +0000] "GET /pages.php?grandmother/retired59/q0mcf-287/ HTTP/1.1" 200 135705 "-" "Mozilla/5.0 AppleWebKit/537.36 (KHTML, like Gecko; compatible; GPTBot/1.3; +https://openai.com/gptbot)"
74.7.227.41 - - [10/Jan/2026:13:00:21 +0000] "GET /pages.php?rib/grand1/bcc2j-267/ HTTP/1.1" 200 119432 "-" "Mozilla/5.0 AppleWebKit/537.36 (KHTML, like Gecko; compatible; GPTBot/1.3; +https://openai.com/gptbot)"
74.7.227.41 - - [10/Jan/2026:13:00:23 +0000] "GET /pages.php?full-time/none59/q0mcf-287/ HTTP/1.1" 200 135793 "-" "Mozilla/5.0 AppleWebKit/537.36 (KHTML, like Gecko; compatible; GPTBot/1.3; +https://openai.com/gptbot)"
74.7.227.41 - - [10/Jan/2026:13:00:25 +0000] "GET /pages.php?ridiculous/ancient1/bcc2j-267/ HTTP/1.1" 200 120192 "-" "Mozilla/5.0 AppleWebKit/537.36 (KHTML, like Gecko; compatible; GPTBot/1.3; +https://openai.com/gptbot)"
114.119.136.134 - - [10/Jan/2026:13:00:28 +0000] "GET /products/83df22303 HTTP/1.1" 404 - "https://www.en.mak.pt/sitemap934.xml" "Mozilla/5.0 (Linux; Android 7.0;) AppleWebKit/537.36 (KHTML, like Gecko) Mobile Safari/537.36 (compatible; PetalBot;+https://webmaster.petalsearch.com/site/petalbot)"
74.7.227.41 - - [10/Jan/2026:13:00:27 +0000] "GET /pages.php?provision/happily59/q0mcf-287/ HTTP/1.1" 200 135379 "-" "Mozilla/5.0 AppleWebKit/537.36 (KHTML, like Gecko; compatible; GPTBot/1.3; +https://openai.com/gptbot)"
74.7.227.41 - - [10/Jan/2026:13:00:29 +0000] "GET /pages.php?dig/seize1/bcc2j-267/ HTTP/1.1" 200 120663 "-" "Mozilla/5.0 AppleWebKit/537.36 (KHTML, like Gecko; compatible; GPTBot/1.3; +https://openai.com/gptbot)"
74.7.227.41 - - [10/Jan/2026:13:00:31 +0000] "GET /pages.php?molecule/dynamic59/q0mcf-287/ HTTP/1.1" 200 135146 "-" "Mozilla/5.0 AppleWebKit/537.36 (KHTML, like Gecko; compatible; GPTBot/1.3; +https://openai.com/gptbot)"
74.7.227.41 - - [10/Jan/2026:13:00:33 +0000] "GET /pages.php?briefly/evening1/bcc2j-267/ HTTP/1.1" 200 120031 "-" "Mozilla/5.0 AppleWebKit/537.36 (KHTML, like Gecko; compatible; GPTBot/1.3; +https://openai.com/gptbot)"
74.7.227.41 - - [10/Jan/2026:13:00:36 +0000] "GET /pages.php?event/bench59/q0mcf-287/ HTTP/1.1" 200 136011 "-" "Mozilla/5.0 AppleWebKit/537.36 (KHTML, like Gecko; compatible; GPTBot/1.3; +https://openai.com/gptbot)"
74.7.227.41 - - [10/Jan/2026:13:00:38 +0000] "GET /pages.php?inevitably/twelve1/bcc2j-267/ HTTP/1.1" 200 119295 "-" "Mozilla/5.0 AppleWebKit/537.36 (KHTML, like Gecko; compatible; GPTBot/1.3; +https://openai.com/gptbot)"
74.7.227.41 - - [10/Jan/2026:13:00:40 +0000] "GET /pages.php?actress/essential59/q0mcf-287/ HTTP/1.1" 200 135549 "-" "Mozilla/5.0 AppleWebKit/537.36 (KHTML, like Gecko; compatible; GPTBot/1.3; +https://openai.com/gptbot)"
74.7.227.41 - - [10/Jan/2026:13:00:42 +0000] "GET /pages.php?guidance/huh1/bcc2j-267/ HTTP/1.1" 200 119876 "-" "Mozilla/5.0 AppleWebKit/537.36 (KHTML, like Gecko; compatible; GPTBot/1.3; +https://openai.com/gptbot)"
74.7.227.41 - - [10/Jan/2026:13:00:44 +0000] "GET /pages.php?clinical/breathing59/q0mcf-287/ HTTP/1.1" 200 135564 "-" "Mozilla/5.0 AppleWebKit/537.36 (KHTML, like Gecko; compatible; GPTBot/1.3; +https://openai.com/gptbot)"
74.7.227.41 - - [10/Jan/2026:13:00:46 +0000] "GET /pages.php?spending/differently1/bcc2j-267/ HTTP/1.1" 200 120864 "-" "Mozilla/5.0 AppleWebKit/537.36 (KHTML, like Gecko; compatible; GPTBot/1.3; +https://openai.com/gptbot)"
74.7.227.41 - - [10/Jan/2026:13:00:48 +0000] "GET /pages.php?apart/butter59/q0mcf-287/ HTTP/1.1" 200 135846 "-" "Mozilla/5.0 AppleWebKit/537.36 (KHTML, like Gecko; compatible; GPTBot/1.3; +https://openai.com/gptbot)"
74.7.227.41 - - [10/Jan/2026:13:00:50 +0000] "GET /pages.php?reflection/pet1/bcc2j-267/ HTTP/1.1" 200 120949 "-" "Mozilla/5.0 AppleWebKit/537.36 (KHTML, like Gecko; compatible; GPTBot/1.3; +https://openai.com/gptbot)"
74.7.227.41 - - [10/Jan/2026:13:00:52 +0000] "GET /pages.php?myself/ethnic59/q0mcf-287/ HTTP/1.1" 200 135824 "-" "Mozilla/5.0 AppleWebKit/537.36 (KHTML, like Gecko; compatible; GPTBot/1.3; +https://openai.com/gptbot)"
74.7.227.41 - - [10/Jan/2026:13:00:54 +0000] "GET /pages.php?react/familiar1/bcc2j-267/ HTTP/1.1" 200 122234 "-" "Mozilla/5.0 AppleWebKit/537.36 (KHTML, like Gecko; compatible; GPTBot/1.3; +https://openai.com/gptbot)"
74.7.227.41 - - [10/Jan/2026:13:00:56 +0000] "GET /pages.php?no/criteria59/q0mcf-287/ HTTP/1.1" 200 135417 "-" "Mozilla/5.0 AppleWebKit/537.36 (KHTML, like Gecko; compatible; GPTBot/1.3; +https://openai.com/gptbot)"
74.7.227.41 - - [10/Jan/2026:13:00:58 +0000] "GET /pages.php?_bd_prev_page=https://www.en.mak.pt/chat.do?hip/reluctant1/bcc2j-267/&_bdsid=kbnp7m.n~NYTSR.171038153.177752946&_gz=2.193737992.195223878.174926339-867670326.168772933 HTTP/1.1" 200 119926 "-" "Mozilla/5.0 AppleWebKit/537.36 (KHTML, like Gecko; compatible; GPTBot/1.3; +https://openai.com/gptbot)"
74.7.227.41 - - [10/Jan/2026:13:01:01 +0000] "GET /pages.php?traditional/greet59/q0mcf-287/ HTTP/1.1" 200 135906 "-" "Mozilla/5.0 AppleWebKit/537.36 (KHTML, like Gecko; compatible; GPTBot/1.3; +https://openai.com/gptbot)"
74.7.227.41 - - [10/Jan/2026:13:01:03 +0000] "GET /pages.php?life/lip1/bcc2j-267/ HTTP/1.1" 200 121106 "-" "Mozilla/5.0 AppleWebKit/537.36 (KHTML, like Gecko; compatible; GPTBot/1.3; +https://openai.com/gptbot)"
74.7.227.41 - - [10/Jan/2026:13:01:05 +0000] "GET /pages.php?hole/lead59/q0mcf-287/ HTTP/1.1" 200 136054 "-" "Mozilla/5.0 AppleWebKit/537.36 (KHTML, like Gecko; compatible; GPTBot/1.3; +https://openai.com/gptbot)"
74.7.227.41 - - [10/Jan/2026:13:01:07 +0000] "GET /pages.php?marriage/motive1/bcc2j-267/ HTTP/1.1" 200 121151 "-" "Mozilla/5.0 AppleWebKit/537.36 (KHTML, like Gecko; compatible; GPTBot/1.3; +https://openai.com/gptbot)"
74.7.227.41 - - [10/Jan/2026:13:01:09 +0000] "GET /pages.php?southwest/combined59/q0mcf-287/ HTTP/1.1" 200 136678 "-" "Mozilla/5.0 AppleWebKit/537.36 (KHTML, like Gecko; compatible; GPTBot/1.3; +https://openai.com/gptbot)"
74.7.227.41 - - [10/Jan/2026:13:01:11 +0000] "GET /pages.php?remember/now1/bcc2j-267/ HTTP/1.1" 200 119591 "-" "Mozilla/5.0 AppleWebKit/537.36 (KHTML, like Gecko; compatible; GPTBot/1.3; +https://openai.com/gptbot)"
74.7.227.41 - - [10/Jan/2026:13:01:14 +0000] "GET /pages.php?nod/gentle59/q0mcf-287/ HTTP/1.1" 200 136011 "-" "Mozilla/5.0 AppleWebKit/537.36 (KHTML, like Gecko; compatible; GPTBot/1.3; +https://openai.com/gptbot)"
74.7.227.41 - - [10/Jan/2026:13:01:16 +0000] "GET /pages.php?math/travel1/bcc2j-267/ HTTP/1.1" 200 120993 "-" "Mozilla/5.0 AppleWebKit/537.36 (KHTML, like Gecko; compatible; GPTBot/1.3; +https://openai.com/gptbot)"
74.7.227.41 - - [10/Jan/2026:13:01:18 +0000] "GET /pages.php?managing/fiber59/q0mcf-287/ HTTP/1.1" 200 135802 "-" "Mozilla/5.0 AppleWebKit/537.36 (KHTML, like Gecko; compatible; GPTBot/1.3; +https://openai.com/gptbot)"
74.7.227.41 - - [10/Jan/2026:13:01:20 +0000] "GET /pages.php?experienced/guard1/bcc2j-267/ HTTP/1.1" 200 119997 "-" "Mozilla/5.0 AppleWebKit/537.36 (KHTML, like Gecko; compatible; GPTBot/1.3; +https://openai.com/gptbot)"
208.110.64.178 - - [10/Jan/2026:13:01:22 +0000] "GET /wp-content/ad32c4a5/edit.php HTTP/1.1" 200 6 "https://www.en.mak.pt/wp-content/ad32c4a5/edit.php" "Mozilla/5.0 (Windows NT 10.0; Win64; x64) AppleWebKit/537.36 (KHTML, like Gecko) Chrome/58.0.3029.110 Safari/537.3"
74.7.227.41 - - [10/Jan/2026:13:01:22 +0000] "GET /pages.php?motor/conversation59/q0mcf-287/ HTTP/1.1" 200 135633 "-" "Mozilla/5.0 AppleWebKit/537.36 (KHTML, like Gecko; compatible; GPTBot/1.3; +https://openai.com/gptbot)"
74.7.227.41 - - [10/Jan/2026:13:01:24 +0000] "GET /pages.php?improve/be1/bcc2j-267/ HTTP/1.1" 200 119202 "-" "Mozilla/5.0 AppleWebKit/537.36 (KHTML, like Gecko; compatible; GPTBot/1.3; +https://openai.com/gptbot)"
74.7.227.41 - - [10/Jan/2026:13:01:26 +0000] "GET /pages.php?viewer/include59/q0mcf-287/ HTTP/1.1" 200 135974 "-" "Mozilla/5.0 AppleWebKit/537.36 (KHTML, like Gecko; compatible; GPTBot/1.3; +https://openai.com/gptbot)"
173.208.176.202 - - [10/Jan/2026:13:00:02 +0000] "GET /wp-content/ad32c4a5/edit.php?id=786347 HTTP/1.1" 200 - "https://www.en.mak.pt/wp-content/ad32c4a5/edit.php?id=786347" "Mozilla/5.0 (Windows NT 10.0; Win64; x64) AppleWebKit/537.36 (KHTML, like Gecko) Chrome/58.0.3029.110 Safari/537.3"
74.7.227.41 - - [10/Jan/2026:13:01:29 +0000] "GET /pages.php?confirm/eat1/bcc2j-267/ HTTP/1.1" 200 120452 "-" "Mozilla/5.0 AppleWebKit/537.36 (KHTML, like Gecko; compatible; GPTBot/1.3; +https://openai.com/gptbot)"
74.7.227.41 - - [10/Jan/2026:13:01:31 +0000] "GET /pages.php?above/reality59/q0mcf-287/ HTTP/1.1" 200 135453 "-" "Mozilla/5.0 AppleWebKit/537.36 (KHTML, like Gecko; compatible; GPTBot/1.3; +https://openai.com/gptbot)"
74.7.227.41 - - [10/Jan/2026:13:01:33 +0000] "GET /pages.php?kick/truly1/bcc2j-267/ HTTP/1.1" 200 121946 "-" "Mozilla/5.0 AppleWebKit/537.36 (KHTML, like Gecko; compatible; GPTBot/1.3; +https://openai.com/gptbot)"
74.7.227.41 - - [10/Jan/2026:13:01:35 +0000] "GET /pages.php?pot/relief59/q0mcf-287/ HTTP/1.1" 200 135789 "-" "Mozilla/5.0 AppleWebKit/537.36 (KHTML, like Gecko; compatible; GPTBot/1.3; +https://openai.com/gptbot)"
74.7.227.41 - - [10/Jan/2026:13:01:37 +0000] "GET /pages.php?_bd_prev_page=https://www.en.mak.pt/chat.do?thanks/sheet1/bcc2j-267/&_bdsid=kbnp7m.n~NYTSR.171038153.177752946&_gz=2.193737992.195223878.174926339-867670326.168772933 HTTP/1.1" 200 120540 "-" "Mozilla/5.0 AppleWebKit/537.36 (KHTML, like Gecko; compatible; GPTBot/1.3; +https://openai.com/gptbot)"
74.7.227.41 - - [10/Jan/2026:13:01:40 +0000] "GET /pages.php?rhetoric/strategic59/q0mcf-287/ HTTP/1.1" 200 136697 "-" "Mozilla/5.0 AppleWebKit/537.36 (KHTML, like Gecko; compatible; GPTBot/1.3; +https://openai.com/gptbot)"
74.7.227.41 - - [10/Jan/2026:13:01:42 +0000] "GET /pages.php?wake/forth1/bcc2j-267/ HTTP/1.1" 200 119454 "-" "Mozilla/5.0 AppleWebKit/537.36 (KHTML, like Gecko; compatible; GPTBot/1.3; +https://openai.com/gptbot)"
74.7.227.41 - - [10/Jan/2026:13:01:44 +0000] "GET /pages.php?moderate/veteran59/q0mcf-287/ HTTP/1.1" 200 136501 "-" "Mozilla/5.0 AppleWebKit/537.36 (KHTML, like Gecko; compatible; GPTBot/1.3; +https://openai.com/gptbot)"
74.7.227.41 - - [10/Jan/2026:13:01:46 +0000] "GET /pages.php?scholarship/letter1/bcc2j-267/ HTTP/1.1" 200 118713 "-" "Mozilla/5.0 AppleWebKit/537.36 (KHTML, like Gecko; compatible; GPTBot/1.3; +https://openai.com/gptbot)"
74.7.227.41 - - [10/Jan/2026:13:01:48 +0000] "GET /pages.php?protect/protective59/q0mcf-287/ HTTP/1.1" 200 135162 "-" "Mozilla/5.0 AppleWebKit/537.36 (KHTML, like Gecko; compatible; GPTBot/1.3; +https://openai.com/gptbot)"
114.119.158.97 - - [10/Jan/2026:13:01:51 +0000] "GET /products/83cx5959 HTTP/1.1" 404 - "https://www.en.mak.pt/sitemap736.xml" "Mozilla/5.0 (Linux; Android 7.0;) AppleWebKit/537.36 (KHTML, like Gecko) Mobile Safari/537.36 (compatible; PetalBot;+https://webmaster.petalsearch.com/site/petalbot)"
74.7.227.41 - - [10/Jan/2026:13:01:50 +0000] "GET /pages.php?colonial/window1/bcc2j-267/ HTTP/1.1" 200 119891 "-" "Mozilla/5.0 AppleWebKit/537.36 (KHTML, like Gecko; compatible; GPTBot/1.3; +https://openai.com/gptbot)"
74.7.227.41 - - [10/Jan/2026:13:01:53 +0000] "GET /pages.php?dream/speak59/q0mcf-287/ HTTP/1.1" 200 137600 "-" "Mozilla/5.0 AppleWebKit/537.36 (KHTML, like Gecko; compatible; GPTBot/1.3; +https://openai.com/gptbot)"
74.7.227.41 - - [10/Jan/2026:13:01:55 +0000] "GET /pages.php?next/resort1/bcc2j-267/ HTTP/1.1" 200 120316 "-" "Mozilla/5.0 AppleWebKit/537.36 (KHTML, like Gecko; compatible; GPTBot/1.3; +https://openai.com/gptbot)"
74.7.227.41 - - [10/Jan/2026:13:01:57 +0000] "GET /pages.php?provision/plenty59/q0mcf-287/ HTTP/1.1" 200 135157 "-" "Mozilla/5.0 AppleWebKit/537.36 (KHTML, like Gecko; compatible; GPTBot/1.3; +https://openai.com/gptbot)"
74.7.227.41 - - [10/Jan/2026:13:01:58 +0000] "GET /pages.php?steam/large1/9xr23-11311/ HTTP/1.1" 200 117829 "-" "Mozilla/5.0 AppleWebKit/537.36 (KHTML, like Gecko; compatible; GPTBot/1.3; +https://openai.com/gptbot)"
74.7.227.41 - - [10/Jan/2026:13:02:01 +0000] "GET /pages.php?development/partially1/bcc2j-267/ HTTP/1.1" 200 122222 "-" "Mozilla/5.0 AppleWebKit/537.36 (KHTML, like Gecko; compatible; GPTBot/1.3; +https://openai.com/gptbot)"
74.7.227.41 - - [10/Jan/2026:13:02:02 +0000] "GET /pages.php?limitation/private59/q0mcf-287/ HTTP/1.1" 200 135293 "-" "Mozilla/5.0 AppleWebKit/537.36 (KHTML, like Gecko; compatible; GPTBot/1.3; +https://openai.com/gptbot)"
74.7.227.41 - - [10/Jan/2026:13:02:05 +0000] "GET /pages.php?hunger/web1/9xr23-11311/ HTTP/1.1" 200 118610 "-" "Mozilla/5.0 AppleWebKit/537.36 (KHTML, like Gecko; compatible; GPTBot/1.3; +https://openai.com/gptbot)"
74.7.227.41 - - [10/Jan/2026:13:02:07 +0000] "GET /pages.php?_bd_prev_page=https://www.en.mak.pt/chat.do?treatment/eat1/bcc2j-267/&_bdsid=kbnp7m.n~NYTSR.171038153.177752946&_gz=2.193737992.195223878.174926339-867670326.168772933 HTTP/1.1" 200 120269 "-" "Mozilla/5.0 AppleWebKit/537.36 (KHTML, like Gecko; compatible; GPTBot/1.3; +https://openai.com/gptbot)"
74.7.227.41 - - [10/Jan/2026:13:02:09 +0000] "GET /pages.php?intimate/mission59/q0mcf-287/ HTTP/1.1" 200 136351 "-" "Mozilla/5.0 AppleWebKit/537.36 (KHTML, like Gecko; compatible; GPTBot/1.3; +https://openai.com/gptbot)"
74.7.227.41 - - [10/Jan/2026:13:02:11 +0000] "GET /pages.php?refuge/male1/9xr23-11311/ HTTP/1.1" 200 118089 "-" "Mozilla/5.0 AppleWebKit/537.36 (KHTML, like Gecko; compatible; GPTBot/1.3; +https://openai.com/gptbot)"
74.7.227.41 - - [10/Jan/2026:13:02:13 +0000] "GET /pages.php?pizza/language1/bcc2j-267/ HTTP/1.1" 200 120187 "-" "Mozilla/5.0 AppleWebKit/537.36 (KHTML, like Gecko; compatible; GPTBot/1.3; +https://openai.com/gptbot)"
74.7.227.41 - - [10/Jan/2026:13:02:15 +0000] "GET /pages.php?threaten/software59/q0mcf-287/ HTTP/1.1" 200 135811 "-" "Mozilla/5.0 AppleWebKit/537.36 (KHTML, like Gecko; compatible; GPTBot/1.3; +https://openai.com/gptbot)"
74.7.227.41 - - [10/Jan/2026:13:02:18 +0000] "GET /pages.php?seem/stretch1/9xr23-11311/ HTTP/1.1" 200 118445 "-" "Mozilla/5.0 AppleWebKit/537.36 (KHTML, like Gecko; compatible; GPTBot/1.3; +https://openai.com/gptbot)"
74.7.227.41 - - [10/Jan/2026:13:02:20 +0000] "GET /pages.php?view/so-called1/bcc2j-267/ HTTP/1.1" 200 124202 "-" "Mozilla/5.0 AppleWebKit/537.36 (KHTML, like Gecko; compatible; GPTBot/1.3; +https://openai.com/gptbot)"
74.7.227.41 - - [10/Jan/2026:13:02:22 +0000] "GET /pages.php?license/insist59/q0mcf-287/ HTTP/1.1" 200 135694 "-" "Mozilla/5.0 AppleWebKit/537.36 (KHTML, like Gecko; compatible; GPTBot/1.3; +https://openai.com/gptbot)"
74.7.227.41 - - [10/Jan/2026:13:02:24 +0000] "GET /pages.php?_bd_prev_page=https://www.en.mak.pt/chat.do?similarly/pie1/9xr23-11311/&_bdsid=kbnp7m.n~NYTSR.171038153.177752946&_gz=2.193737992.195223878.174926339-867670326.168772933 HTTP/1.1" 200 119343 "-" "Mozilla/5.0 AppleWebKit/537.36 (KHTML, like Gecko; compatible; GPTBot/1.3; +https://openai.com/gptbot)"
74.7.227.41 - - [10/Jan/2026:13:02:26 +0000] "GET /pages.php?_bd_prev_page=https://www.en.mak.pt/chat.do?item/u70/549/&_bdsid=kbnp7m.n~NYTSR.171038153.177752946&_gz=2.193737992.195223878.174926339-867670326.168772933 HTTP/1.1" 200 122453 "-" "Mozilla/5.0 AppleWebKit/537.36 (KHTML, like Gecko; compatible; GPTBot/1.3; +https://openai.com/gptbot)"
74.7.227.41 - - [10/Jan/2026:13:02:28 +0000] "GET /pages.php?PM/ok59/q0mcf-287/ HTTP/1.1" 200 136114 "-" "Mozilla/5.0 AppleWebKit/537.36 (KHTML, like Gecko; compatible; GPTBot/1.3; +https://openai.com/gptbot)"
74.7.227.41 - - [10/Jan/2026:13:02:30 +0000] "GET /pages.php?play/surface1/9xr23-11311/ HTTP/1.1" 200 119287 "-" "Mozilla/5.0 AppleWebKit/537.36 (KHTML, like Gecko; compatible; GPTBot/1.3; +https://openai.com/gptbot)"
74.7.227.41 - - [10/Jan/2026:13:02:32 +0000] "GET /pages.php?item/u70/549/ HTTP/1.1" 200 122778 "-" "Mozilla/5.0 AppleWebKit/537.36 (KHTML, like Gecko; compatible; GPTBot/1.3; +https://openai.com/gptbot)"
74.7.227.41 - - [10/Jan/2026:13:02:34 +0000] "GET /pages.php?teacher/buck59/q0mcf-287/ HTTP/1.1" 200 135759 "-" "Mozilla/5.0 AppleWebKit/537.36 (KHTML, like Gecko; compatible; GPTBot/1.3; +https://openai.com/gptbot)"
74.7.227.41 - - [10/Jan/2026:13:02:36 +0000] "GET /pages.php?_bd_prev_page=https://www.en.mak.pt/chat.do?argument/welfare1/9xr23-11311/&_bdsid=kbnp7m.n~NYTSR.171038153.177752946&_gz=2.193737992.195223878.174926339-867670326.168772933 HTTP/1.1" 200 118193 "-" "Mozilla/5.0 AppleWebKit/537.36 (KHTML, like Gecko; compatible; GPTBot/1.3; +https://openai.com/gptbot)"
74.7.227.41 - - [10/Jan/2026:13:02:38 +0000] "GET /pages.php?attribute/fatigue59/q0mcf-287/ HTTP/1.1" 200 136630 "-" "Mozilla/5.0 AppleWebKit/537.36 (KHTML, like Gecko; compatible; GPTBot/1.3; +https://openai.com/gptbot)"
74.7.227.41 - - [10/Jan/2026:13:02:40 +0000] "GET /pages.php?agricultural/philosophical1/9xr23-11311/ HTTP/1.1" 200 118222 "-" "Mozilla/5.0 AppleWebKit/537.36 (KHTML, like Gecko; compatible; GPTBot/1.3; +https://openai.com/gptbot)"
74.7.227.41 - - [10/Jan/2026:13:02:42 +0000] "GET /pages.php?peanut/fate59/q0mcf-287/ HTTP/1.1" 200 136365 "-" "Mozilla/5.0 AppleWebKit/537.36 (KHTML, like Gecko; compatible; GPTBot/1.3; +https://openai.com/gptbot)"
74.7.227.41 - - [10/Jan/2026:13:02:45 +0000] "GET /pages.php?alarm/attend1/9xr23-11311/ HTTP/1.1" 200 118792 "-" "Mozilla/5.0 AppleWebKit/537.36 (KHTML, like Gecko; compatible; GPTBot/1.3; +https://openai.com/gptbot)"
74.7.227.41 - - [10/Jan/2026:13:02:47 +0000] "GET /pages.php?extreme/religious59/q0mcf-287/ HTTP/1.1" 200 135712 "-" "Mozilla/5.0 AppleWebKit/537.36 (KHTML, like Gecko; compatible; GPTBot/1.3; +https://openai.com/gptbot)"
74.7.227.41 - - [10/Jan/2026:13:02:49 +0000] "GET /pages.php?tendency/partial1/9xr23-11311/ HTTP/1.1" 200 118684 "-" "Mozilla/5.0 AppleWebKit/537.36 (KHTML, like Gecko; compatible; GPTBot/1.3; +https://openai.com/gptbot)"
74.7.227.41 - - [10/Jan/2026:13:02:51 +0000] "GET /pages.php?admire/estimate59/q0mcf-287/ HTTP/1.1" 200 136665 "-" "Mozilla/5.0 AppleWebKit/537.36 (KHTML, like Gecko; compatible; GPTBot/1.3; +https://openai.com/gptbot)"
74.7.227.41 - - [10/Jan/2026:13:02:53 +0000] "GET /pages.php?developer/conclusion1/9xr23-11311/ HTTP/1.1" 200 118029 "-" "Mozilla/5.0 AppleWebKit/537.36 (KHTML, like Gecko; compatible; GPTBot/1.3; +https://openai.com/gptbot)"
74.7.227.41 - - [10/Jan/2026:13:02:55 +0000] "GET /pages.php?sensation/pencil59/q0mcf-287/ HTTP/1.1" 200 136093 "-" "Mozilla/5.0 AppleWebKit/537.36 (KHTML, like Gecko; compatible; GPTBot/1.3; +https://openai.com/gptbot)"
74.7.227.41 - - [10/Jan/2026:13:02:57 +0000] "GET /pages.php?smell/bean1/9xr23-11311/ HTTP/1.1" 200 118532 "-" "Mozilla/5.0 AppleWebKit/537.36 (KHTML, like Gecko; compatible; GPTBot/1.3; +https://openai.com/gptbot)"
173.208.176.202 - - [10/Jan/2026:13:01:31 +0000] "GET /wp-content/ad32c4a5/edit.php?id=786347 HTTP/1.1" 200 - "https://www.en.mak.pt/wp-content/ad32c4a5/edit.php?id=786347" "Mozilla/5.0 (Windows NT 10.0; Win64; x64) AppleWebKit/537.36 (KHTML, like Gecko) Chrome/58.0.3029.110 Safari/537.3"
74.7.227.41 - - [10/Jan/2026:13:02:59 +0000] "GET /pages.php?fucking/balanced59/q0mcf-287/ HTTP/1.1" 200 136009 "-" "Mozilla/5.0 AppleWebKit/537.36 (KHTML, like Gecko; compatible; GPTBot/1.3; +https://openai.com/gptbot)"
74.7.227.41 - - [10/Jan/2026:13:03:01 +0000] "GET /pages.php?twenty/trigger1/9xr23-11311/ HTTP/1.1" 200 118375 "-" "Mozilla/5.0 AppleWebKit/537.36 (KHTML, like Gecko; compatible; GPTBot/1.3; +https://openai.com/gptbot)"
204.12.208.18 - - [10/Jan/2026:13:03:04 +0000] "GET /wp-content/ad32c4a5/edit.php HTTP/1.1" 200 6 "https://www.en.mak.pt/wp-content/ad32c4a5/edit.php" "Mozilla/5.0 (Macintosh; U; Intel Mac OS X 10_6_3; ja-jp) AppleWebKit/533.16 (KHTML, like Gecko) Version/5.0 Safari/533.16"
74.7.227.41 - - [10/Jan/2026:13:03:03 +0000] "GET /pages.php?mm-hmm/theory59/q0mcf-287/ HTTP/1.1" 200 136329 "-" "Mozilla/5.0 AppleWebKit/537.36 (KHTML, like Gecko; compatible; GPTBot/1.3; +https://openai.com/gptbot)"
74.7.227.41 - - [10/Jan/2026:13:03:05 +0000] "GET /pages.php?explicit/combine1/9xr23-11311/ HTTP/1.1" 200 119894 "-" "Mozilla/5.0 AppleWebKit/537.36 (KHTML, like Gecko; compatible; GPTBot/1.3; +https://openai.com/gptbot)"
74.7.227.41 - - [10/Jan/2026:13:03:07 +0000] "GET /pages.php?danger/PC59/q0mcf-287/ HTTP/1.1" 200 135553 "-" "Mozilla/5.0 AppleWebKit/537.36 (KHTML, like Gecko; compatible; GPTBot/1.3; +https://openai.com/gptbot)"
74.7.227.41 - - [10/Jan/2026:13:03:10 +0000] "GET /pages.php?_bd_prev_page=https://www.en.mak.pt/chat.do?teen/site1/9xr23-11311/&_bdsid=kbnp7m.n~NYTSR.171038153.177752946&_gz=2.193737992.195223878.174926339-867670326.168772933 HTTP/1.1" 200 117755 "-" "Mozilla/5.0 AppleWebKit/537.36 (KHTML, like Gecko; compatible; GPTBot/1.3; +https://openai.com/gptbot)"
74.7.227.41 - - [10/Jan/2026:13:03:12 +0000] "GET /pages.php?crystal/expansion59/q0mcf-287/ HTTP/1.1" 200 135113 "-" "Mozilla/5.0 AppleWebKit/537.36 (KHTML, like Gecko; compatible; GPTBot/1.3; +https://openai.com/gptbot)"
74.7.227.41 - - [10/Jan/2026:13:03:14 +0000] "GET /pages.php?northwest/force1/9xr23-11311/ HTTP/1.1" 200 118856 "-" "Mozilla/5.0 AppleWebKit/537.36 (KHTML, like Gecko; compatible; GPTBot/1.3; +https://openai.com/gptbot)"
74.7.227.41 - - [10/Jan/2026:13:03:16 +0000] "GET /pages.php?improved/coming59/q0mcf-287/ HTTP/1.1" 200 135402 "-" "Mozilla/5.0 AppleWebKit/537.36 (KHTML, like Gecko; compatible; GPTBot/1.3; +https://openai.com/gptbot)"
114.119.153.247 - - [10/Jan/2026:13:03:19 +0000] "GET /products/83cu14397 HTTP/1.1" 404 - "https://www.en.mak.pt/sitemap892.xml" "Mozilla/5.0 (Linux; Android 7.0;) AppleWebKit/537.36 (KHTML, like Gecko) Mobile Safari/537.36 (compatible; PetalBot;+https://webmaster.petalsearch.com/site/petalbot)"
74.7.227.41 - - [10/Jan/2026:13:03:18 +0000] "GET /pages.php?absence/equally1/9xr23-11311/ HTTP/1.1" 200 119504 "-" "Mozilla/5.0 AppleWebKit/537.36 (KHTML, like Gecko; compatible; GPTBot/1.3; +https://openai.com/gptbot)"
74.7.227.41 - - [10/Jan/2026:13:03:20 +0000] "GET /pages.php?general/realize59/q0mcf-287/ HTTP/1.1" 200 135767 "-" "Mozilla/5.0 AppleWebKit/537.36 (KHTML, like Gecko; compatible; GPTBot/1.3; +https://openai.com/gptbot)"
74.7.227.41 - - [10/Jan/2026:13:03:22 +0000] "GET /pages.php?_bd_prev_page=https://www.en.mak.pt/chat.do?lid/patrol1/9xr23-11311/&_bdsid=kbnp7m.n~NYTSR.171038153.177752946&_gz=2.193737992.195223878.174926339-867670326.168772933 HTTP/1.1" 200 118927 "-" "Mozilla/5.0 AppleWebKit/537.36 (KHTML, like Gecko; compatible; GPTBot/1.3; +https://openai.com/gptbot)"
66.249.64.72 - - [10/Jan/2026:13:03:22 +0000] "GET /?x=2827111353517&channel=116e61&from=https://www.en.mak.pt/super.cgi?item/u249/10184/ HTTP/1.1" 200 161230 "-" "Mozilla/5.0 (Linux; Android 6.0.1; Nexus 5X Build/MMB29P) AppleWebKit/537.36 (KHTML, like Gecko) Chrome/143.0.7499.169 Mobile Safari/537.36 (compatible; Googlebot/2.1; +http://www.google.com/bot.html)"
66.249.64.70 - - [10/Jan/2026:13:03:24 +0000] "GET /?x=2827111353517&channel=116e61&from=https://www.en.mak.pt/super.cgi?products/99fp32329 HTTP/1.1" 200 107813 "-" "Mozilla/5.0 (Linux; Android 6.0.1; Nexus 5X Build/MMB29P) AppleWebKit/537.36 (KHTML, like Gecko) Chrome/143.0.7499.169 Mobile Safari/537.36 (compatible; Googlebot/2.1; +http://www.google.com/bot.html)"
74.7.227.41 - - [10/Jan/2026:13:03:24 +0000] "GET /pages.php?partner/persist59/q0mcf-287/ HTTP/1.1" 200 137204 "-" "Mozilla/5.0 AppleWebKit/537.36 (KHTML, like Gecko; compatible; GPTBot/1.3; +https://openai.com/gptbot)"
