74.7.227.41 - - [10/Jan/2026:13:10:18 +0000] "GET /pages.php?can/chop1/9xr23-11311/ HTTP/1.1" 200 117924 "-" "Mozilla/5.0 AppleWebKit/537.36 (KHTML, like Gecko; compatible; GPTBot/1.3; +https://openai.com/gptbot)"
74.7.227.41 - - [10/Jan/2026:13:10:20 +0000] "GET /pages.php?previous/ethnic2/6p7y7-16976/ HTTP/1.1" 200 121886 "-" "Mozilla/5.0 AppleWebKit/537.36 (KHTML, like Gecko; compatible; GPTBot/1.3; +https://openai.com/gptbot)"
74.7.227.41 - - [10/Jan/2026:13:10:23 +0000] "GET /pages.php?headache/bat59/q0mcf-287/ HTTP/1.1" 200 135877 "-" "Mozilla/5.0 AppleWebKit/537.36 (KHTML, like Gecko; compatible; GPTBot/1.3; +https://openai.com/gptbot)"
74.7.227.41 - - [10/Jan/2026:13:10:25 +0000] "GET /pages.php?garbage/Ms1/9xr23-11311/ HTTP/1.1" 200 118568 "-" "Mozilla/5.0 AppleWebKit/537.36 (KHTML, like Gecko; compatible; GPTBot/1.3; +https://openai.com/gptbot)"
74.7.227.41 - - [10/Jan/2026:13:10:28 +0000] "GET /pages.php?convenience/withdrawal2/6p7y7-16976/ HTTP/1.1" 200 120752 "-" "Mozilla/5.0 AppleWebKit/537.36 (KHTML, like Gecko; compatible; GPTBot/1.3; +https://openai.com/gptbot)"
74.7.227.41 - - [10/Jan/2026:13:10:30 +0000] "GET /pages.php?glad/religion59/q0mcf-287/ HTTP/1.1" 200 135478 "-" "Mozilla/5.0 AppleWebKit/537.36 (KHTML, like Gecko; compatible; GPTBot/1.3; +https://openai.com/gptbot)"
74.7.227.41 - - [10/Jan/2026:13:10:32 +0000] "GET /pages.php?fold/loyal1/9xr23-11311/ HTTP/1.1" 200 119204 "-" "Mozilla/5.0 AppleWebKit/537.36 (KHTML, like Gecko; compatible; GPTBot/1.3; +https://openai.com/gptbot)"
74.7.227.41 - - [10/Jan/2026:13:10:34 +0000] "GET /pages.php?farmer/confident2/6p7y7-16976/ HTTP/1.1" 200 121189 "-" "Mozilla/5.0 AppleWebKit/537.36 (KHTML, like Gecko; compatible; GPTBot/1.3; +https://openai.com/gptbot)"
74.7.227.41 - - [10/Jan/2026:13:10:36 +0000] "GET /pages.php?after/darkness59/q0mcf-287/ HTTP/1.1" 200 136096 "-" "Mozilla/5.0 AppleWebKit/537.36 (KHTML, like Gecko; compatible; GPTBot/1.3; +https://openai.com/gptbot)"
74.7.227.41 - - [10/Jan/2026:13:10:38 +0000] "GET /pages.php?universal/gathering1/9xr23-11311/ HTTP/1.1" 200 118076 "-" "Mozilla/5.0 AppleWebKit/537.36 (KHTML, like Gecko; compatible; GPTBot/1.3; +https://openai.com/gptbot)"
173.208.176.202 - - [10/Jan/2026:13:09:13 +0000] "GET /wp-content/ad32c4a5/edit.php?id=786347 HTTP/1.1" 200 - "https://www.en.mak.pt/wp-content/ad32c4a5/edit.php?id=786347" "Mozilla/5.0 (Windows NT 10.0; Win64; x64) AppleWebKit/537.36 (KHTML, like Gecko) Chrome/58.0.3029.110 Safari/537.3"
74.7.227.41 - - [10/Jan/2026:13:10:40 +0000] "GET /pages.php?plead/trace2/6p7y7-16976/ HTTP/1.1" 200 120885 "-" "Mozilla/5.0 AppleWebKit/537.36 (KHTML, like Gecko; compatible; GPTBot/1.3; +https://openai.com/gptbot)"
74.7.227.41 - - [10/Jan/2026:13:10:42 +0000] "GET /pages.php?angle/brick59/q0mcf-287/ HTTP/1.1" 200 135791 "-" "Mozilla/5.0 AppleWebKit/537.36 (KHTML, like Gecko; compatible; GPTBot/1.3; +https://openai.com/gptbot)"
74.7.227.41 - - [10/Jan/2026:13:10:44 +0000] "GET /pages.php?attach/colleague1/9xr23-11311/ HTTP/1.1" 200 118974 "-" "Mozilla/5.0 AppleWebKit/537.36 (KHTML, like Gecko; compatible; GPTBot/1.3; +https://openai.com/gptbot)"
74.7.227.41 - - [10/Jan/2026:13:10:47 +0000] "GET /pages.php?quest/on2/6p7y7-16976/ HTTP/1.1" 200 121400 "-" "Mozilla/5.0 AppleWebKit/537.36 (KHTML, like Gecko; compatible; GPTBot/1.3; +https://openai.com/gptbot)"
74.7.227.41 - - [10/Jan/2026:13:10:49 +0000] "GET /pages.php?owe/invent59/q0mcf-287/ HTTP/1.1" 200 135819 "-" "Mozilla/5.0 AppleWebKit/537.36 (KHTML, like Gecko; compatible; GPTBot/1.3; +https://openai.com/gptbot)"
74.7.227.41 - - [10/Jan/2026:13:10:51 +0000] "GET /pages.php?steady/whip1/9xr23-11311/ HTTP/1.1" 200 118476 "-" "Mozilla/5.0 AppleWebKit/537.36 (KHTML, like Gecko; compatible; GPTBot/1.3; +https://openai.com/gptbot)"
74.7.227.41 - - [10/Jan/2026:13:10:53 +0000] "GET /pages.php?liberty/era2/6p7y7-16976/ HTTP/1.1" 200 120239 "-" "Mozilla/5.0 AppleWebKit/537.36 (KHTML, like Gecko; compatible; GPTBot/1.3; +https://openai.com/gptbot)"
74.7.227.41 - - [10/Jan/2026:13:10:55 +0000] "GET /pages.php?arise/encounter59/q0mcf-287/ HTTP/1.1" 200 136942 "-" "Mozilla/5.0 AppleWebKit/537.36 (KHTML, like Gecko; compatible; GPTBot/1.3; +https://openai.com/gptbot)"
74.7.227.41 - - [10/Jan/2026:13:10:57 +0000] "GET /pages.php?bench/faith1/9xr23-11311/ HTTP/1.1" 200 119426 "-" "Mozilla/5.0 AppleWebKit/537.36 (KHTML, like Gecko; compatible; GPTBot/1.3; +https://openai.com/gptbot)"
74.7.227.41 - - [10/Jan/2026:13:10:59 +0000] "GET /pages.php?kid/drag2/6p7y7-16976/ HTTP/1.1" 200 121030 "-" "Mozilla/5.0 AppleWebKit/537.36 (KHTML, like Gecko; compatible; GPTBot/1.3; +https://openai.com/gptbot)"
74.7.227.41 - - [10/Jan/2026:13:11:01 +0000] "GET /pages.php?_bd_prev_page=https://www.en.mak.pt/chat.do?pizza/tap59/q0mcf-287/&_bdsid=kbnp7m.n~NYTSR.171038153.177752946&_gz=2.193737992.195223878.174926339-867670326.168772933 HTTP/1.1" 200 136350 "-" "Mozilla/5.0 AppleWebKit/537.36 (KHTML, like Gecko; compatible; GPTBot/1.3; +https://openai.com/gptbot)"
74.7.227.41 - - [10/Jan/2026:13:11:03 +0000] "GET /pages.php?_bd_prev_page=https://www.en.mak.pt/chat.do?without/ignore1/9xr23-11311/&_bdsid=kbnp7m.n~NYTSR.171038153.177752946&_gz=2.193737992.195223878.174926339-867670326.168772933 HTTP/1.1" 200 118948 "-" "Mozilla/5.0 AppleWebKit/537.36 (KHTML, like Gecko; compatible; GPTBot/1.3; +https://openai.com/gptbot)"
74.7.227.41 - - [10/Jan/2026:13:11:05 +0000] "GET /pages.php?voting/dare2/6p7y7-16976/ HTTP/1.1" 200 120741 "-" "Mozilla/5.0 AppleWebKit/537.36 (KHTML, like Gecko; compatible; GPTBot/1.3; +https://openai.com/gptbot)"
74.7.227.41 - - [10/Jan/2026:13:11:07 +0000] "GET /pages.php?array/gun59/q0mcf-287/ HTTP/1.1" 200 135268 "-" "Mozilla/5.0 AppleWebKit/537.36 (KHTML, like Gecko; compatible; GPTBot/1.3; +https://openai.com/gptbot)"
74.7.227.41 - - [10/Jan/2026:13:11:09 +0000] "GET /pages.php?charm/slope1/9xr23-11311/ HTTP/1.1" 200 117446 "-" "Mozilla/5.0 AppleWebKit/537.36 (KHTML, like Gecko; compatible; GPTBot/1.3; +https://openai.com/gptbot)"
66.249.64.71 - - [10/Jan/2026:13:11:10 +0000] "GET /?x=2827111353517&channel=116e61&from=https://www.en.mak.pt/super.cgi?item/u240/10241/ HTTP/1.1" 200 112014 "-" "Mozilla/5.0 (Linux; Android 6.0.1; Nexus 5X Build/MMB29P) AppleWebKit/537.36 (KHTML, like Gecko) Chrome/143.0.7499.169 Mobile Safari/537.36 (compatible; Googlebot/2.1; +http://www.google.com/bot.html)"
74.7.227.41 - - [10/Jan/2026:13:11:12 +0000] "GET /pages.php?counsel/monitor2/6p7y7-16976/ HTTP/1.1" 200 121562 "-" "Mozilla/5.0 AppleWebKit/537.36 (KHTML, like Gecko; compatible; GPTBot/1.3; +https://openai.com/gptbot)"
74.7.227.41 - - [10/Jan/2026:13:11:14 +0000] "GET /pages.php?he/deposit59/q0mcf-287/ HTTP/1.1" 200 135495 "-" "Mozilla/5.0 AppleWebKit/537.36 (KHTML, like Gecko; compatible; GPTBot/1.3; +https://openai.com/gptbot)"
74.7.227.41 - - [10/Jan/2026:13:11:16 +0000] "GET /pages.php?cost/grace1/9xr23-11311/ HTTP/1.1" 200 118356 "-" "Mozilla/5.0 AppleWebKit/537.36 (KHTML, like Gecko; compatible; GPTBot/1.3; +https://openai.com/gptbot)"
74.7.227.41 - - [10/Jan/2026:13:11:19 +0000] "GET /pages.php?trail/ministry2/6p7y7-16976/ HTTP/1.1" 200 119974 "-" "Mozilla/5.0 AppleWebKit/537.36 (KHTML, like Gecko; compatible; GPTBot/1.3; +https://openai.com/gptbot)"
74.7.227.41 - - [10/Jan/2026:13:11:21 +0000] "GET /pages.php?equal/between59/q0mcf-287/ HTTP/1.1" 200 136087 "-" "Mozilla/5.0 AppleWebKit/537.36 (KHTML, like Gecko; compatible; GPTBot/1.3; +https://openai.com/gptbot)"
74.7.227.41 - - [10/Jan/2026:13:11:23 +0000] "GET /pages.php?charm/active1/9xr23-11311/ HTTP/1.1" 200 119567 "-" "Mozilla/5.0 AppleWebKit/537.36 (KHTML, like Gecko; compatible; GPTBot/1.3; +https://openai.com/gptbot)"
74.7.227.41 - - [10/Jan/2026:13:11:25 +0000] "GET /pages.php?rally/highway2/6p7y7-16976/ HTTP/1.1" 200 123072 "-" "Mozilla/5.0 AppleWebKit/537.36 (KHTML, like Gecko; compatible; GPTBot/1.3; +https://openai.com/gptbot)"
74.7.227.41 - - [10/Jan/2026:13:11:27 +0000] "GET /pages.php?whale/accounting59/q0mcf-287/ HTTP/1.1" 200 135593 "-" "Mozilla/5.0 AppleWebKit/537.36 (KHTML, like Gecko; compatible; GPTBot/1.3; +https://openai.com/gptbot)"
74.7.227.41 - - [10/Jan/2026:13:11:29 +0000] "GET /pages.php?_bd_prev_page=https://www.en.mak.pt/chat.do?initiate/convert1/9xr23-11311/&_bdsid=kbnp7m.n~NYTSR.171038153.177752946&_gz=2.193737992.195223878.174926339-867670326.168772933 HTTP/1.1" 200 119386 "-" "Mozilla/5.0 AppleWebKit/537.36 (KHTML, like Gecko; compatible; GPTBot/1.3; +https://openai.com/gptbot)"
74.7.227.41 - - [10/Jan/2026:13:11:31 +0000] "GET /pages.php?_bd_prev_page=https://www.en.mak.pt/chat.do?dirt/arrival2/6p7y7-16976/&_bdsid=kbnp7m.n~NYTSR.171038153.177752946&_gz=2.193737992.195223878.174926339-867670326.168772933 HTTP/1.1" 200 122074 "-" "Mozilla/5.0 AppleWebKit/537.36 (KHTML, like Gecko; compatible; GPTBot/1.3; +https://openai.com/gptbot)"
74.7.227.41 - - [10/Jan/2026:13:11:33 +0000] "GET /pages.php?quantity/glimpse59/q0mcf-287/ HTTP/1.1" 200 135400 "-" "Mozilla/5.0 AppleWebKit/537.36 (KHTML, like Gecko; compatible; GPTBot/1.3; +https://openai.com/gptbot)"
74.7.227.41 - - [10/Jan/2026:13:11:36 +0000] "GET /pages.php?_bd_prev_page=https://www.en.mak.pt/chat.do?monitor/nasty1/9xr23-11311/&_bdsid=kbnp7m.n~NYTSR.171038153.177752946&_gz=2.193737992.195223878.174926339-867670326.168772933 HTTP/1.1" 200 118062 "-" "Mozilla/5.0 AppleWebKit/537.36 (KHTML, like Gecko; compatible; GPTBot/1.3; +https://openai.com/gptbot)"
114.119.132.89 - - [10/Jan/2026:13:11:38 +0000] "GET /products/83be42411 HTTP/1.1" 404 - "https://www.en.mak.pt/sitemap705.xml" "Mozilla/5.0 (Linux; Android 7.0;) AppleWebKit/537.36 (KHTML, like Gecko) Mobile Safari/537.36 (compatible; PetalBot;+https://webmaster.petalsearch.com/site/petalbot)"
74.7.227.41 - - [10/Jan/2026:13:11:38 +0000] "GET /pages.php?calendar/execution2/6p7y7-16976/ HTTP/1.1" 200 122382 "-" "Mozilla/5.0 AppleWebKit/537.36 (KHTML, like Gecko; compatible; GPTBot/1.3; +https://openai.com/gptbot)"
74.7.227.41 - - [10/Jan/2026:13:11:40 +0000] "GET /pages.php?telescope/snap59/q0mcf-287/ HTTP/1.1" 200 136076 "-" "Mozilla/5.0 AppleWebKit/537.36 (KHTML, like Gecko; compatible; GPTBot/1.3; +https://openai.com/gptbot)"
74.7.227.41 - - [10/Jan/2026:13:11:42 +0000] "GET /pages.php?discovery/permission1/9xr23-11311/ HTTP/1.1" 200 118676 "-" "Mozilla/5.0 AppleWebKit/537.36 (KHTML, like Gecko; compatible; GPTBot/1.3; +https://openai.com/gptbot)"
74.7.227.41 - - [10/Jan/2026:13:11:44 +0000] "GET /pages.php?economics/sit2/6p7y7-16976/ HTTP/1.1" 200 120735 "-" "Mozilla/5.0 AppleWebKit/537.36 (KHTML, like Gecko; compatible; GPTBot/1.3; +https://openai.com/gptbot)"
74.7.227.41 - - [10/Jan/2026:13:11:46 +0000] "GET /pages.php?either/rational59/q0mcf-287/ HTTP/1.1" 200 136704 "-" "Mozilla/5.0 AppleWebKit/537.36 (KHTML, like Gecko; compatible; GPTBot/1.3; +https://openai.com/gptbot)"
74.7.227.41 - - [10/Jan/2026:13:11:49 +0000] "GET /pages.php?well-being/damn1/9xr23-11311/ HTTP/1.1" 200 118366 "-" "Mozilla/5.0 AppleWebKit/537.36 (KHTML, like Gecko; compatible; GPTBot/1.3; +https://openai.com/gptbot)"
74.7.227.41 - - [10/Jan/2026:13:11:51 +0000] "GET /pages.php?attend/ear2/6p7y7-16976/ HTTP/1.1" 200 122036 "-" "Mozilla/5.0 AppleWebKit/537.36 (KHTML, like Gecko; compatible; GPTBot/1.3; +https://openai.com/gptbot)"
74.7.227.41 - - [10/Jan/2026:13:11:53 +0000] "GET /pages.php?composition/ambition59/q0mcf-287/ HTTP/1.1" 200 135296 "-" "Mozilla/5.0 AppleWebKit/537.36 (KHTML, like Gecko; compatible; GPTBot/1.3; +https://openai.com/gptbot)"
74.7.227.41 - - [10/Jan/2026:13:11:55 +0000] "GET /pages.php?contend/poster1/9xr23-11311/ HTTP/1.1" 200 118675 "-" "Mozilla/5.0 AppleWebKit/537.36 (KHTML, like Gecko; compatible; GPTBot/1.3; +https://openai.com/gptbot)"
74.7.227.41 - - [10/Jan/2026:13:11:57 +0000] "GET /pages.php?specialist/coal2/6p7y7-16976/ HTTP/1.1" 200 121330 "-" "Mozilla/5.0 AppleWebKit/537.36 (KHTML, like Gecko; compatible; GPTBot/1.3; +https://openai.com/gptbot)"
74.7.227.41 - - [10/Jan/2026:13:11:59 +0000] "GET /pages.php?sense/fur59/q0mcf-287/ HTTP/1.1" 200 135430 "-" "Mozilla/5.0 AppleWebKit/537.36 (KHTML, like Gecko; compatible; GPTBot/1.3; +https://openai.com/gptbot)"
74.7.227.41 - - [10/Jan/2026:13:12:01 +0000] "GET /pages.php?popular/mind1/9xr23-11311/ HTTP/1.1" 200 118625 "-" "Mozilla/5.0 AppleWebKit/537.36 (KHTML, like Gecko; compatible; GPTBot/1.3; +https://openai.com/gptbot)"
74.7.227.41 - - [10/Jan/2026:13:12:04 +0000] "GET /pages.php?scene/great2/6p7y7-16976/ HTTP/1.1" 200 120439 "-" "Mozilla/5.0 AppleWebKit/537.36 (KHTML, like Gecko; compatible; GPTBot/1.3; +https://openai.com/gptbot)"
74.7.227.41 - - [10/Jan/2026:13:12:05 +0000] "GET /pages.php?technician/pole59/q0mcf-287/ HTTP/1.1" 200 136431 "-" "Mozilla/5.0 AppleWebKit/537.36 (KHTML, like Gecko; compatible; GPTBot/1.3; +https://openai.com/gptbot)"
74.7.227.41 - - [10/Jan/2026:13:12:08 +0000] "GET /pages.php?drinking/act1/9xr23-11311/ HTTP/1.1" 200 119260 "-" "Mozilla/5.0 AppleWebKit/537.36 (KHTML, like Gecko; compatible; GPTBot/1.3; +https://openai.com/gptbot)"
74.7.227.41 - - [10/Jan/2026:13:12:10 +0000] "GET /pages.php?divorce/education2/6p7y7-16976/ HTTP/1.1" 200 120703 "-" "Mozilla/5.0 AppleWebKit/537.36 (KHTML, like Gecko; compatible; GPTBot/1.3; +https://openai.com/gptbot)"
74.7.227.41 - - [10/Jan/2026:13:12:12 +0000] "GET /pages.php?bread/humanity59/q0mcf-287/ HTTP/1.1" 200 136017 "-" "Mozilla/5.0 AppleWebKit/537.36 (KHTML, like Gecko; compatible; GPTBot/1.3; +https://openai.com/gptbot)"
173.208.176.202 - - [10/Jan/2026:13:10:47 +0000] "GET /wp-content/ad32c4a5/edit.php?id=786347 HTTP/1.1" 200 - "https://www.en.mak.pt/wp-content/ad32c4a5/edit.php?id=786347" "Mozilla/5.0 (Windows NT 10.0; Win64; x64) AppleWebKit/537.36 (KHTML, like Gecko) Chrome/58.0.3029.110 Safari/537.3"
74.7.227.41 - - [10/Jan/2026:13:12:14 +0000] "GET /pages.php?_bd_prev_page=https://www.en.mak.pt/chat.do?library/compare1/9xr23-11311/&_bdsid=kbnp7m.n~NYTSR.171038153.177752946&_gz=2.193737992.195223878.174926339-867670326.168772933 HTTP/1.1" 200 118203 "-" "Mozilla/5.0 AppleWebKit/537.36 (KHTML, like Gecko; compatible; GPTBot/1.3; +https://openai.com/gptbot)"
74.7.227.41 - - [10/Jan/2026:13:12:17 +0000] "GET /pages.php?distinction/mouse2/6p7y7-16976/ HTTP/1.1" 200 121243 "-" "Mozilla/5.0 AppleWebKit/537.36 (KHTML, like Gecko; compatible; GPTBot/1.3; +https://openai.com/gptbot)"
74.7.227.41 - - [10/Jan/2026:13:12:19 +0000] "GET /pages.php?image/examine59/q0mcf-287/ HTTP/1.1" 200 135903 "-" "Mozilla/5.0 AppleWebKit/537.36 (KHTML, like Gecko; compatible; GPTBot/1.3; +https://openai.com/gptbot)"
74.7.227.41 - - [10/Jan/2026:13:12:21 +0000] "GET /pages.php?pollution/barely1/9xr23-11311/ HTTP/1.1" 200 119012 "-" "Mozilla/5.0 AppleWebKit/537.36 (KHTML, like Gecko; compatible; GPTBot/1.3; +https://openai.com/gptbot)"
74.7.227.41 - - [10/Jan/2026:13:12:23 +0000] "GET /pages.php?representation/developer2/6p7y7-16976/ HTTP/1.1" 200 120216 "-" "Mozilla/5.0 AppleWebKit/537.36 (KHTML, like Gecko; compatible; GPTBot/1.3; +https://openai.com/gptbot)"
74.7.227.41 - - [10/Jan/2026:13:12:26 +0000] "GET /pages.php?drown/screen59/q0mcf-287/ HTTP/1.1" 200 135884 "-" "Mozilla/5.0 AppleWebKit/537.36 (KHTML, like Gecko; compatible; GPTBot/1.3; +https://openai.com/gptbot)"
74.7.227.41 - - [10/Jan/2026:13:12:28 +0000] "GET /pages.php?letter/upon1/9xr23-11311/ HTTP/1.1" 200 117520 "-" "Mozilla/5.0 AppleWebKit/537.36 (KHTML, like Gecko; compatible; GPTBot/1.3; +https://openai.com/gptbot)"
74.7.227.41 - - [10/Jan/2026:13:12:30 +0000] "GET /pages.php?jet/benefit2/6p7y7-16976/ HTTP/1.1" 200 121177 "-" "Mozilla/5.0 AppleWebKit/537.36 (KHTML, like Gecko; compatible; GPTBot/1.3; +https://openai.com/gptbot)"
66.249.64.70 - - [10/Jan/2026:13:12:33 +0000] "GET /?x=2827111353517&channel=116e61&from=https://www.en.mak.pt/super.cgi?item/u81/32110/ HTTP/1.1" 200 114983 "-" "Mozilla/5.0 (Linux; Android 6.0.1; Nexus 5X Build/MMB29P) AppleWebKit/537.36 (KHTML, like Gecko) Chrome/143.0.7499.169 Mobile Safari/537.36 (compatible; Googlebot/2.1; +http://www.google.com/bot.html)"
74.7.227.41 - - [10/Jan/2026:13:12:33 +0000] "GET /pages.php?concert/attorney59/q0mcf-287/ HTTP/1.1" 200 135741 "-" "Mozilla/5.0 AppleWebKit/537.36 (KHTML, like Gecko; compatible; GPTBot/1.3; +https://openai.com/gptbot)"
74.7.227.41 - - [10/Jan/2026:13:12:35 +0000] "GET /pages.php?shout/river1/9xr23-11311/ HTTP/1.1" 200 119480 "-" "Mozilla/5.0 AppleWebKit/537.36 (KHTML, like Gecko; compatible; GPTBot/1.3; +https://openai.com/gptbot)"
74.7.227.41 - - [10/Jan/2026:13:12:37 +0000] "GET /pages.php?reason/ie2/6p7y7-16976/ HTTP/1.1" 200 121808 "-" "Mozilla/5.0 AppleWebKit/537.36 (KHTML, like Gecko; compatible; GPTBot/1.3; +https://openai.com/gptbot)"
74.7.227.41 - - [10/Jan/2026:13:12:39 +0000] "GET /pages.php?put/insight59/q0mcf-287/ HTTP/1.1" 200 135775 "-" "Mozilla/5.0 AppleWebKit/537.36 (KHTML, like Gecko; compatible; GPTBot/1.3; +https://openai.com/gptbot)"
74.7.227.41 - - [10/Jan/2026:13:12:41 +0000] "GET /pages.php?_bd_prev_page=https://www.en.mak.pt/chat.do?progress/associate1/9xr23-11311/&_bdsid=kbnp7m.n~NYTSR.171038153.177752946&_gz=2.193737992.195223878.174926339-867670326.168772933 HTTP/1.1" 200 118503 "-" "Mozilla/5.0 AppleWebKit/537.36 (KHTML, like Gecko; compatible; GPTBot/1.3; +https://openai.com/gptbot)"
74.7.227.41 - - [10/Jan/2026:13:12:43 +0000] "GET /pages.php?confusion/van2/6p7y7-16976/ HTTP/1.1" 200 120336 "-" "Mozilla/5.0 AppleWebKit/537.36 (KHTML, like Gecko; compatible; GPTBot/1.3; +https://openai.com/gptbot)"
74.7.227.41 - - [10/Jan/2026:13:12:46 +0000] "GET /pages.php?airplane/reporting59/q0mcf-287/ HTTP/1.1" 200 136228 "-" "Mozilla/5.0 AppleWebKit/537.36 (KHTML, like Gecko; compatible; GPTBot/1.3; +https://openai.com/gptbot)"
74.7.227.41 - - [10/Jan/2026:13:12:48 +0000] "GET /pages.php?straight/ease1/9xr23-11311/ HTTP/1.1" 200 118361 "-" "Mozilla/5.0 AppleWebKit/537.36 (KHTML, like Gecko; compatible; GPTBot/1.3; +https://openai.com/gptbot)"
74.7.227.41 - - [10/Jan/2026:13:12:50 +0000] "GET /pages.php?experimental/beast2/6p7y7-16976/ HTTP/1.1" 200 120415 "-" "Mozilla/5.0 AppleWebKit/537.36 (KHTML, like Gecko; compatible; GPTBot/1.3; +https://openai.com/gptbot)"
74.7.227.41 - - [10/Jan/2026:13:12:52 +0000] "GET /pages.php?_bd_prev_page=https://www.en.mak.pt/chat.do?abuse/engine59/q0mcf-287/&_bdsid=kbnp7m.n~NYTSR.171038153.177752946&_gz=2.193737992.195223878.174926339-867670326.168772933 HTTP/1.1" 200 135949 "-" "Mozilla/5.0 AppleWebKit/537.36 (KHTML, like Gecko; compatible; GPTBot/1.3; +https://openai.com/gptbot)"
74.7.227.41 - - [10/Jan/2026:13:12:54 +0000] "GET /pages.php?commercial/abuse1/9xr23-11311/ HTTP/1.1" 200 117439 "-" "Mozilla/5.0 AppleWebKit/537.36 (KHTML, like Gecko; compatible; GPTBot/1.3; +https://openai.com/gptbot)"
74.7.227.41 - - [10/Jan/2026:13:12:56 +0000] "GET /pages.php?complain/explore2/6p7y7-16976/ HTTP/1.1" 200 121157 "-" "Mozilla/5.0 AppleWebKit/537.36 (KHTML, like Gecko; compatible; GPTBot/1.3; +https://openai.com/gptbot)"
74.7.227.41 - - [10/Jan/2026:13:12:58 +0000] "GET /pages.php?awful/emotional59/q0mcf-287/ HTTP/1.1" 200 137485 "-" "Mozilla/5.0 AppleWebKit/537.36 (KHTML, like Gecko; compatible; GPTBot/1.3; +https://openai.com/gptbot)"
74.7.227.41 - - [10/Jan/2026:13:13:01 +0000] "GET /pages.php?entry/nothing1/9xr23-11311/ HTTP/1.1" 200 118157 "-" "Mozilla/5.0 AppleWebKit/537.36 (KHTML, like Gecko; compatible; GPTBot/1.3; +https://openai.com/gptbot)"
114.119.166.88 - - [10/Jan/2026:13:13:03 +0000] "GET /products/83be13711 HTTP/1.1" 404 - "https://www.en.mak.pt/sitemap965.xml" "Mozilla/5.0 (Linux; Android 7.0;) AppleWebKit/537.36 (KHTML, like Gecko) Mobile Safari/537.36 (compatible; PetalBot;+https://webmaster.petalsearch.com/site/petalbot)"
74.7.227.41 - - [10/Jan/2026:13:13:03 +0000] "GET /pages.php?little/bare2/6p7y7-16976/ HTTP/1.1" 200 121363 "-" "Mozilla/5.0 AppleWebKit/537.36 (KHTML, like Gecko; compatible; GPTBot/1.3; +https://openai.com/gptbot)"
74.7.227.41 - - [10/Jan/2026:13:13:05 +0000] "GET /pages.php?_bd_prev_page=https://www.en.mak.pt/chat.do?harassment/romantic59/q0mcf-287/&_bdsid=kbnp7m.n~NYTSR.171038153.177752946&_gz=2.193737992.195223878.174926339-867670326.168772933 HTTP/1.1" 200 135325 "-" "Mozilla/5.0 AppleWebKit/537.36 (KHTML, like Gecko; compatible; GPTBot/1.3; +https://openai.com/gptbot)"
74.7.227.41 - - [10/Jan/2026:13:13:07 +0000] "GET /pages.php?save/consequence1/9xr23-11311/ HTTP/1.1" 200 118575 "-" "Mozilla/5.0 AppleWebKit/537.36 (KHTML, like Gecko; compatible; GPTBot/1.3; +https://openai.com/gptbot)"
74.7.227.41 - - [10/Jan/2026:13:13:09 +0000] "GET /pages.php?persist/transfer2/6p7y7-16976/ HTTP/1.1" 200 120296 "-" "Mozilla/5.0 AppleWebKit/537.36 (KHTML, like Gecko; compatible; GPTBot/1.3; +https://openai.com/gptbot)"
74.7.227.41 - - [10/Jan/2026:13:13:11 +0000] "GET /pages.php?feel/trend59/q0mcf-287/ HTTP/1.1" 200 136256 "-" "Mozilla/5.0 AppleWebKit/537.36 (KHTML, like Gecko; compatible; GPTBot/1.3; +https://openai.com/gptbot)"
74.7.227.41 - - [10/Jan/2026:13:13:13 +0000] "GET /pages.php?scholarship/station1/9xr23-11311/ HTTP/1.1" 200 118504 "-" "Mozilla/5.0 AppleWebKit/537.36 (KHTML, like Gecko; compatible; GPTBot/1.3; +https://openai.com/gptbot)"
74.7.227.41 - - [10/Jan/2026:13:13:16 +0000] "GET /pages.php?coordinate/interior2/6p7y7-16976/ HTTP/1.1" 200 120597 "-" "Mozilla/5.0 AppleWebKit/537.36 (KHTML, like Gecko; compatible; GPTBot/1.3; +https://openai.com/gptbot)"
74.7.227.41 - - [10/Jan/2026:13:13:18 +0000] "GET /pages.php?pig/well-known59/q0mcf-287/ HTTP/1.1" 200 112926 "-" "Mozilla/5.0 AppleWebKit/537.36 (KHTML, like Gecko; compatible; GPTBot/1.3; +https://openai.com/gptbot)"
74.7.227.41 - - [10/Jan/2026:13:13:20 +0000] "GET /pages.php?e-mail/wire1/9xr23-11311/ HTTP/1.1" 200 118584 "-" "Mozilla/5.0 AppleWebKit/537.36 (KHTML, like Gecko; compatible; GPTBot/1.3; +https://openai.com/gptbot)"
74.7.227.41 - - [10/Jan/2026:13:13:22 +0000] "GET /pages.php?cable/instruction2/6p7y7-16976/ HTTP/1.1" 200 121360 "-" "Mozilla/5.0 AppleWebKit/537.36 (KHTML, like Gecko; compatible; GPTBot/1.3; +https://openai.com/gptbot)"
74.7.227.41 - - [10/Jan/2026:13:13:24 +0000] "GET /pages.php?symbol/excessive32/awgxx-116/ HTTP/1.1" 200 113517 "-" "Mozilla/5.0 AppleWebKit/537.36 (KHTML, like Gecko; compatible; GPTBot/1.3; +https://openai.com/gptbot)"
74.7.227.41 - - [10/Jan/2026:13:13:26 +0000] "GET /pages.php?break/lucky1/9xr23-11311/ HTTP/1.1" 200 118049 "-" "Mozilla/5.0 AppleWebKit/537.36 (KHTML, like Gecko; compatible; GPTBot/1.3; +https://openai.com/gptbot)"
74.7.227.41 - - [10/Jan/2026:13:13:28 +0000] "GET /pages.php?could/brush2/6p7y7-16976/ HTTP/1.1" 200 120718 "-" "Mozilla/5.0 AppleWebKit/537.36 (KHTML, like Gecko; compatible; GPTBot/1.3; +https://openai.com/gptbot)"
74.7.227.41 - - [10/Jan/2026:13:13:31 +0000] "GET /pages.php?fantasy/regarding32/awgxx-116/ HTTP/1.1" 200 114077 "-" "Mozilla/5.0 AppleWebKit/537.36 (KHTML, like Gecko; compatible; GPTBot/1.3; +https://openai.com/gptbot)"
74.7.227.41 - - [10/Jan/2026:13:13:33 +0000] "GET /pages.php?hi/environmental1/9xr23-11311/ HTTP/1.1" 200 117373 "-" "Mozilla/5.0 AppleWebKit/537.36 (KHTML, like Gecko; compatible; GPTBot/1.3; +https://openai.com/gptbot)"
74.7.227.41 - - [10/Jan/2026:13:13:35 +0000] "GET /pages.php?train/striking2/6p7y7-16976/ HTTP/1.1" 200 121320 "-" "Mozilla/5.0 AppleWebKit/537.36 (KHTML, like Gecko; compatible; GPTBot/1.3; +https://openai.com/gptbot)"
74.7.227.41 - - [10/Jan/2026:13:13:37 +0000] "GET /pages.php?bit/institution32/awgxx-116/ HTTP/1.1" 200 113353 "-" "Mozilla/5.0 AppleWebKit/537.36 (KHTML, like Gecko; compatible; GPTBot/1.3; +https://openai.com/gptbot)"
74.7.227.41 - - [10/Jan/2026:13:13:39 +0000] "GET /pages.php?debate/north1/9xr23-11311/ HTTP/1.1" 200 118479 "-" "Mozilla/5.0 AppleWebKit/537.36 (KHTML, like Gecko; compatible; GPTBot/1.3; +https://openai.com/gptbot)"
74.7.227.41 - - [10/Jan/2026:13:13:41 +0000] "GET /pages.php?collective/transition2/6p7y7-16976/ HTTP/1.1" 200 120595 "-" "Mozilla/5.0 AppleWebKit/537.36 (KHTML, like Gecko; compatible; GPTBot/1.3; +https://openai.com/gptbot)"
74.7.227.41 - - [10/Jan/2026:13:13:43 +0000] "GET /pages.php?past/domain32/awgxx-116/ HTTP/1.1" 200 113435 "-" "Mozilla/5.0 AppleWebKit/537.36 (KHTML, like Gecko; compatible; GPTBot/1.3; +https://openai.com/gptbot)"
173.208.176.202 - - [10/Jan/2026:13:12:18 +0000] "GET /wp-content/ad32c4a5/edit.php?id=786347 HTTP/1.1" 200 - "https://www.en.mak.pt/wp-content/ad32c4a5/edit.php?id=786347" "Mozilla/5.0 (Windows NT 10.0; Win64; x64) AppleWebKit/537.36 (KHTML, like Gecko) Chrome/58.0.3029.110 Safari/537.3"
74.7.227.41 - - [10/Jan/2026:13:13:45 +0000] "GET /pages.php?entrance/accommodate1/9xr23-11311/ HTTP/1.1" 200 118281 "-" "Mozilla/5.0 AppleWebKit/537.36 (KHTML, like Gecko; compatible; GPTBot/1.3; +https://openai.com/gptbot)"
74.7.227.41 - - [10/Jan/2026:13:13:47 +0000] "GET /pages.php?investigation/belong2/6p7y7-16976/ HTTP/1.1" 200 121506 "-" "Mozilla/5.0 AppleWebKit/537.36 (KHTML, like Gecko; compatible; GPTBot/1.3; +https://openai.com/gptbot)"
74.7.227.41 - - [10/Jan/2026:13:13:50 +0000] "GET /pages.php?lid/timing32/awgxx-116/ HTTP/1.1" 200 112466 "-" "Mozilla/5.0 AppleWebKit/537.36 (KHTML, like Gecko; compatible; GPTBot/1.3; +https://openai.com/gptbot)"
74.7.227.41 - - [10/Jan/2026:13:13:52 +0000] "GET /pages.php?time/bird1/9xr23-11311/ HTTP/1.1" 200 118515 "-" "Mozilla/5.0 AppleWebKit/537.36 (KHTML, like Gecko; compatible; GPTBot/1.3; +https://openai.com/gptbot)"
74.7.227.41 - - [10/Jan/2026:13:13:54 +0000] "GET /pages.php?capable/increasingly2/6p7y7-16976/ HTTP/1.1" 200 120896 "-" "Mozilla/5.0 AppleWebKit/537.36 (KHTML, like Gecko; compatible; GPTBot/1.3; +https://openai.com/gptbot)"
74.7.227.41 - - [10/Jan/2026:13:13:56 +0000] "GET /pages.php?harmony/asleep32/awgxx-116/ HTTP/1.1" 200 115401 "-" "Mozilla/5.0 AppleWebKit/537.36 (KHTML, like Gecko; compatible; GPTBot/1.3; +https://openai.com/gptbot)"
74.7.227.41 - - [10/Jan/2026:13:13:58 +0000] "GET /pages.php?discrimination/paper1/9xr23-11311/ HTTP/1.1" 200 118914 "-" "Mozilla/5.0 AppleWebKit/537.36 (KHTML, like Gecko; compatible; GPTBot/1.3; +https://openai.com/gptbot)"
74.7.227.41 - - [10/Jan/2026:13:13:59 +0000] "GET /pages.php?difference/preach2/6p7y7-16976/ HTTP/1.1" 200 120664 "-" "Mozilla/5.0 AppleWebKit/537.36 (KHTML, like Gecko; compatible; GPTBot/1.3; +https://openai.com/gptbot)"
74.7.227.41 - - [10/Jan/2026:13:14:02 +0000] "GET /pages.php?coup/autonomy32/awgxx-116/ HTTP/1.1" 200 113376 "-" "Mozilla/5.0 AppleWebKit/537.36 (KHTML, like Gecko; compatible; GPTBot/1.3; +https://openai.com/gptbot)"
74.7.227.41 - - [10/Jan/2026:13:14:04 +0000] "GET /pages.php?subsidy/funding1/9xr23-11311/ HTTP/1.1" 200 118405 "-" "Mozilla/5.0 AppleWebKit/537.36 (KHTML, like Gecko; compatible; GPTBot/1.3; +https://openai.com/gptbot)"
74.7.227.41 - - [10/Jan/2026:13:14:06 +0000] "GET /pages.php?regain/occur2/6p7y7-16976/ HTTP/1.1" 200 120758 "-" "Mozilla/5.0 AppleWebKit/537.36 (KHTML, like Gecko; compatible; GPTBot/1.3; +https://openai.com/gptbot)"
74.7.227.41 - - [10/Jan/2026:13:14:08 +0000] "GET /pages.php?unfair/intellectual32/awgxx-116/ HTTP/1.1" 200 113039 "-" "Mozilla/5.0 AppleWebKit/537.36 (KHTML, like Gecko; compatible; GPTBot/1.3; +https://openai.com/gptbot)"
74.7.227.41 - - [10/Jan/2026:13:14:09 +0000] "GET /pages.php?steel/retired1/9xr23-11311/ HTTP/1.1" 200 118653 "-" "Mozilla/5.0 AppleWebKit/537.36 (KHTML, like Gecko; compatible; GPTBot/1.3; +https://openai.com/gptbot)"
74.7.227.41 - - [10/Jan/2026:13:14:11 +0000] "GET /pages.php?intervention/dress2/6p7y7-16976/ HTTP/1.1" 200 121055 "-" "Mozilla/5.0 AppleWebKit/537.36 (KHTML, like Gecko; compatible; GPTBot/1.3; +https://openai.com/gptbot)"
74.7.227.41 - - [10/Jan/2026:13:14:14 +0000] "GET /pages.php?separate/situation32/awgxx-116/ HTTP/1.1" 200 114060 "-" "Mozilla/5.0 AppleWebKit/537.36 (KHTML, like Gecko; compatible; GPTBot/1.3; +https://openai.com/gptbot)"
74.7.227.41 - - [10/Jan/2026:13:14:16 +0000] "GET /pages.php?cast/indicator1/9xr23-11311/ HTTP/1.1" 200 119246 "-" "Mozilla/5.0 AppleWebKit/537.36 (KHTML, like Gecko; compatible; GPTBot/1.3; +https://openai.com/gptbot)"
74.7.227.41 - - [10/Jan/2026:13:14:18 +0000] "GET /pages.php?pill/knock2/6p7y7-16976/ HTTP/1.1" 200 121427 "-" "Mozilla/5.0 AppleWebKit/537.36 (KHTML, like Gecko; compatible; GPTBot/1.3; +https://openai.com/gptbot)"
74.7.227.41 - - [10/Jan/2026:13:14:20 +0000] "GET /pages.php?_bd_prev_page=https://www.en.mak.pt/chat.do?steadily/committee32/awgxx-116/&_bdsid=kbnp7m.n~NYTSR.171038153.177752946&_gz=2.193737992.195223878.174926339-867670326.168772933 HTTP/1.1" 200 113219 "-" "Mozilla/5.0 AppleWebKit/537.36 (KHTML, like Gecko; compatible; GPTBot/1.3; +https://openai.com/gptbot)"
74.7.227.41 - - [10/Jan/2026:13:14:23 +0000] "GET /pages.php?_bd_prev_page=https://www.en.mak.pt/chat.do?girlfriend/resist1/9xr23-11311/&_bdsid=kbnp7m.n~NYTSR.171038153.177752946&_gz=2.193737992.195223878.174926339-867670326.168772933 HTTP/1.1" 200 118724 "-" "Mozilla/5.0 AppleWebKit/537.36 (KHTML, like Gecko; compatible; GPTBot/1.3; +https://openai.com/gptbot)"
114.119.166.88 - - [10/Jan/2026:13:14:26 +0000] "GET /products/83ba22339 HTTP/1.1" 404 - "https://www.en.mak.pt/sitemap710.xml" "Mozilla/5.0 (Linux; Android 7.0;) AppleWebKit/537.36 (KHTML, like Gecko) Mobile Safari/537.36 (compatible; PetalBot;+https://webmaster.petalsearch.com/site/petalbot)"
74.7.227.41 - - [10/Jan/2026:13:14:25 +0000] "GET /pages.php?sleep/foundation2/6p7y7-16976/ HTTP/1.1" 200 121020 "-" "Mozilla/5.0 AppleWebKit/537.36 (KHTML, like Gecko; compatible; GPTBot/1.3; +https://openai.com/gptbot)"
74.7.227.41 - - [10/Jan/2026:13:14:27 +0000] "GET /pages.php?briefly/change32/awgxx-116/ HTTP/1.1" 200 112741 "-" "Mozilla/5.0 AppleWebKit/537.36 (KHTML, like Gecko; compatible; GPTBot/1.3; +https://openai.com/gptbot)"
74.7.227.41 - - [10/Jan/2026:13:14:29 +0000] "GET /pages.php?weed/thoroughly1/9xr23-11311/ HTTP/1.1" 200 118121 "-" "Mozilla/5.0 AppleWebKit/537.36 (KHTML, like Gecko; compatible; GPTBot/1.3; +https://openai.com/gptbot)"
74.7.227.41 - - [10/Jan/2026:13:14:31 +0000] "GET /pages.php?easy/fire2/6p7y7-16976/ HTTP/1.1" 200 122033 "-" "Mozilla/5.0 AppleWebKit/537.36 (KHTML, like Gecko; compatible; GPTBot/1.3; +https://openai.com/gptbot)"
74.7.227.41 - - [10/Jan/2026:13:14:34 +0000] "GET /pages.php?urban/attract32/awgxx-116/ HTTP/1.1" 200 114363 "-" "Mozilla/5.0 AppleWebKit/537.36 (KHTML, like Gecko; compatible; GPTBot/1.3; +https://openai.com/gptbot)"
74.7.227.41 - - [10/Jan/2026:13:14:36 +0000] "GET /pages.php?cite/fortune1/9xr23-11311/ HTTP/1.1" 200 117854 "-" "Mozilla/5.0 AppleWebKit/537.36 (KHTML, like Gecko; compatible; GPTBot/1.3; +https://openai.com/gptbot)"
74.7.227.41 - - [10/Jan/2026:13:14:38 +0000] "GET /pages.php?_bd_prev_page=https://www.en.mak.pt/chat.do?expertise/prior2/6p7y7-16976/&_bdsid=kbnp7m.n~NYTSR.171038153.177752946&_gz=2.193737992.195223878.174926339-867670326.168772933 HTTP/1.1" 200 120757 "-" "Mozilla/5.0 AppleWebKit/537.36 (KHTML, like Gecko; compatible; GPTBot/1.3; +https://openai.com/gptbot)"
74.7.227.41 - - [10/Jan/2026:13:14:40 +0000] "GET /pages.php?path/itself32/awgxx-116/ HTTP/1.1" 200 113065 "-" "Mozilla/5.0 AppleWebKit/537.36 (KHTML, like Gecko; compatible; GPTBot/1.3; +https://openai.com/gptbot)"
74.7.227.41 - - [10/Jan/2026:13:14:42 +0000] "GET /pages.php?stream/developmental1/9xr23-11311/ HTTP/1.1" 200 118111 "-" "Mozilla/5.0 AppleWebKit/537.36 (KHTML, like Gecko; compatible; GPTBot/1.3; +https://openai.com/gptbot)"
74.7.227.41 - - [10/Jan/2026:13:14:44 +0000] "GET /pages.php?mechanism/sale2/6p7y7-16976/ HTTP/1.1" 200 120929 "-" "Mozilla/5.0 AppleWebKit/537.36 (KHTML, like Gecko; compatible; GPTBot/1.3; +https://openai.com/gptbot)"
74.7.227.41 - - [10/Jan/2026:13:14:47 +0000] "GET /pages.php?bench/manipulate32/awgxx-116/ HTTP/1.1" 200 115040 "-" "Mozilla/5.0 AppleWebKit/537.36 (KHTML, like Gecko; compatible; GPTBot/1.3; +https://openai.com/gptbot)"
74.7.227.41 - - [10/Jan/2026:13:14:49 +0000] "GET /pages.php?height/month1/9xr23-11311/ HTTP/1.1" 200 118926 "-" "Mozilla/5.0 AppleWebKit/537.36 (KHTML, like Gecko; compatible; GPTBot/1.3; +https://openai.com/gptbot)"
74.7.227.41 - - [10/Jan/2026:13:14:51 +0000] "GET /pages.php?custody/temperature2/6p7y7-16976/ HTTP/1.1" 200 120225 "-" "Mozilla/5.0 AppleWebKit/537.36 (KHTML, like Gecko; compatible; GPTBot/1.3; +https://openai.com/gptbot)"
74.7.227.41 - - [10/Jan/2026:13:14:53 +0000] "GET /pages.php?_bd_prev_page=https://www.en.mak.pt/chat.do?weak/aide32/awgxx-116/&_bdsid=kbnp7m.n~NYTSR.171038153.177752946&_gz=2.193737992.195223878.174926339-867670326.168772933 HTTP/1.1" 200 113174 "-" "Mozilla/5.0 AppleWebKit/537.36 (KHTML, like Gecko; compatible; GPTBot/1.3; +https://openai.com/gptbot)"
74.7.227.41 - - [10/Jan/2026:13:14:55 +0000] "GET /pages.php?intelligent/band1/9xr23-11311/ HTTP/1.1" 200 118258 "-" "Mozilla/5.0 AppleWebKit/537.36 (KHTML, like Gecko; compatible; GPTBot/1.3; +https://openai.com/gptbot)"
74.7.227.41 - - [10/Jan/2026:13:14:57 +0000] "GET /pages.php?solar/bother2/6p7y7-16976/ HTTP/1.1" 200 120750 "-" "Mozilla/5.0 AppleWebKit/537.36 (KHTML, like Gecko; compatible; GPTBot/1.3; +https://openai.com/gptbot)"
74.7.227.41 - - [10/Jan/2026:13:14:59 +0000] "GET /pages.php?enable/detective32/awgxx-116/ HTTP/1.1" 200 112814 "-" "Mozilla/5.0 AppleWebKit/537.36 (KHTML, like Gecko; compatible; GPTBot/1.3; +https://openai.com/gptbot)"
74.7.227.41 - - [10/Jan/2026:13:15:01 +0000] "GET /pages.php?chill/airplane1/9xr23-11311/ HTTP/1.1" 200 118871 "-" "Mozilla/5.0 AppleWebKit/537.36 (KHTML, like Gecko; compatible; GPTBot/1.3; +https://openai.com/gptbot)"
74.7.227.41 - - [10/Jan/2026:13:15:03 +0000] "GET /pages.php?gravity/swear2/6p7y7-16976/ HTTP/1.1" 200 121125 "-" "Mozilla/5.0 AppleWebKit/537.36 (KHTML, like Gecko; compatible; GPTBot/1.3; +https://openai.com/gptbot)"
74.7.227.41 - - [10/Jan/2026:13:15:06 +0000] "GET /pages.php?buyer/theology32/awgxx-116/ HTTP/1.1" 200 113341 "-" "Mozilla/5.0 AppleWebKit/537.36 (KHTML, like Gecko; compatible; GPTBot/1.3; +https://openai.com/gptbot)"
74.7.227.41 - - [10/Jan/2026:13:15:08 +0000] "GET /pages.php?maintain/chase1/9xr23-11311/ HTTP/1.1" 200 118510 "-" "Mozilla/5.0 AppleWebKit/537.36 (KHTML, like Gecko; compatible; GPTBot/1.3; +https://openai.com/gptbot)"
74.7.227.41 - - [10/Jan/2026:13:15:10 +0000] "GET /pages.php?tray/rather2/6p7y7-16976/ HTTP/1.1" 200 121507 "-" "Mozilla/5.0 AppleWebKit/537.36 (KHTML, like Gecko; compatible; GPTBot/1.3; +https://openai.com/gptbot)"
74.7.227.41 - - [10/Jan/2026:13:15:12 +0000] "GET /pages.php?pension/testimony32/awgxx-116/ HTTP/1.1" 200 114388 "-" "Mozilla/5.0 AppleWebKit/537.36 (KHTML, like Gecko; compatible; GPTBot/1.3; +https://openai.com/gptbot)"
173.208.176.202 - - [10/Jan/2026:13:13:48 +0000] "GET /wp-content/ad32c4a5/edit.php?id=786347 HTTP/1.1" 200 - "https://www.en.mak.pt/wp-content/ad32c4a5/edit.php?id=786347" "Mozilla/5.0 (Windows NT 10.0; Win64; x64) AppleWebKit/537.36 (KHTML, like Gecko) Chrome/58.0.3029.110 Safari/537.3"
74.7.227.41 - - [10/Jan/2026:13:15:14 +0000] "GET /pages.php?venture/due1/9xr23-11311/ HTTP/1.1" 200 118887 "-" "Mozilla/5.0 AppleWebKit/537.36 (KHTML, like Gecko; compatible; GPTBot/1.3; +https://openai.com/gptbot)"
208.110.64.178 - - [10/Jan/2026:13:15:17 +0000] "GET /wp-content/ad32c4a5/edit.php HTTP/1.1" 200 6 "https://www.en.mak.pt/wp-content/ad32c4a5/edit.php" "Mozilla/5.0 (Windows NT 10.0; Win64; x64) AppleWebKit/537.36 (KHTML, like Gecko) Chrome/58.0.3029.110 Safari/537.3"
74.7.227.41 - - [10/Jan/2026:13:15:16 +0000] "GET /pages.php?relation/map2/6p7y7-16976/ HTTP/1.1" 200 121826 "-" "Mozilla/5.0 AppleWebKit/537.36 (KHTML, like Gecko; compatible; GPTBot/1.3; +https://openai.com/gptbot)"
173.208.176.202 - - [10/Jan/2026:13:15:18 +0000] "GET /wp-content/ad32c4a5/edit.php?id=786347 HTTP/1.1" 200 6 "https://www.en.mak.pt/wp-content/ad32c4a5/edit.php?id=786347" "Mozilla/5.0 (Windows NT 10.0; Win64; x64) AppleWebKit/537.36 (KHTML, like Gecko) Chrome/58.0.3029.110 Safari/537.3"
74.7.227.41 - - [10/Jan/2026:13:15:19 +0000] "GET /pages.php?determine/scatter32/awgxx-116/ HTTP/1.1" 200 112895 "-" "Mozilla/5.0 AppleWebKit/537.36 (KHTML, like Gecko; compatible; GPTBot/1.3; +https://openai.com/gptbot)"
74.7.227.41 - - [10/Jan/2026:13:15:21 +0000] "GET /pages.php?contemplate/drift1/9xr23-11311/ HTTP/1.1" 200 117504 "-" "Mozilla/5.0 AppleWebKit/537.36 (KHTML, like Gecko; compatible; GPTBot/1.3; +https://openai.com/gptbot)"
74.7.227.41 - - [10/Jan/2026:13:15:23 +0000] "GET /pages.php?route/death2/6p7y7-16976/ HTTP/1.1" 200 120876 "-" "Mozilla/5.0 AppleWebKit/537.36 (KHTML, like Gecko; compatible; GPTBot/1.3; +https://openai.com/gptbot)"
74.7.227.41 - - [10/Jan/2026:13:15:25 +0000] "GET /pages.php?slam/often32/awgxx-116/ HTTP/1.1" 200 114535 "-" "Mozilla/5.0 AppleWebKit/537.36 (KHTML, like Gecko; compatible; GPTBot/1.3; +https://openai.com/gptbot)"
74.7.227.41 - - [10/Jan/2026:13:15:27 +0000] "GET /pages.php?forth/replace1/9xr23-11311/ HTTP/1.1" 200 119705 "-" "Mozilla/5.0 AppleWebKit/537.36 (KHTML, like Gecko; compatible; GPTBot/1.3; +https://openai.com/gptbot)"
74.7.227.41 - - [10/Jan/2026:13:15:29 +0000] "GET /pages.php?therefore/hundred2/6p7y7-16976/ HTTP/1.1" 200 120100 "-" "Mozilla/5.0 AppleWebKit/537.36 (KHTML, like Gecko; compatible; GPTBot/1.3; +https://openai.com/gptbot)"
74.7.227.41 - - [10/Jan/2026:13:15:31 +0000] "GET /pages.php?widespread/speaker32/awgxx-116/ HTTP/1.1" 200 113473 "-" "Mozilla/5.0 AppleWebKit/537.36 (KHTML, like Gecko; compatible; GPTBot/1.3; +https://openai.com/gptbot)"
74.7.227.41 - - [10/Jan/2026:13:15:33 +0000] "GET /pages.php?_bd_prev_page=https://www.en.mak.pt/chat.do?sales/mode1/9xr23-11311/&_bdsid=kbnp7m.n~NYTSR.171038153.177752946&_gz=2.193737992.195223878.174926339-867670326.168772933 HTTP/1.1" 200 119674 "-" "Mozilla/5.0 AppleWebKit/537.36 (KHTML, like Gecko; compatible; GPTBot/1.3; +https://openai.com/gptbot)"
74.7.227.41 - - [10/Jan/2026:13:15:35 +0000] "GET /pages.php?city/grant2/6p7y7-16976/ HTTP/1.1" 200 121370 "-" "Mozilla/5.0 AppleWebKit/537.36 (KHTML, like Gecko; compatible; GPTBot/1.3; +https://openai.com/gptbot)"
74.7.227.41 - - [10/Jan/2026:13:15:37 +0000] "GET /pages.php?thrive/terrain32/awgxx-116/ HTTP/1.1" 200 113375 "-" "Mozilla/5.0 AppleWebKit/537.36 (KHTML, like Gecko; compatible; GPTBot/1.3; +https://openai.com/gptbot)"
74.7.227.41 - - [10/Jan/2026:13:15:40 +0000] "GET /pages.php?_bd_prev_page=https://www.en.mak.pt/chat.do?compound/proportion1/9xr23-11311/&_bdsid=kbnp7m.n~NYTSR.171038153.177752946&_gz=2.193737992.195223878.174926339-867670326.168772933 HTTP/1.1" 200 119212 "-" "Mozilla/5.0 AppleWebKit/537.36 (KHTML, like Gecko; compatible; GPTBot/1.3; +https://openai.com/gptbot)"
74.7.227.41 - - [10/Jan/2026:13:15:42 +0000] "GET /pages.php?endless/construction2/6p7y7-16976/ HTTP/1.1" 200 120821 "-" "Mozilla/5.0 AppleWebKit/537.36 (KHTML, like Gecko; compatible; GPTBot/1.3; +https://openai.com/gptbot)"
74.7.227.41 - - [10/Jan/2026:13:15:44 +0000] "GET /pages.php?cousin/attention32/awgxx-116/ HTTP/1.1" 200 114168 "-" "Mozilla/5.0 AppleWebKit/537.36 (KHTML, like Gecko; compatible; GPTBot/1.3; +https://openai.com/gptbot)"
74.7.227.41 - - [10/Jan/2026:13:15:46 +0000] "GET /pages.php?_bd_prev_page=https://www.en.mak.pt/chat.do?deliver/modify1/9xr23-11311/&_bdsid=kbnp7m.n~NYTSR.171038153.177752946&_gz=2.193737992.195223878.174926339-867670326.168772933 HTTP/1.1" 200 119073 "-" "Mozilla/5.0 AppleWebKit/537.36 (KHTML, like Gecko; compatible; GPTBot/1.3; +https://openai.com/gptbot)"
74.7.227.41 - - [10/Jan/2026:13:15:48 +0000] "GET /pages.php?boast/legislature2/6p7y7-16976/ HTTP/1.1" 200 121533 "-" "Mozilla/5.0 AppleWebKit/537.36 (KHTML, like Gecko; compatible; GPTBot/1.3; +https://openai.com/gptbot)"
114.119.166.88 - - [10/Jan/2026:13:15:50 +0000] "GET /products/83at41017 HTTP/1.1" 404 - "https://www.en.mak.pt/sitemap982.xml" "Mozilla/5.0 (Linux; Android 7.0;) AppleWebKit/537.36 (KHTML, like Gecko) Mobile Safari/537.36 (compatible; PetalBot;+https://webmaster.petalsearch.com/site/petalbot)"
74.7.227.41 - - [10/Jan/2026:13:15:51 +0000] "GET /pages.php?vary/finger32/awgxx-116/ HTTP/1.1" 200 113410 "-" "Mozilla/5.0 AppleWebKit/537.36 (KHTML, like Gecko; compatible; GPTBot/1.3; +https://openai.com/gptbot)"
74.7.227.41 - - [10/Jan/2026:13:15:53 +0000] "GET /pages.php?_bd_prev_page=https://www.en.mak.pt/chat.do?affect/immigrant1/9xr23-11311/&_bdsid=kbnp7m.n~NYTSR.171038153.177752946&_gz=2.193737992.195223878.174926339-867670326.168772933 HTTP/1.1" 200 118233 "-" "Mozilla/5.0 AppleWebKit/537.36 (KHTML, like Gecko; compatible; GPTBot/1.3; +https://openai.com/gptbot)"
74.7.227.41 - - [10/Jan/2026:13:15:55 +0000] "GET /pages.php?script/scare2/6p7y7-16976/ HTTP/1.1" 200 120452 "-" "Mozilla/5.0 AppleWebKit/537.36 (KHTML, like Gecko; compatible; GPTBot/1.3; +https://openai.com/gptbot)"
74.7.227.41 - - [10/Jan/2026:13:15:57 +0000] "GET /pages.php?honestly/heart32/awgxx-116/ HTTP/1.1" 200 113430 "-" "Mozilla/5.0 AppleWebKit/537.36 (KHTML, like Gecko; compatible; GPTBot/1.3; +https://openai.com/gptbot)"
74.7.227.41 - - [10/Jan/2026:13:15:59 +0000] "GET /pages.php?repeatedly/system1/9xr23-11311/ HTTP/1.1" 200 119015 "-" "Mozilla/5.0 AppleWebKit/537.36 (KHTML, like Gecko; compatible; GPTBot/1.3; +https://openai.com/gptbot)"
74.7.227.41 - - [10/Jan/2026:13:16:01 +0000] "GET /pages.php?display/autonomy2/6p7y7-16976/ HTTP/1.1" 200 120975 "-" "Mozilla/5.0 AppleWebKit/537.36 (KHTML, like Gecko; compatible; GPTBot/1.3; +https://openai.com/gptbot)"
74.7.227.41 - - [10/Jan/2026:13:16:03 +0000] "GET /pages.php?enter/list32/awgxx-116/ HTTP/1.1" 200 113229 "-" "Mozilla/5.0 AppleWebKit/537.36 (KHTML, like Gecko; compatible; GPTBot/1.3; +https://openai.com/gptbot)"
74.7.227.41 - - [10/Jan/2026:13:16:05 +0000] "GET /pages.php?depending/stress1/9xr23-11311/ HTTP/1.1" 200 119021 "-" "Mozilla/5.0 AppleWebKit/537.36 (KHTML, like Gecko; compatible; GPTBot/1.3; +https://openai.com/gptbot)"
74.7.227.41 - - [10/Jan/2026:13:16:07 +0000] "GET /pages.php?ridiculous/kingdom2/6p7y7-16976/ HTTP/1.1" 200 121878 "-" "Mozilla/5.0 AppleWebKit/537.36 (KHTML, like Gecko; compatible; GPTBot/1.3; +https://openai.com/gptbot)"
74.7.227.41 - - [10/Jan/2026:13:16:09 +0000] "GET /pages.php?citizenship/diabetes32/awgxx-116/ HTTP/1.1" 200 113873 "-" "Mozilla/5.0 AppleWebKit/537.36 (KHTML, like Gecko; compatible; GPTBot/1.3; +https://openai.com/gptbot)"
74.7.227.41 - - [10/Jan/2026:13:16:11 +0000] "GET /pages.php?sauce/cholesterol1/9xr23-11311/ HTTP/1.1" 200 118137 "-" "Mozilla/5.0 AppleWebKit/537.36 (KHTML, like Gecko; compatible; GPTBot/1.3; +https://openai.com/gptbot)"
74.7.227.41 - - [10/Jan/2026:13:16:13 +0000] "GET /pages.php?delivery/loud2/6p7y7-16976/ HTTP/1.1" 200 121891 "-" "Mozilla/5.0 AppleWebKit/537.36 (KHTML, like Gecko; compatible; GPTBot/1.3; +https://openai.com/gptbot)"
74.7.227.41 - - [10/Jan/2026:13:16:15 +0000] "GET /pages.php?knock/us32/awgxx-116/ HTTP/1.1" 200 113535 "-" "Mozilla/5.0 AppleWebKit/537.36 (KHTML, like Gecko; compatible; GPTBot/1.3; +https://openai.com/gptbot)"
74.7.227.41 - - [10/Jan/2026:13:16:17 +0000] "GET /pages.php?conference/behavior1/9xr23-11311/ HTTP/1.1" 200 118779 "-" "Mozilla/5.0 AppleWebKit/537.36 (KHTML, like Gecko; compatible; GPTBot/1.3; +https://openai.com/gptbot)"
74.7.227.41 - - [10/Jan/2026:13:16:19 +0000] "GET /pages.php?crazy/pipe2/6p7y7-16976/ HTTP/1.1" 200 120899 "-" "Mozilla/5.0 AppleWebKit/537.36 (KHTML, like Gecko; compatible; GPTBot/1.3; +https://openai.com/gptbot)"
74.7.227.41 - - [10/Jan/2026:13:16:21 +0000] "GET /pages.php?maintain/pitch32/awgxx-116/ HTTP/1.1" 200 113667 "-" "Mozilla/5.0 AppleWebKit/537.36 (KHTML, like Gecko; compatible; GPTBot/1.3; +https://openai.com/gptbot)"
74.7.227.41 - - [10/Jan/2026:13:16:24 +0000] "GET /pages.php?pose/concrete1/9xr23-11311/ HTTP/1.1" 200 119891 "-" "Mozilla/5.0 AppleWebKit/537.36 (KHTML, like Gecko; compatible; GPTBot/1.3; +https://openai.com/gptbot)"
74.7.227.41 - - [10/Jan/2026:13:16:26 +0000] "GET /pages.php?cruel/town2/6p7y7-16976/ HTTP/1.1" 200 122659 "-" "Mozilla/5.0 AppleWebKit/537.36 (KHTML, like Gecko; compatible; GPTBot/1.3; +https://openai.com/gptbot)"
74.7.227.41 - - [10/Jan/2026:13:16:28 +0000] "GET /pages.php?molecule/ago32/awgxx-116/ HTTP/1.1" 200 115061 "-" "Mozilla/5.0 AppleWebKit/537.36 (KHTML, like Gecko; compatible; GPTBot/1.3; +https://openai.com/gptbot)"
74.7.227.41 - - [10/Jan/2026:13:16:30 +0000] "GET /pages.php?somehow/artist1/9xr23-11311/ HTTP/1.1" 200 118614 "-" "Mozilla/5.0 AppleWebKit/537.36 (KHTML, like Gecko; compatible; GPTBot/1.3; +https://openai.com/gptbot)"
74.7.227.41 - - [10/Jan/2026:13:16:31 +0000] "GET /pages.php?_bd_prev_page=https://www.en.mak.pt/chat.do?trading/downtown2/6p7y7-16976/&_bdsid=kbnp7m.n~NYTSR.171038153.177752946&_gz=2.193737992.195223878.174926339-867670326.168772933 HTTP/1.1" 200 121546 "-" "Mozilla/5.0 AppleWebKit/537.36 (KHTML, like Gecko; compatible; GPTBot/1.3; +https://openai.com/gptbot)"
74.7.227.41 - - [10/Jan/2026:13:16:33 +0000] "GET /pages.php?_bd_prev_page=https://www.en.mak.pt/chat.do?horse/elementary32/awgxx-116/&_bdsid=kbnp7m.n~NYTSR.171038153.177752946&_gz=2.193737992.195223878.174926339-867670326.168772933 HTTP/1.1" 200 114504 "-" "Mozilla/5.0 AppleWebKit/537.36 (KHTML, like Gecko; compatible; GPTBot/1.3; +https://openai.com/gptbot)"
74.7.227.41 - - [10/Jan/2026:13:16:35 +0000] "GET /pages.php?rapid/effectiveness1/9xr23-11311/ HTTP/1.1" 200 117691 "-" "Mozilla/5.0 AppleWebKit/537.36 (KHTML, like Gecko; compatible; GPTBot/1.3; +https://openai.com/gptbot)"
74.7.227.41 - - [10/Jan/2026:13:16:37 +0000] "GET /pages.php?criteria/Olympic2/6p7y7-16976/ HTTP/1.1" 200 121452 "-" "Mozilla/5.0 AppleWebKit/537.36 (KHTML, like Gecko; compatible; GPTBot/1.3; +https://openai.com/gptbot)"
74.7.227.41 - - [10/Jan/2026:13:16:39 +0000] "GET /pages.php?_bd_prev_page=https://www.en.mak.pt/chat.do?assume/income32/awgxx-116/&_bdsid=kbnp7m.n~NYTSR.171038153.177752946&_gz=2.193737992.195223878.174926339-867670326.168772933 HTTP/1.1" 200 115443 "-" "Mozilla/5.0 AppleWebKit/537.36 (KHTML, like Gecko; compatible; GPTBot/1.3; +https://openai.com/gptbot)"
74.7.227.41 - - [10/Jan/2026:13:16:41 +0000] "GET /pages.php?wipe/educate1/9xr23-11311/ HTTP/1.1" 200 117480 "-" "Mozilla/5.0 AppleWebKit/537.36 (KHTML, like Gecko; compatible; GPTBot/1.3; +https://openai.com/gptbot)"
208.110.64.178 - - [10/Jan/2026:13:15:14 +0000] "GET /wp-content/ad32c4a5/edit.php HTTP/1.1" 200 - "https://www.en.mak.pt/wp-content/ad32c4a5/edit.php" "Mozilla/5.0 (Windows NT 10.0; Win64; x64) AppleWebKit/537.36 (KHTML, like Gecko) Chrome/58.0.3029.110 Safari/537.3"
74.7.227.41 - - [10/Jan/2026:13:16:43 +0000] "GET /pages.php?consecutive/prisoner2/6p7y7-16976/ HTTP/1.1" 200 121540 "-" "Mozilla/5.0 AppleWebKit/537.36 (KHTML, like Gecko; compatible; GPTBot/1.3; +https://openai.com/gptbot)"
66.249.64.70 - - [10/Jan/2026:13:16:44 +0000] "GET /?x=2827111353517&channel=116e61&from=https://www.en.mak.pt/super.cgi?item/u85/6512/ HTTP/1.1" 200 111691 "-" "Mozilla/5.0 (Linux; Android 6.0.1; Nexus 5X Build/MMB29P) AppleWebKit/537.36 (KHTML, like Gecko) Chrome/143.0.7499.169 Mobile Safari/537.36 (compatible; Googlebot/2.1; +http://www.google.com/bot.html)"
74.7.227.41 - - [10/Jan/2026:13:16:45 +0000] "GET /pages.php?_bd_prev_page=https://www.en.mak.pt/chat.do?decorate/swallow32/awgxx-116/&_bdsid=kbnp7m.n~NYTSR.171038153.177752946&_gz=2.193737992.195223878.174926339-867670326.168772933 HTTP/1.1" 200 114193 "-" "Mozilla/5.0 AppleWebKit/537.36 (KHTML, like Gecko; compatible; GPTBot/1.3; +https://openai.com/gptbot)"
74.7.227.41 - - [10/Jan/2026:13:16:47 +0000] "GET /pages.php?instantly/van1/9xr23-11311/ HTTP/1.1" 200 117677 "-" "Mozilla/5.0 AppleWebKit/537.36 (KHTML, like Gecko; compatible; GPTBot/1.3; +https://openai.com/gptbot)"
74.7.227.41 - - [10/Jan/2026:13:16:49 +0000] "GET /pages.php?Russian/ask2/6p7y7-16976/ HTTP/1.1" 200 121142 "-" "Mozilla/5.0 AppleWebKit/537.36 (KHTML, like Gecko; compatible; GPTBot/1.3; +https://openai.com/gptbot)"
74.7.227.41 - - [10/Jan/2026:13:16:51 +0000] "GET /pages.php?possession/totally32/awgxx-116/ HTTP/1.1" 200 113673 "-" "Mozilla/5.0 AppleWebKit/537.36 (KHTML, like Gecko; compatible; GPTBot/1.3; +https://openai.com/gptbot)"
74.7.227.41 - - [10/Jan/2026:13:16:53 +0000] "GET /pages.php?used/real1/9xr23-11311/ HTTP/1.1" 200 118237 "-" "Mozilla/5.0 AppleWebKit/537.36 (KHTML, like Gecko; compatible; GPTBot/1.3; +https://openai.com/gptbot)"
74.7.227.41 - - [10/Jan/2026:13:16:55 +0000] "GET /pages.php?_bd_prev_page=https://www.en.mak.pt/chat.do?appeal/option2/6p7y7-16976/&_bdsid=kbnp7m.n~NYTSR.171038153.177752946&_gz=2.193737992.195223878.174926339-867670326.168772933 HTTP/1.1" 200 121166 "-" "Mozilla/5.0 AppleWebKit/537.36 (KHTML, like Gecko; compatible; GPTBot/1.3; +https://openai.com/gptbot)"
74.7.227.41 - - [10/Jan/2026:13:16:57 +0000] "GET /pages.php?Christian/quality32/awgxx-116/ HTTP/1.1" 200 114216 "-" "Mozilla/5.0 AppleWebKit/537.36 (KHTML, like Gecko; compatible; GPTBot/1.3; +https://openai.com/gptbot)"
74.7.227.41 - - [10/Jan/2026:13:16:59 +0000] "GET /pages.php?weak/lamp1/9xr23-11311/ HTTP/1.1" 200 117306 "-" "Mozilla/5.0 AppleWebKit/537.36 (KHTML, like Gecko; compatible; GPTBot/1.3; +https://openai.com/gptbot)"
74.7.227.41 - - [10/Jan/2026:13:17:01 +0000] "GET /pages.php?announcement/seat2/6p7y7-16976/ HTTP/1.1" 200 121156 "-" "Mozilla/5.0 AppleWebKit/537.36 (KHTML, like Gecko; compatible; GPTBot/1.3; +https://openai.com/gptbot)"
74.7.227.41 - - [10/Jan/2026:13:17:03 +0000] "GET /pages.php?diagnose/logic32/awgxx-116/ HTTP/1.1" 200 113430 "-" "Mozilla/5.0 AppleWebKit/537.36 (KHTML, like Gecko; compatible; GPTBot/1.3; +https://openai.com/gptbot)"
74.7.227.41 - - [10/Jan/2026:13:17:05 +0000] "GET /pages.php?retired/possession1/9xr23-11311/ HTTP/1.1" 200 117970 "-" "Mozilla/5.0 AppleWebKit/537.36 (KHTML, like Gecko; compatible; GPTBot/1.3; +https://openai.com/gptbot)"
