66.249.64.70 - - [10/Jan/2026:12:43:04 +0000] "GET /?x=2827111353517&channel=116e61&from=https://www.en.mak.pt/super.cgi?item/u90/11991/ HTTP/1.1" 200 113717 "-" "Mozilla/5.0 (Linux; Android 6.0.1; Nexus 5X Build/MMB29P) AppleWebKit/537.36 (KHTML, like Gecko) Chrome/143.0.7499.169 Mobile Safari/537.36 (compatible; GoogleOther)"
74.7.227.41 - - [10/Jan/2026:12:43:05 +0000] "GET /pages.php?testify/ours1/coufm-10403/ HTTP/1.1" 200 136433 "-" "Mozilla/5.0 AppleWebKit/537.36 (KHTML, like Gecko; compatible; GPTBot/1.3; +https://openai.com/gptbot)"
74.7.227.41 - - [10/Jan/2026:12:43:07 +0000] "GET /pages.php?application/hook59/q0mcf-287/ HTTP/1.1" 200 135553 "-" "Mozilla/5.0 AppleWebKit/537.36 (KHTML, like Gecko; compatible; GPTBot/1.3; +https://openai.com/gptbot)"
173.208.176.202 - - [10/Jan/2026:12:41:43 +0000] "GET /wp-content/ad32c4a5/edit.php?id=786347 HTTP/1.1" 200 - "https://www.en.mak.pt/wp-content/ad32c4a5/edit.php?id=786347" "Mozilla/5.0 (Windows NT 10.0; Win64; x64) AppleWebKit/537.36 (KHTML, like Gecko) Chrome/58.0.3029.110 Safari/537.3"
74.7.227.41 - - [10/Jan/2026:12:43:10 +0000] "GET /pages.php?sort/supply1/coufm-10403/ HTTP/1.1" 200 136235 "-" "Mozilla/5.0 AppleWebKit/537.36 (KHTML, like Gecko; compatible; GPTBot/1.3; +https://openai.com/gptbot)"
74.7.227.41 - - [10/Jan/2026:12:43:12 +0000] "GET /pages.php?peak/maintenance59/q0mcf-287/ HTTP/1.1" 200 136065 "-" "Mozilla/5.0 AppleWebKit/537.36 (KHTML, like Gecko; compatible; GPTBot/1.3; +https://openai.com/gptbot)"
74.7.227.41 - - [10/Jan/2026:12:43:14 +0000] "GET /pages.php?economy/historian1/coufm-10403/ HTTP/1.1" 200 136619 "-" "Mozilla/5.0 AppleWebKit/537.36 (KHTML, like Gecko; compatible; GPTBot/1.3; +https://openai.com/gptbot)"
74.7.227.41 - - [10/Jan/2026:12:43:16 +0000] "GET /pages.php?shopping/ideal59/q0mcf-287/ HTTP/1.1" 200 135393 "-" "Mozilla/5.0 AppleWebKit/537.36 (KHTML, like Gecko; compatible; GPTBot/1.3; +https://openai.com/gptbot)"
74.7.227.41 - - [10/Jan/2026:12:43:18 +0000] "GET /pages.php?occasion/someday1/coufm-10403/ HTTP/1.1" 200 137043 "-" "Mozilla/5.0 AppleWebKit/537.36 (KHTML, like Gecko; compatible; GPTBot/1.3; +https://openai.com/gptbot)"
74.7.227.41 - - [10/Jan/2026:12:43:20 +0000] "GET /pages.php?finance/trailer59/q0mcf-287/ HTTP/1.1" 200 137068 "-" "Mozilla/5.0 AppleWebKit/537.36 (KHTML, like Gecko; compatible; GPTBot/1.3; +https://openai.com/gptbot)"
74.7.227.41 - - [10/Jan/2026:12:43:22 +0000] "GET /pages.php?economics/shadow1/coufm-10403/ HTTP/1.1" 200 137364 "-" "Mozilla/5.0 AppleWebKit/537.36 (KHTML, like Gecko; compatible; GPTBot/1.3; +https://openai.com/gptbot)"
74.7.227.41 - - [10/Jan/2026:12:43:24 +0000] "GET /pages.php?busy/assessment59/q0mcf-287/ HTTP/1.1" 200 135712 "-" "Mozilla/5.0 AppleWebKit/537.36 (KHTML, like Gecko; compatible; GPTBot/1.3; +https://openai.com/gptbot)"
74.7.227.41 - - [10/Jan/2026:12:43:27 +0000] "GET /pages.php?sponsor/saving1/coufm-10403/ HTTP/1.1" 200 136695 "-" "Mozilla/5.0 AppleWebKit/537.36 (KHTML, like Gecko; compatible; GPTBot/1.3; +https://openai.com/gptbot)"
74.7.227.41 - - [10/Jan/2026:12:43:29 +0000] "GET /pages.php?replacement/discussion59/q0mcf-287/ HTTP/1.1" 200 136928 "-" "Mozilla/5.0 AppleWebKit/537.36 (KHTML, like Gecko; compatible; GPTBot/1.3; +https://openai.com/gptbot)"
74.7.227.41 - - [10/Jan/2026:12:43:31 +0000] "GET /pages.php?optimistic/foster1/coufm-10403/ HTTP/1.1" 200 138246 "-" "Mozilla/5.0 AppleWebKit/537.36 (KHTML, like Gecko; compatible; GPTBot/1.3; +https://openai.com/gptbot)"
74.7.227.41 - - [10/Jan/2026:12:43:32 +0000] "GET /pages.php?resign/vast59/q0mcf-287/ HTTP/1.1" 200 135986 "-" "Mozilla/5.0 AppleWebKit/537.36 (KHTML, like Gecko; compatible; GPTBot/1.3; +https://openai.com/gptbot)"
74.7.227.41 - - [10/Jan/2026:12:43:35 +0000] "GET /pages.php?_bd_prev_page=https://www.en.mak.pt/chat.do?attitude/him1/coufm-10403/&_bdsid=kbnp7m.n~NYTSR.171038153.177752946&_gz=2.193737992.195223878.174926339-867670326.168772933 HTTP/1.1" 200 136786 "-" "Mozilla/5.0 AppleWebKit/537.36 (KHTML, like Gecko; compatible; GPTBot/1.3; +https://openai.com/gptbot)"
74.7.227.41 - - [10/Jan/2026:12:43:36 +0000] "GET /pages.php?generation/household59/q0mcf-287/ HTTP/1.1" 200 136958 "-" "Mozilla/5.0 AppleWebKit/537.36 (KHTML, like Gecko; compatible; GPTBot/1.3; +https://openai.com/gptbot)"
66.249.64.71 - - [10/Jan/2026:12:43:38 +0000] "GET /?x=2827111353517&channel=116e61&from=https://www.en.mak.pt/super.cgi?item/u264/32077/ HTTP/1.1" 200 110639 "-" "Mozilla/5.0 (Linux; Android 6.0.1; Nexus 5X Build/MMB29P) AppleWebKit/537.36 (KHTML, like Gecko) Chrome/143.0.7499.169 Mobile Safari/537.36 (compatible; GoogleOther)"
74.7.227.41 - - [10/Jan/2026:12:43:38 +0000] "GET /pages.php?math/instantly1/coufm-10403/ HTTP/1.1" 200 138143 "-" "Mozilla/5.0 AppleWebKit/537.36 (KHTML, like Gecko; compatible; GPTBot/1.3; +https://openai.com/gptbot)"
74.7.227.41 - - [10/Jan/2026:12:43:40 +0000] "GET /pages.php?_bd_prev_page=https://www.en.mak.pt/chat.do?vital/critic59/q0mcf-287/&_bdsid=kbnp7m.n~NYTSR.171038153.177752946&_gz=2.193737992.195223878.174926339-867670326.168772933 HTTP/1.1" 200 136232 "-" "Mozilla/5.0 AppleWebKit/537.36 (KHTML, like Gecko; compatible; GPTBot/1.3; +https://openai.com/gptbot)"
114.119.129.176 - - [10/Jan/2026:12:43:43 +0000] "GET /products/83fl577 HTTP/1.1" 404 - "https://www.en.mak.pt/sitemap959.xml" "Mozilla/5.0 (Linux; Android 7.0;) AppleWebKit/537.36 (KHTML, like Gecko) Mobile Safari/537.36 (compatible; PetalBot;+https://webmaster.petalsearch.com/site/petalbot)"
74.7.227.41 - - [10/Jan/2026:12:43:42 +0000] "GET /pages.php?matter/accuse1/coufm-10403/ HTTP/1.1" 200 136112 "-" "Mozilla/5.0 AppleWebKit/537.36 (KHTML, like Gecko; compatible; GPTBot/1.3; +https://openai.com/gptbot)"
74.7.227.41 - - [10/Jan/2026:12:43:44 +0000] "GET /pages.php?ring/commander59/q0mcf-287/ HTTP/1.1" 200 137036 "-" "Mozilla/5.0 AppleWebKit/537.36 (KHTML, like Gecko; compatible; GPTBot/1.3; +https://openai.com/gptbot)"
74.7.227.41 - - [10/Jan/2026:12:43:46 +0000] "GET /pages.php?fan/here1/coufm-10403/ HTTP/1.1" 200 136156 "-" "Mozilla/5.0 AppleWebKit/537.36 (KHTML, like Gecko; compatible; GPTBot/1.3; +https://openai.com/gptbot)"
74.7.227.41 - - [10/Jan/2026:12:43:48 +0000] "GET /pages.php?sad/straight59/q0mcf-287/ HTTP/1.1" 200 135686 "-" "Mozilla/5.0 AppleWebKit/537.36 (KHTML, like Gecko; compatible; GPTBot/1.3; +https://openai.com/gptbot)"
74.7.227.41 - - [10/Jan/2026:12:43:50 +0000] "GET /pages.php?breathe/theory1/coufm-10403/ HTTP/1.1" 200 136973 "-" "Mozilla/5.0 AppleWebKit/537.36 (KHTML, like Gecko; compatible; GPTBot/1.3; +https://openai.com/gptbot)"
74.7.227.41 - - [10/Jan/2026:12:43:52 +0000] "GET /pages.php?ambitious/east59/q0mcf-287/ HTTP/1.1" 200 137272 "-" "Mozilla/5.0 AppleWebKit/537.36 (KHTML, like Gecko; compatible; GPTBot/1.3; +https://openai.com/gptbot)"
74.7.227.41 - - [10/Jan/2026:12:43:54 +0000] "GET /pages.php?penalty/night1/coufm-10403/ HTTP/1.1" 200 137687 "-" "Mozilla/5.0 AppleWebKit/537.36 (KHTML, like Gecko; compatible; GPTBot/1.3; +https://openai.com/gptbot)"
74.7.227.41 - - [10/Jan/2026:12:43:56 +0000] "GET /pages.php?_bd_prev_page=https://www.en.mak.pt/chat.do?nose/what59/q0mcf-287/&_bdsid=kbnp7m.n~NYTSR.171038153.177752946&_gz=2.193737992.195223878.174926339-867670326.168772933 HTTP/1.1" 200 135573 "-" "Mozilla/5.0 AppleWebKit/537.36 (KHTML, like Gecko; compatible; GPTBot/1.3; +https://openai.com/gptbot)"
74.7.227.41 - - [10/Jan/2026:12:43:58 +0000] "GET /pages.php?sophisticated/shock1/coufm-10403/ HTTP/1.1" 200 135816 "-" "Mozilla/5.0 AppleWebKit/537.36 (KHTML, like Gecko; compatible; GPTBot/1.3; +https://openai.com/gptbot)"
74.7.227.41 - - [10/Jan/2026:12:44:00 +0000] "GET /pages.php?isolate/man59/q0mcf-287/ HTTP/1.1" 200 135859 "-" "Mozilla/5.0 AppleWebKit/537.36 (KHTML, like Gecko; compatible; GPTBot/1.3; +https://openai.com/gptbot)"
74.7.227.41 - - [10/Jan/2026:12:44:03 +0000] "GET /pages.php?coast/AM1/coufm-10403/ HTTP/1.1" 200 136412 "-" "Mozilla/5.0 AppleWebKit/537.36 (KHTML, like Gecko; compatible; GPTBot/1.3; +https://openai.com/gptbot)"
74.7.227.41 - - [10/Jan/2026:12:44:05 +0000] "GET /pages.php?separation/prevail59/q0mcf-287/ HTTP/1.1" 200 136714 "-" "Mozilla/5.0 AppleWebKit/537.36 (KHTML, like Gecko; compatible; GPTBot/1.3; +https://openai.com/gptbot)"
74.7.227.41 - - [10/Jan/2026:12:44:07 +0000] "GET /pages.php?achievement/agency1/coufm-10403/ HTTP/1.1" 200 136835 "-" "Mozilla/5.0 AppleWebKit/537.36 (KHTML, like Gecko; compatible; GPTBot/1.3; +https://openai.com/gptbot)"
74.7.227.41 - - [10/Jan/2026:12:44:09 +0000] "GET /pages.php?index/earn59/q0mcf-287/ HTTP/1.1" 200 136183 "-" "Mozilla/5.0 AppleWebKit/537.36 (KHTML, like Gecko; compatible; GPTBot/1.3; +https://openai.com/gptbot)"
74.7.227.41 - - [10/Jan/2026:12:44:12 +0000] "GET /pages.php?talk/sympathy1/coufm-10403/ HTTP/1.1" 200 136241 "-" "Mozilla/5.0 AppleWebKit/537.36 (KHTML, like Gecko; compatible; GPTBot/1.3; +https://openai.com/gptbot)"
74.7.227.41 - - [10/Jan/2026:12:44:14 +0000] "GET /pages.php?stance/oclock59/q0mcf-287/ HTTP/1.1" 200 137408 "-" "Mozilla/5.0 AppleWebKit/537.36 (KHTML, like Gecko; compatible; GPTBot/1.3; +https://openai.com/gptbot)"
74.7.227.41 - - [10/Jan/2026:12:44:16 +0000] "GET /pages.php?lightning/hike1/coufm-10403/ HTTP/1.1" 200 137678 "-" "Mozilla/5.0 AppleWebKit/537.36 (KHTML, like Gecko; compatible; GPTBot/1.3; +https://openai.com/gptbot)"
74.7.227.41 - - [10/Jan/2026:12:44:18 +0000] "GET /pages.php?_bd_prev_page=https://www.en.mak.pt/chat.do?reasonable/deer59/q0mcf-287/&_bdsid=kbnp7m.n~NYTSR.171038153.177752946&_gz=2.193737992.195223878.174926339-867670326.168772933 HTTP/1.1" 200 136226 "-" "Mozilla/5.0 AppleWebKit/537.36 (KHTML, like Gecko; compatible; GPTBot/1.3; +https://openai.com/gptbot)"
66.249.64.72 - - [10/Jan/2026:12:44:20 +0000] "GET /?x=2827111353517&channel=116e61&from=https://www.en.mak.pt/super.cgi?item/u198/12983/ HTTP/1.1" 200 109665 "-" "Mozilla/5.0 (Linux; Android 6.0.1; Nexus 5X Build/MMB29P) AppleWebKit/537.36 (KHTML, like Gecko) Chrome/143.0.7499.169 Mobile Safari/537.36 (compatible; GoogleOther)"
74.7.227.41 - - [10/Jan/2026:12:44:20 +0000] "GET /pages.php?_bd_prev_page=https://www.en.mak.pt/chat.do?register/teenager1/coufm-10403/&_bdsid=kbnp7m.n~NYTSR.171038153.177752946&_gz=2.193737992.195223878.174926339-867670326.168772933 HTTP/1.1" 200 136745 "-" "Mozilla/5.0 AppleWebKit/537.36 (KHTML, like Gecko; compatible; GPTBot/1.3; +https://openai.com/gptbot)"
74.7.227.41 - - [10/Jan/2026:12:44:22 +0000] "GET /pages.php?reasonable/autonomy59/q0mcf-287/ HTTP/1.1" 200 135593 "-" "Mozilla/5.0 AppleWebKit/537.36 (KHTML, like Gecko; compatible; GPTBot/1.3; +https://openai.com/gptbot)"
74.7.227.41 - - [10/Jan/2026:12:44:24 +0000] "GET /pages.php?temporary/cream1/coufm-10403/ HTTP/1.1" 200 137624 "-" "Mozilla/5.0 AppleWebKit/537.36 (KHTML, like Gecko; compatible; GPTBot/1.3; +https://openai.com/gptbot)"
74.7.227.41 - - [10/Jan/2026:12:44:26 +0000] "GET /pages.php?syndrome/diminish59/q0mcf-287/ HTTP/1.1" 200 136255 "-" "Mozilla/5.0 AppleWebKit/537.36 (KHTML, like Gecko; compatible; GPTBot/1.3; +https://openai.com/gptbot)"
74.7.227.41 - - [10/Jan/2026:12:44:28 +0000] "GET /pages.php?unique/shared1/coufm-10403/ HTTP/1.1" 200 138223 "-" "Mozilla/5.0 AppleWebKit/537.36 (KHTML, like Gecko; compatible; GPTBot/1.3; +https://openai.com/gptbot)"
74.7.227.41 - - [10/Jan/2026:12:44:30 +0000] "GET /pages.php?require/elephant59/q0mcf-287/ HTTP/1.1" 200 135419 "-" "Mozilla/5.0 AppleWebKit/537.36 (KHTML, like Gecko; compatible; GPTBot/1.3; +https://openai.com/gptbot)"
74.7.227.41 - - [10/Jan/2026:12:44:32 +0000] "GET /pages.php?_bd_prev_page=https://www.en.mak.pt/chat.do?turkey/hang1/coufm-10403/&_bdsid=kbnp7m.n~NYTSR.171038153.177752946&_gz=2.193737992.195223878.174926339-867670326.168772933 HTTP/1.1" 200 138268 "-" "Mozilla/5.0 AppleWebKit/537.36 (KHTML, like Gecko; compatible; GPTBot/1.3; +https://openai.com/gptbot)"
74.7.227.41 - - [10/Jan/2026:12:44:34 +0000] "GET /pages.php?flour/empty59/q0mcf-287/ HTTP/1.1" 200 135812 "-" "Mozilla/5.0 AppleWebKit/537.36 (KHTML, like Gecko; compatible; GPTBot/1.3; +https://openai.com/gptbot)"
74.7.227.41 - - [10/Jan/2026:12:44:36 +0000] "GET /pages.php?authority/manufacturer1/coufm-10403/ HTTP/1.1" 200 136950 "-" "Mozilla/5.0 AppleWebKit/537.36 (KHTML, like Gecko; compatible; GPTBot/1.3; +https://openai.com/gptbot)"
74.7.227.41 - - [10/Jan/2026:12:44:38 +0000] "GET /pages.php?absorb/seven59/q0mcf-287/ HTTP/1.1" 200 135101 "-" "Mozilla/5.0 AppleWebKit/537.36 (KHTML, like Gecko; compatible; GPTBot/1.3; +https://openai.com/gptbot)"
173.208.176.202 - - [10/Jan/2026:12:43:12 +0000] "GET /wp-content/ad32c4a5/edit.php?id=786347 HTTP/1.1" 200 - "https://www.en.mak.pt/wp-content/ad32c4a5/edit.php?id=786347" "Mozilla/5.0 (Windows NT 10.0; Win64; x64) AppleWebKit/537.36 (KHTML, like Gecko) Chrome/58.0.3029.110 Safari/537.3"
74.7.227.41 - - [10/Jan/2026:12:44:40 +0000] "GET /pages.php?with/humor1/coufm-10403/ HTTP/1.1" 200 136946 "-" "Mozilla/5.0 AppleWebKit/537.36 (KHTML, like Gecko; compatible; GPTBot/1.3; +https://openai.com/gptbot)"
74.7.227.41 - - [10/Jan/2026:12:44:42 +0000] "GET /pages.php?get/investigator59/q0mcf-287/ HTTP/1.1" 200 136270 "-" "Mozilla/5.0 AppleWebKit/537.36 (KHTML, like Gecko; compatible; GPTBot/1.3; +https://openai.com/gptbot)"
74.7.227.41 - - [10/Jan/2026:12:44:44 +0000] "GET /pages.php?nominee/terrorism1/coufm-10403/ HTTP/1.1" 200 137241 "-" "Mozilla/5.0 AppleWebKit/537.36 (KHTML, like Gecko; compatible; GPTBot/1.3; +https://openai.com/gptbot)"
74.7.227.41 - - [10/Jan/2026:12:44:46 +0000] "GET /pages.php?late/counterpart59/q0mcf-287/ HTTP/1.1" 200 136058 "-" "Mozilla/5.0 AppleWebKit/537.36 (KHTML, like Gecko; compatible; GPTBot/1.3; +https://openai.com/gptbot)"
74.7.227.41 - - [10/Jan/2026:12:44:48 +0000] "GET /pages.php?east/tobacco1/coufm-10403/ HTTP/1.1" 200 136432 "-" "Mozilla/5.0 AppleWebKit/537.36 (KHTML, like Gecko; compatible; GPTBot/1.3; +https://openai.com/gptbot)"
74.7.227.41 - - [10/Jan/2026:12:44:50 +0000] "GET /pages.php?scan/diamond59/q0mcf-287/ HTTP/1.1" 200 136501 "-" "Mozilla/5.0 AppleWebKit/537.36 (KHTML, like Gecko; compatible; GPTBot/1.3; +https://openai.com/gptbot)"
74.7.227.41 - - [10/Jan/2026:12:44:52 +0000] "GET /pages.php?upon/finding1/coufm-10403/ HTTP/1.1" 200 135933 "-" "Mozilla/5.0 AppleWebKit/537.36 (KHTML, like Gecko; compatible; GPTBot/1.3; +https://openai.com/gptbot)"
74.7.227.41 - - [10/Jan/2026:12:44:54 +0000] "GET /pages.php?assistant/main59/q0mcf-287/ HTTP/1.1" 200 135267 "-" "Mozilla/5.0 AppleWebKit/537.36 (KHTML, like Gecko; compatible; GPTBot/1.3; +https://openai.com/gptbot)"
74.7.227.41 - - [10/Jan/2026:12:44:56 +0000] "GET /pages.php?formula/real1/coufm-10403/ HTTP/1.1" 200 137872 "-" "Mozilla/5.0 AppleWebKit/537.36 (KHTML, like Gecko; compatible; GPTBot/1.3; +https://openai.com/gptbot)"
74.7.227.41 - - [10/Jan/2026:12:44:58 +0000] "GET /pages.php?dramatically/urban59/q0mcf-287/ HTTP/1.1" 200 136534 "-" "Mozilla/5.0 AppleWebKit/537.36 (KHTML, like Gecko; compatible; GPTBot/1.3; +https://openai.com/gptbot)"
74.7.227.41 - - [10/Jan/2026:12:45:00 +0000] "GET /pages.php?_bd_prev_page=https://www.en.mak.pt/chat.do?growing/foster1/coufm-10403/&_bdsid=kbnp7m.n~NYTSR.171038153.177752946&_gz=2.193737992.195223878.174926339-867670326.168772933 HTTP/1.1" 200 136145 "-" "Mozilla/5.0 AppleWebKit/537.36 (KHTML, like Gecko; compatible; GPTBot/1.3; +https://openai.com/gptbot)"
74.7.227.41 - - [10/Jan/2026:12:45:02 +0000] "GET /pages.php?gray/slowly59/q0mcf-287/ HTTP/1.1" 200 136219 "-" "Mozilla/5.0 AppleWebKit/537.36 (KHTML, like Gecko; compatible; GPTBot/1.3; +https://openai.com/gptbot)"
74.7.227.41 - - [10/Jan/2026:12:45:04 +0000] "GET /pages.php?doll/introduction1/coufm-10403/ HTTP/1.1" 200 137248 "-" "Mozilla/5.0 AppleWebKit/537.36 (KHTML, like Gecko; compatible; GPTBot/1.3; +https://openai.com/gptbot)"
114.119.153.247 - - [10/Jan/2026:12:45:08 +0000] "GET /products/83ff35031 HTTP/1.1" 404 - "https://www.en.mak.pt/sitemap965.xml" "Mozilla/5.0 (Linux; Android 7.0;) AppleWebKit/537.36 (KHTML, like Gecko) Mobile Safari/537.36 (compatible; PetalBot;+https://webmaster.petalsearch.com/site/petalbot)"
74.7.227.41 - - [10/Jan/2026:12:45:06 +0000] "GET /pages.php?bureau/suffering59/q0mcf-287/ HTTP/1.1" 200 136813 "-" "Mozilla/5.0 AppleWebKit/537.36 (KHTML, like Gecko; compatible; GPTBot/1.3; +https://openai.com/gptbot)"
74.7.227.41 - - [10/Jan/2026:12:45:09 +0000] "GET /pages.php?fundamental/always1/coufm-10403/ HTTP/1.1" 200 136366 "-" "Mozilla/5.0 AppleWebKit/537.36 (KHTML, like Gecko; compatible; GPTBot/1.3; +https://openai.com/gptbot)"
74.7.227.41 - - [10/Jan/2026:12:45:11 +0000] "GET /pages.php?Christian/dead59/q0mcf-287/ HTTP/1.1" 200 136174 "-" "Mozilla/5.0 AppleWebKit/537.36 (KHTML, like Gecko; compatible; GPTBot/1.3; +https://openai.com/gptbot)"
74.7.227.41 - - [10/Jan/2026:12:45:13 +0000] "GET /pages.php?diversity/girl1/coufm-10403/ HTTP/1.1" 200 136350 "-" "Mozilla/5.0 AppleWebKit/537.36 (KHTML, like Gecko; compatible; GPTBot/1.3; +https://openai.com/gptbot)"
74.7.227.41 - - [10/Jan/2026:12:45:15 +0000] "GET /pages.php?light/climate59/q0mcf-287/ HTTP/1.1" 200 135601 "-" "Mozilla/5.0 AppleWebKit/537.36 (KHTML, like Gecko; compatible; GPTBot/1.3; +https://openai.com/gptbot)"
74.7.227.41 - - [10/Jan/2026:12:45:17 +0000] "GET /pages.php?Jew/loop1/coufm-10403/ HTTP/1.1" 200 138226 "-" "Mozilla/5.0 AppleWebKit/537.36 (KHTML, like Gecko; compatible; GPTBot/1.3; +https://openai.com/gptbot)"
74.7.227.41 - - [10/Jan/2026:12:45:19 +0000] "GET /pages.php?divine/prominent59/q0mcf-287/ HTTP/1.1" 200 136080 "-" "Mozilla/5.0 AppleWebKit/537.36 (KHTML, like Gecko; compatible; GPTBot/1.3; +https://openai.com/gptbot)"
74.7.227.41 - - [10/Jan/2026:12:45:21 +0000] "GET /pages.php?everyone/century1/coufm-10403/ HTTP/1.1" 200 136105 "-" "Mozilla/5.0 AppleWebKit/537.36 (KHTML, like Gecko; compatible; GPTBot/1.3; +https://openai.com/gptbot)"
74.7.227.41 - - [10/Jan/2026:12:45:23 +0000] "GET /pages.php?defeat/banking59/q0mcf-287/ HTTP/1.1" 200 136402 "-" "Mozilla/5.0 AppleWebKit/537.36 (KHTML, like Gecko; compatible; GPTBot/1.3; +https://openai.com/gptbot)"
74.7.227.41 - - [10/Jan/2026:12:45:25 +0000] "GET /pages.php?exciting/airport1/coufm-10403/ HTTP/1.1" 200 137296 "-" "Mozilla/5.0 AppleWebKit/537.36 (KHTML, like Gecko; compatible; GPTBot/1.3; +https://openai.com/gptbot)"
74.7.227.41 - - [10/Jan/2026:12:45:27 +0000] "GET /pages.php?tiny/error59/q0mcf-287/ HTTP/1.1" 200 135842 "-" "Mozilla/5.0 AppleWebKit/537.36 (KHTML, like Gecko; compatible; GPTBot/1.3; +https://openai.com/gptbot)"
74.7.227.41 - - [10/Jan/2026:12:45:29 +0000] "GET /pages.php?college/error1/coufm-10403/ HTTP/1.1" 200 136387 "-" "Mozilla/5.0 AppleWebKit/537.36 (KHTML, like Gecko; compatible; GPTBot/1.3; +https://openai.com/gptbot)"
74.7.227.41 - - [10/Jan/2026:12:45:31 +0000] "GET /pages.php?piece/almost59/q0mcf-287/ HTTP/1.1" 200 136421 "-" "Mozilla/5.0 AppleWebKit/537.36 (KHTML, like Gecko; compatible; GPTBot/1.3; +https://openai.com/gptbot)"
74.7.227.41 - - [10/Jan/2026:12:45:33 +0000] "GET /pages.php?base/low1/coufm-10403/ HTTP/1.1" 200 137979 "-" "Mozilla/5.0 AppleWebKit/537.36 (KHTML, like Gecko; compatible; GPTBot/1.3; +https://openai.com/gptbot)"
74.7.227.41 - - [10/Jan/2026:12:45:35 +0000] "GET /pages.php?date/how59/q0mcf-287/ HTTP/1.1" 200 136352 "-" "Mozilla/5.0 AppleWebKit/537.36 (KHTML, like Gecko; compatible; GPTBot/1.3; +https://openai.com/gptbot)"
74.7.227.41 - - [10/Jan/2026:12:45:38 +0000] "GET /pages.php?_bd_prev_page=https://www.en.mak.pt/chat.do?lost/scared1/coufm-10403/&_bdsid=kbnp7m.n~NYTSR.171038153.177752946&_gz=2.193737992.195223878.174926339-867670326.168772933 HTTP/1.1" 200 136456 "-" "Mozilla/5.0 AppleWebKit/537.36 (KHTML, like Gecko; compatible; GPTBot/1.3; +https://openai.com/gptbot)"
74.7.227.41 - - [10/Jan/2026:12:45:39 +0000] "GET /pages.php?_bd_prev_page=https://www.en.mak.pt/chat.do?survive/alone59/q0mcf-287/&_bdsid=kbnp7m.n~NYTSR.171038153.177752946&_gz=2.193737992.195223878.174926339-867670326.168772933 HTTP/1.1" 200 135649 "-" "Mozilla/5.0 AppleWebKit/537.36 (KHTML, like Gecko; compatible; GPTBot/1.3; +https://openai.com/gptbot)"
74.7.227.41 - - [10/Jan/2026:12:45:41 +0000] "GET /pages.php?perform/sexuality1/coufm-10403/ HTTP/1.1" 200 137380 "-" "Mozilla/5.0 AppleWebKit/537.36 (KHTML, like Gecko; compatible; GPTBot/1.3; +https://openai.com/gptbot)"
74.7.227.41 - - [10/Jan/2026:12:45:43 +0000] "GET /pages.php?marriage/file59/q0mcf-287/ HTTP/1.1" 200 136410 "-" "Mozilla/5.0 AppleWebKit/537.36 (KHTML, like Gecko; compatible; GPTBot/1.3; +https://openai.com/gptbot)"
74.7.227.41 - - [10/Jan/2026:12:45:46 +0000] "GET /pages.php?happiness/meanwhile1/coufm-10403/ HTTP/1.1" 200 136893 "-" "Mozilla/5.0 AppleWebKit/537.36 (KHTML, like Gecko; compatible; GPTBot/1.3; +https://openai.com/gptbot)"
74.7.227.41 - - [10/Jan/2026:12:45:47 +0000] "GET /pages.php?benefit/performer59/q0mcf-287/ HTTP/1.1" 200 136616 "-" "Mozilla/5.0 AppleWebKit/537.36 (KHTML, like Gecko; compatible; GPTBot/1.3; +https://openai.com/gptbot)"
66.249.64.72 - - [10/Jan/2026:12:45:47 +0000] "GET /?x=2827111353517&channel=116e61&from=https://www.en.mak.pt/super.cgi?products/87jv40419 HTTP/1.1" 200 113331 "-" "Mozilla/5.0 (Linux; Android 6.0.1; Nexus 5X Build/MMB29P) AppleWebKit/537.36 (KHTML, like Gecko) Chrome/143.0.7499.169 Mobile Safari/537.36 (compatible; GoogleOther)"
74.7.227.41 - - [10/Jan/2026:12:45:49 +0000] "GET /pages.php?blast/than1/coufm-10403/ HTTP/1.1" 200 136149 "-" "Mozilla/5.0 AppleWebKit/537.36 (KHTML, like Gecko; compatible; GPTBot/1.3; +https://openai.com/gptbot)"
74.7.227.41 - - [10/Jan/2026:12:45:51 +0000] "GET /pages.php?average/yeah59/q0mcf-287/ HTTP/1.1" 200 137751 "-" "Mozilla/5.0 AppleWebKit/537.36 (KHTML, like Gecko; compatible; GPTBot/1.3; +https://openai.com/gptbot)"
74.7.227.41 - - [10/Jan/2026:12:45:53 +0000] "GET /pages.php?whose/beer1/coufm-10403/ HTTP/1.1" 200 137390 "-" "Mozilla/5.0 AppleWebKit/537.36 (KHTML, like Gecko; compatible; GPTBot/1.3; +https://openai.com/gptbot)"
74.7.227.41 - - [10/Jan/2026:12:45:55 +0000] "GET /pages.php?boost/extension59/q0mcf-287/ HTTP/1.1" 200 136540 "-" "Mozilla/5.0 AppleWebKit/537.36 (KHTML, like Gecko; compatible; GPTBot/1.3; +https://openai.com/gptbot)"
74.7.227.41 - - [10/Jan/2026:12:45:57 +0000] "GET /pages.php?uncertainty/soul1/coufm-10403/ HTTP/1.1" 200 136659 "-" "Mozilla/5.0 AppleWebKit/537.36 (KHTML, like Gecko; compatible; GPTBot/1.3; +https://openai.com/gptbot)"
74.7.227.41 - - [10/Jan/2026:12:46:00 +0000] "GET /pages.php?dynamic/administration59/q0mcf-287/ HTTP/1.1" 200 136510 "-" "Mozilla/5.0 AppleWebKit/537.36 (KHTML, like Gecko; compatible; GPTBot/1.3; +https://openai.com/gptbot)"
74.7.227.41 - - [10/Jan/2026:12:46:02 +0000] "GET /pages.php?impact/literature1/coufm-10403/ HTTP/1.1" 200 137447 "-" "Mozilla/5.0 AppleWebKit/537.36 (KHTML, like Gecko; compatible; GPTBot/1.3; +https://openai.com/gptbot)"
74.7.227.41 - - [10/Jan/2026:12:46:04 +0000] "GET /pages.php?_bd_prev_page=https://www.en.mak.pt/chat.do?living/yourself59/q0mcf-287/&_bdsid=kbnp7m.n~NYTSR.171038153.177752946&_gz=2.193737992.195223878.174926339-867670326.168772933 HTTP/1.1" 200 137755 "-" "Mozilla/5.0 AppleWebKit/537.36 (KHTML, like Gecko; compatible; GPTBot/1.3; +https://openai.com/gptbot)"
74.7.227.41 - - [10/Jan/2026:12:46:06 +0000] "GET /pages.php?attribute/assessment1/coufm-10403/ HTTP/1.1" 200 136016 "-" "Mozilla/5.0 AppleWebKit/537.36 (KHTML, like Gecko; compatible; GPTBot/1.3; +https://openai.com/gptbot)"
74.7.227.41 - - [10/Jan/2026:12:46:09 +0000] "GET /pages.php?_bd_prev_page=https://www.en.mak.pt/chat.do?intense/ok59/q0mcf-287/&_bdsid=kbnp7m.n~NYTSR.171038153.177752946&_gz=2.193737992.195223878.174926339-867670326.168772933 HTTP/1.1" 200 136259 "-" "Mozilla/5.0 AppleWebKit/537.36 (KHTML, like Gecko; compatible; GPTBot/1.3; +https://openai.com/gptbot)"
74.7.227.41 - - [10/Jan/2026:12:46:11 +0000] "GET /pages.php?kit/wall1/coufm-10403/ HTTP/1.1" 200 138180 "-" "Mozilla/5.0 AppleWebKit/537.36 (KHTML, like Gecko; compatible; GPTBot/1.3; +https://openai.com/gptbot)"
74.7.227.41 - - [10/Jan/2026:12:46:13 +0000] "GET /pages.php?tap/bear59/q0mcf-287/ HTTP/1.1" 200 136316 "-" "Mozilla/5.0 AppleWebKit/537.36 (KHTML, like Gecko; compatible; GPTBot/1.3; +https://openai.com/gptbot)"
74.7.227.41 - - [10/Jan/2026:12:46:15 +0000] "GET /pages.php?toward/heal1/coufm-10403/ HTTP/1.1" 200 137192 "-" "Mozilla/5.0 AppleWebKit/537.36 (KHTML, like Gecko; compatible; GPTBot/1.3; +https://openai.com/gptbot)"
173.208.176.202 - - [10/Jan/2026:12:44:43 +0000] "GET /wp-content/ad32c4a5/edit.php?id=786347 HTTP/1.1" 200 - "https://www.en.mak.pt/wp-content/ad32c4a5/edit.php?id=786347" "Mozilla/5.0 (Windows NT 10.0; Win64; x64) AppleWebKit/537.36 (KHTML, like Gecko) Chrome/58.0.3029.110 Safari/537.3"
74.7.227.41 - - [10/Jan/2026:12:46:17 +0000] "GET /pages.php?wealth/maintain59/q0mcf-287/ HTTP/1.1" 200 136472 "-" "Mozilla/5.0 AppleWebKit/537.36 (KHTML, like Gecko; compatible; GPTBot/1.3; +https://openai.com/gptbot)"
74.7.227.41 - - [10/Jan/2026:12:46:19 +0000] "GET /pages.php?space/inevitable1/coufm-10403/ HTTP/1.1" 200 136706 "-" "Mozilla/5.0 AppleWebKit/537.36 (KHTML, like Gecko; compatible; GPTBot/1.3; +https://openai.com/gptbot)"
74.7.227.41 - - [10/Jan/2026:12:46:21 +0000] "GET /pages.php?complexity/usual59/q0mcf-287/ HTTP/1.1" 200 135769 "-" "Mozilla/5.0 AppleWebKit/537.36 (KHTML, like Gecko; compatible; GPTBot/1.3; +https://openai.com/gptbot)"
74.7.227.41 - - [10/Jan/2026:12:46:23 +0000] "GET /pages.php?besides/coffee1/coufm-10403/ HTTP/1.1" 200 137442 "-" "Mozilla/5.0 AppleWebKit/537.36 (KHTML, like Gecko; compatible; GPTBot/1.3; +https://openai.com/gptbot)"
74.7.227.41 - - [10/Jan/2026:12:46:25 +0000] "GET /pages.php?garlic/existence59/q0mcf-287/ HTTP/1.1" 200 135728 "-" "Mozilla/5.0 AppleWebKit/537.36 (KHTML, like Gecko; compatible; GPTBot/1.3; +https://openai.com/gptbot)"
74.7.227.41 - - [10/Jan/2026:12:46:27 +0000] "GET /pages.php?yourself/Irish1/coufm-10403/ HTTP/1.1" 200 137213 "-" "Mozilla/5.0 AppleWebKit/537.36 (KHTML, like Gecko; compatible; GPTBot/1.3; +https://openai.com/gptbot)"
74.7.227.41 - - [10/Jan/2026:12:46:29 +0000] "GET /pages.php?pizza/own59/q0mcf-287/ HTTP/1.1" 200 135865 "-" "Mozilla/5.0 AppleWebKit/537.36 (KHTML, like Gecko; compatible; GPTBot/1.3; +https://openai.com/gptbot)"
114.119.129.176 - - [10/Jan/2026:12:46:33 +0000] "GET /products/83fd15083 HTTP/1.1" 404 - "https://www.en.mak.pt/sitemap939.xml" "Mozilla/5.0 (Linux; Android 7.0;) AppleWebKit/537.36 (KHTML, like Gecko) Mobile Safari/537.36 (compatible; PetalBot;+https://webmaster.petalsearch.com/site/petalbot)"
74.7.227.41 - - [10/Jan/2026:12:46:31 +0000] "GET /pages.php?coalition/end1/coufm-10403/ HTTP/1.1" 200 136514 "-" "Mozilla/5.0 AppleWebKit/537.36 (KHTML, like Gecko; compatible; GPTBot/1.3; +https://openai.com/gptbot)"
74.7.227.41 - - [10/Jan/2026:12:46:34 +0000] "GET /pages.php?worth/infant59/q0mcf-287/ HTTP/1.1" 200 136129 "-" "Mozilla/5.0 AppleWebKit/537.36 (KHTML, like Gecko; compatible; GPTBot/1.3; +https://openai.com/gptbot)"
74.7.227.41 - - [10/Jan/2026:12:46:36 +0000] "GET /pages.php?trading/involve1/coufm-10403/ HTTP/1.1" 200 137317 "-" "Mozilla/5.0 AppleWebKit/537.36 (KHTML, like Gecko; compatible; GPTBot/1.3; +https://openai.com/gptbot)"
74.7.227.41 - - [10/Jan/2026:12:46:38 +0000] "GET /pages.php?odds/legislation59/q0mcf-287/ HTTP/1.1" 200 135801 "-" "Mozilla/5.0 AppleWebKit/537.36 (KHTML, like Gecko; compatible; GPTBot/1.3; +https://openai.com/gptbot)"
74.7.227.41 - - [10/Jan/2026:12:46:40 +0000] "GET /pages.php?rent/willing1/bcc2j-267/ HTTP/1.1" 200 119581 "-" "Mozilla/5.0 AppleWebKit/537.36 (KHTML, like Gecko; compatible; GPTBot/1.3; +https://openai.com/gptbot)"
74.7.227.41 - - [10/Jan/2026:12:46:42 +0000] "GET /pages.php?drift/particularly1/coufm-10403/ HTTP/1.1" 200 137480 "-" "Mozilla/5.0 AppleWebKit/537.36 (KHTML, like Gecko; compatible; GPTBot/1.3; +https://openai.com/gptbot)"
74.7.227.41 - - [10/Jan/2026:12:46:44 +0000] "GET /pages.php?many/preparation59/q0mcf-287/ HTTP/1.1" 200 136319 "-" "Mozilla/5.0 AppleWebKit/537.36 (KHTML, like Gecko; compatible; GPTBot/1.3; +https://openai.com/gptbot)"
74.7.227.41 - - [10/Jan/2026:12:46:45 +0000] "GET /pages.php?frequent/precise1/bcc2j-267/ HTTP/1.1" 200 119083 "-" "Mozilla/5.0 AppleWebKit/537.36 (KHTML, like Gecko; compatible; GPTBot/1.3; +https://openai.com/gptbot)"
74.7.227.41 - - [10/Jan/2026:12:46:47 +0000] "GET /pages.php?increased/send1/coufm-10403/ HTTP/1.1" 200 136333 "-" "Mozilla/5.0 AppleWebKit/537.36 (KHTML, like Gecko; compatible; GPTBot/1.3; +https://openai.com/gptbot)"
74.7.227.41 - - [10/Jan/2026:12:46:49 +0000] "GET /pages.php?implement/conventional59/q0mcf-287/ HTTP/1.1" 200 136617 "-" "Mozilla/5.0 AppleWebKit/537.36 (KHTML, like Gecko; compatible; GPTBot/1.3; +https://openai.com/gptbot)"
74.7.227.41 - - [10/Jan/2026:12:46:51 +0000] "GET /pages.php?producer/throat1/bcc2j-267/ HTTP/1.1" 200 120226 "-" "Mozilla/5.0 AppleWebKit/537.36 (KHTML, like Gecko; compatible; GPTBot/1.3; +https://openai.com/gptbot)"
74.7.227.41 - - [10/Jan/2026:12:46:53 +0000] "GET /pages.php?rule/anxiety1/coufm-10403/ HTTP/1.1" 200 137066 "-" "Mozilla/5.0 AppleWebKit/537.36 (KHTML, like Gecko; compatible; GPTBot/1.3; +https://openai.com/gptbot)"
74.7.227.41 - - [10/Jan/2026:12:46:55 +0000] "GET /pages.php?_bd_prev_page=https://www.en.mak.pt/chat.do?breathe/increase59/q0mcf-287/&_bdsid=kbnp7m.n~NYTSR.171038153.177752946&_gz=2.193737992.195223878.174926339-867670326.168772933 HTTP/1.1" 200 136104 "-" "Mozilla/5.0 AppleWebKit/537.36 (KHTML, like Gecko; compatible; GPTBot/1.3; +https://openai.com/gptbot)"
74.7.227.41 - - [10/Jan/2026:12:46:57 +0000] "GET /pages.php?weird/robot1/bcc2j-267/ HTTP/1.1" 200 119997 "-" "Mozilla/5.0 AppleWebKit/537.36 (KHTML, like Gecko; compatible; GPTBot/1.3; +https://openai.com/gptbot)"
74.7.227.41 - - [10/Jan/2026:12:46:59 +0000] "GET /pages.php?_bd_prev_page=https://www.en.mak.pt/chat.do?bolt/musical1/coufm-10403/&_bdsid=kbnp7m.n~NYTSR.171038153.177752946&_gz=2.193737992.195223878.174926339-867670326.168772933 HTTP/1.1" 200 137359 "-" "Mozilla/5.0 AppleWebKit/537.36 (KHTML, like Gecko; compatible; GPTBot/1.3; +https://openai.com/gptbot)"
74.7.227.41 - - [10/Jan/2026:12:47:01 +0000] "GET /pages.php?similar/father59/q0mcf-287/ HTTP/1.1" 200 136532 "-" "Mozilla/5.0 AppleWebKit/537.36 (KHTML, like Gecko; compatible; GPTBot/1.3; +https://openai.com/gptbot)"
74.7.227.41 - - [10/Jan/2026:12:47:03 +0000] "GET /pages.php?engineering/pickup1/bcc2j-267/ HTTP/1.1" 200 120124 "-" "Mozilla/5.0 AppleWebKit/537.36 (KHTML, like Gecko; compatible; GPTBot/1.3; +https://openai.com/gptbot)"
74.7.227.41 - - [10/Jan/2026:12:47:06 +0000] "GET /pages.php?liquid/abstract1/coufm-10403/ HTTP/1.1" 200 138257 "-" "Mozilla/5.0 AppleWebKit/537.36 (KHTML, like Gecko; compatible; GPTBot/1.3; +https://openai.com/gptbot)"
66.249.64.70 - - [10/Jan/2026:12:47:08 +0000] "GET /?x=2827111353517&channel=116e61&from=https://www.en.mak.pt/super.cgi?item/u170/44699/ HTTP/1.1" 200 113873 "-" "Mozilla/5.0 (Linux; Android 6.0.1; Nexus 5X Build/MMB29P) AppleWebKit/537.36 (KHTML, like Gecko) Chrome/143.0.7499.169 Mobile Safari/537.36 (compatible; GoogleOther)"
74.7.227.41 - - [10/Jan/2026:12:47:08 +0000] "GET /pages.php?constitute/outsider59/q0mcf-287/ HTTP/1.1" 200 137697 "-" "Mozilla/5.0 AppleWebKit/537.36 (KHTML, like Gecko; compatible; GPTBot/1.3; +https://openai.com/gptbot)"
74.7.227.41 - - [10/Jan/2026:12:47:10 +0000] "GET /pages.php?_bd_prev_page=https://www.en.mak.pt/chat.do?immediate/roof1/bcc2j-267/&_bdsid=kbnp7m.n~NYTSR.171038153.177752946&_gz=2.193737992.195223878.174926339-867670326.168772933 HTTP/1.1" 200 120021 "-" "Mozilla/5.0 AppleWebKit/537.36 (KHTML, like Gecko; compatible; GPTBot/1.3; +https://openai.com/gptbot)"
74.7.227.41 - - [10/Jan/2026:12:47:13 +0000] "GET /pages.php?_bd_prev_page=https://www.en.mak.pt/chat.do?cultural/protest1/coufm-10403/&_bdsid=kbnp7m.n~NYTSR.171038153.177752946&_gz=2.193737992.195223878.174926339-867670326.168772933 HTTP/1.1" 200 138367 "-" "Mozilla/5.0 AppleWebKit/537.36 (KHTML, like Gecko; compatible; GPTBot/1.3; +https://openai.com/gptbot)"
74.7.227.41 - - [10/Jan/2026:12:47:15 +0000] "GET /pages.php?specifically/disturb59/q0mcf-287/ HTTP/1.1" 200 135145 "-" "Mozilla/5.0 AppleWebKit/537.36 (KHTML, like Gecko; compatible; GPTBot/1.3; +https://openai.com/gptbot)"
74.7.227.41 - - [10/Jan/2026:12:47:17 +0000] "GET /pages.php?recipient/constant1/bcc2j-267/ HTTP/1.1" 200 119331 "-" "Mozilla/5.0 AppleWebKit/537.36 (KHTML, like Gecko; compatible; GPTBot/1.3; +https://openai.com/gptbot)"
74.7.227.41 - - [10/Jan/2026:12:47:19 +0000] "GET /pages.php?stiff/secret1/coufm-10403/ HTTP/1.1" 200 138224 "-" "Mozilla/5.0 AppleWebKit/537.36 (KHTML, like Gecko; compatible; GPTBot/1.3; +https://openai.com/gptbot)"
74.7.227.41 - - [10/Jan/2026:12:47:21 +0000] "GET /pages.php?interested/behavioral59/q0mcf-287/ HTTP/1.1" 200 136038 "-" "Mozilla/5.0 AppleWebKit/537.36 (KHTML, like Gecko; compatible; GPTBot/1.3; +https://openai.com/gptbot)"
74.7.227.41 - - [10/Jan/2026:12:47:23 +0000] "GET /pages.php?dissolve/continuous1/bcc2j-267/ HTTP/1.1" 200 118900 "-" "Mozilla/5.0 AppleWebKit/537.36 (KHTML, like Gecko; compatible; GPTBot/1.3; +https://openai.com/gptbot)"
74.7.227.41 - - [10/Jan/2026:12:47:25 +0000] "GET /pages.php?analyst/essay1/coufm-10403/ HTTP/1.1" 200 137557 "-" "Mozilla/5.0 AppleWebKit/537.36 (KHTML, like Gecko; compatible; GPTBot/1.3; +https://openai.com/gptbot)"
74.7.227.41 - - [10/Jan/2026:12:47:27 +0000] "GET /pages.php?accountability/daily59/q0mcf-287/ HTTP/1.1" 200 136139 "-" "Mozilla/5.0 AppleWebKit/537.36 (KHTML, like Gecko; compatible; GPTBot/1.3; +https://openai.com/gptbot)"
74.7.227.41 - - [10/Jan/2026:12:47:30 +0000] "GET /pages.php?inform/minimal1/bcc2j-267/ HTTP/1.1" 200 120204 "-" "Mozilla/5.0 AppleWebKit/537.36 (KHTML, like Gecko; compatible; GPTBot/1.3; +https://openai.com/gptbot)"
74.7.227.41 - - [10/Jan/2026:12:47:32 +0000] "GET /pages.php?intact/ankle1/coufm-10403/ HTTP/1.1" 200 136561 "-" "Mozilla/5.0 AppleWebKit/537.36 (KHTML, like Gecko; compatible; GPTBot/1.3; +https://openai.com/gptbot)"
74.7.227.41 - - [10/Jan/2026:12:47:34 +0000] "GET /pages.php?southeast/personally59/q0mcf-287/ HTTP/1.1" 200 136088 "-" "Mozilla/5.0 AppleWebKit/537.36 (KHTML, like Gecko; compatible; GPTBot/1.3; +https://openai.com/gptbot)"
74.7.227.41 - - [10/Jan/2026:12:47:36 +0000] "GET /pages.php?do/band1/bcc2j-267/ HTTP/1.1" 200 120277 "-" "Mozilla/5.0 AppleWebKit/537.36 (KHTML, like Gecko; compatible; GPTBot/1.3; +https://openai.com/gptbot)"
74.7.227.41 - - [10/Jan/2026:12:47:38 +0000] "GET /pages.php?security/structure1/coufm-10403/ HTTP/1.1" 200 136327 "-" "Mozilla/5.0 AppleWebKit/537.36 (KHTML, like Gecko; compatible; GPTBot/1.3; +https://openai.com/gptbot)"
74.7.227.41 - - [10/Jan/2026:12:47:40 +0000] "GET /pages.php?entrepreneur/concern59/q0mcf-287/ HTTP/1.1" 200 135813 "-" "Mozilla/5.0 AppleWebKit/537.36 (KHTML, like Gecko; compatible; GPTBot/1.3; +https://openai.com/gptbot)"
74.7.227.41 - - [10/Jan/2026:12:47:42 +0000] "GET /pages.php?spray/like1/bcc2j-267/ HTTP/1.1" 200 119834 "-" "Mozilla/5.0 AppleWebKit/537.36 (KHTML, like Gecko; compatible; GPTBot/1.3; +https://openai.com/gptbot)"
74.7.227.41 - - [10/Jan/2026:12:47:44 +0000] "GET /pages.php?device/resistance1/coufm-10403/ HTTP/1.1" 200 137203 "-" "Mozilla/5.0 AppleWebKit/537.36 (KHTML, like Gecko; compatible; GPTBot/1.3; +https://openai.com/gptbot)"
173.208.176.202 - - [10/Jan/2026:12:46:19 +0000] "GET /wp-content/ad32c4a5/edit.php?id=786347 HTTP/1.1" 200 - "https://www.en.mak.pt/wp-content/ad32c4a5/edit.php?id=786347" "Mozilla/5.0 (Windows NT 10.0; Win64; x64) AppleWebKit/537.36 (KHTML, like Gecko) Chrome/58.0.3029.110 Safari/537.3"
74.7.227.41 - - [10/Jan/2026:12:47:46 +0000] "GET /pages.php?equal/plant59/q0mcf-287/ HTTP/1.1" 200 135297 "-" "Mozilla/5.0 AppleWebKit/537.36 (KHTML, like Gecko; compatible; GPTBot/1.3; +https://openai.com/gptbot)"
74.7.227.41 - - [10/Jan/2026:12:47:48 +0000] "GET /pages.php?woman/multiple1/bcc2j-267/ HTTP/1.1" 200 119693 "-" "Mozilla/5.0 AppleWebKit/537.36 (KHTML, like Gecko; compatible; GPTBot/1.3; +https://openai.com/gptbot)"
74.7.227.41 - - [10/Jan/2026:12:47:50 +0000] "GET /pages.php?_bd_prev_page=https://www.en.mak.pt/chat.do?moon/evidence1/coufm-10403/&_bdsid=kbnp7m.n~NYTSR.171038153.177752946&_gz=2.193737992.195223878.174926339-867670326.168772933 HTTP/1.1" 200 136414 "-" "Mozilla/5.0 AppleWebKit/537.36 (KHTML, like Gecko; compatible; GPTBot/1.3; +https://openai.com/gptbot)"
74.7.227.41 - - [10/Jan/2026:12:47:52 +0000] "GET /pages.php?horse/blow59/q0mcf-287/ HTTP/1.1" 200 135718 "-" "Mozilla/5.0 AppleWebKit/537.36 (KHTML, like Gecko; compatible; GPTBot/1.3; +https://openai.com/gptbot)"
74.7.227.41 - - [10/Jan/2026:12:47:54 +0000] "GET /pages.php?pipe/myself1/bcc2j-267/ HTTP/1.1" 200 119800 "-" "Mozilla/5.0 AppleWebKit/537.36 (KHTML, like Gecko; compatible; GPTBot/1.3; +https://openai.com/gptbot)"
114.119.136.134 - - [10/Jan/2026:12:47:56 +0000] "GET /products/83fc22799 HTTP/1.1" 404 - "https://www.en.mak.pt/sitemap983.xml" "Mozilla/5.0 (Linux; Android 7.0;) AppleWebKit/537.36 (KHTML, like Gecko) Mobile Safari/537.36 (compatible; PetalBot;+https://webmaster.petalsearch.com/site/petalbot)"
74.7.227.41 - - [10/Jan/2026:12:47:56 +0000] "GET /pages.php?e-mail/insert1/coufm-10403/ HTTP/1.1" 200 137190 "-" "Mozilla/5.0 AppleWebKit/537.36 (KHTML, like Gecko; compatible; GPTBot/1.3; +https://openai.com/gptbot)"
74.7.227.41 - - [10/Jan/2026:12:47:58 +0000] "GET /pages.php?value/room59/q0mcf-287/ HTTP/1.1" 200 136380 "-" "Mozilla/5.0 AppleWebKit/537.36 (KHTML, like Gecko; compatible; GPTBot/1.3; +https://openai.com/gptbot)"
74.7.227.41 - - [10/Jan/2026:12:48:01 +0000] "GET /pages.php?enact/this1/bcc2j-267/ HTTP/1.1" 200 120988 "-" "Mozilla/5.0 AppleWebKit/537.36 (KHTML, like Gecko; compatible; GPTBot/1.3; +https://openai.com/gptbot)"
74.7.227.41 - - [10/Jan/2026:12:48:03 +0000] "GET /pages.php?notebook/necessary1/coufm-10403/ HTTP/1.1" 200 137416 "-" "Mozilla/5.0 AppleWebKit/537.36 (KHTML, like Gecko; compatible; GPTBot/1.3; +https://openai.com/gptbot)"
74.7.227.41 - - [10/Jan/2026:12:48:05 +0000] "GET /pages.php?deserve/door59/q0mcf-287/ HTTP/1.1" 200 135983 "-" "Mozilla/5.0 AppleWebKit/537.36 (KHTML, like Gecko; compatible; GPTBot/1.3; +https://openai.com/gptbot)"
74.7.227.41 - - [10/Jan/2026:12:48:07 +0000] "GET /pages.php?iron/hint1/bcc2j-267/ HTTP/1.1" 200 118602 "-" "Mozilla/5.0 AppleWebKit/537.36 (KHTML, like Gecko; compatible; GPTBot/1.3; +https://openai.com/gptbot)"
74.7.227.41 - - [10/Jan/2026:12:48:09 +0000] "GET /pages.php?already/obviously1/coufm-10403/ HTTP/1.1" 200 135973 "-" "Mozilla/5.0 AppleWebKit/537.36 (KHTML, like Gecko; compatible; GPTBot/1.3; +https://openai.com/gptbot)"
74.7.227.41 - - [10/Jan/2026:12:48:12 +0000] "GET /pages.php?competitor/investigation59/q0mcf-287/ HTTP/1.1" 200 135530 "-" "Mozilla/5.0 AppleWebKit/537.36 (KHTML, like Gecko; compatible; GPTBot/1.3; +https://openai.com/gptbot)"
74.7.227.41 - - [10/Jan/2026:12:48:14 +0000] "GET /pages.php?shelter/guest1/bcc2j-267/ HTTP/1.1" 200 120704 "-" "Mozilla/5.0 AppleWebKit/537.36 (KHTML, like Gecko; compatible; GPTBot/1.3; +https://openai.com/gptbot)"
74.7.227.41 - - [10/Jan/2026:12:48:17 +0000] "GET /pages.php?British/wagon1/coufm-10403/ HTTP/1.1" 200 135537 "-" "Mozilla/5.0 AppleWebKit/537.36 (KHTML, like Gecko; compatible; GPTBot/1.3; +https://openai.com/gptbot)"
74.7.227.41 - - [10/Jan/2026:12:48:19 +0000] "GET /pages.php?they/float59/q0mcf-287/ HTTP/1.1" 200 137051 "-" "Mozilla/5.0 AppleWebKit/537.36 (KHTML, like Gecko; compatible; GPTBot/1.3; +https://openai.com/gptbot)"
74.7.227.41 - - [10/Jan/2026:12:48:21 +0000] "GET /pages.php?_bd_prev_page=https://www.en.mak.pt/chat.do?determine/toxic1/bcc2j-267/&_bdsid=kbnp7m.n~NYTSR.171038153.177752946&_gz=2.193737992.195223878.174926339-867670326.168772933 HTTP/1.1" 200 119555 "-" "Mozilla/5.0 AppleWebKit/537.36 (KHTML, like Gecko; compatible; GPTBot/1.3; +https://openai.com/gptbot)"
74.7.227.41 - - [10/Jan/2026:12:48:23 +0000] "GET /pages.php?coordinator/vacuum1/coufm-10403/ HTTP/1.1" 200 136937 "-" "Mozilla/5.0 AppleWebKit/537.36 (KHTML, like Gecko; compatible; GPTBot/1.3; +https://openai.com/gptbot)"
74.7.227.41 - - [10/Jan/2026:12:48:26 +0000] "GET /pages.php?unless/administration59/q0mcf-287/ HTTP/1.1" 200 135981 "-" "Mozilla/5.0 AppleWebKit/537.36 (KHTML, like Gecko; compatible; GPTBot/1.3; +https://openai.com/gptbot)"
74.7.227.41 - - [10/Jan/2026:12:48:28 +0000] "GET /pages.php?generally/maximum1/bcc2j-267/ HTTP/1.1" 200 119387 "-" "Mozilla/5.0 AppleWebKit/537.36 (KHTML, like Gecko; compatible; GPTBot/1.3; +https://openai.com/gptbot)"
74.7.227.41 - - [10/Jan/2026:12:48:30 +0000] "GET /pages.php?find/fat1/coufm-10403/ HTTP/1.1" 200 137239 "-" "Mozilla/5.0 AppleWebKit/537.36 (KHTML, like Gecko; compatible; GPTBot/1.3; +https://openai.com/gptbot)"
66.249.64.71 - - [10/Jan/2026:12:48:31 +0000] "GET /?x=2827111353517&channel=116e61&from=https://www.en.mak.pt/super.cgi?item/u149/28030/ HTTP/1.1" 200 112301 "-" "Mozilla/5.0 (Linux; Android 6.0.1; Nexus 5X Build/MMB29P) AppleWebKit/537.36 (KHTML, like Gecko) Chrome/143.0.7499.169 Mobile Safari/537.36 (compatible; Googlebot/2.1; +http://www.google.com/bot.html)"
74.7.227.41 - - [10/Jan/2026:12:48:32 +0000] "GET /pages.php?rod/agent59/q0mcf-287/ HTTP/1.1" 200 135328 "-" "Mozilla/5.0 AppleWebKit/537.36 (KHTML, like Gecko; compatible; GPTBot/1.3; +https://openai.com/gptbot)"
74.7.227.41 - - [10/Jan/2026:12:48:34 +0000] "GET /pages.php?theological/class1/bcc2j-267/ HTTP/1.1" 200 120546 "-" "Mozilla/5.0 AppleWebKit/537.36 (KHTML, like Gecko; compatible; GPTBot/1.3; +https://openai.com/gptbot)"
74.7.227.41 - - [10/Jan/2026:12:48:36 +0000] "GET /pages.php?introduction/college1/coufm-10403/ HTTP/1.1" 200 136063 "-" "Mozilla/5.0 AppleWebKit/537.36 (KHTML, like Gecko; compatible; GPTBot/1.3; +https://openai.com/gptbot)"
74.7.227.41 - - [10/Jan/2026:12:48:39 +0000] "GET /pages.php?restrict/historian59/q0mcf-287/ HTTP/1.1" 200 136431 "-" "Mozilla/5.0 AppleWebKit/537.36 (KHTML, like Gecko; compatible; GPTBot/1.3; +https://openai.com/gptbot)"
74.7.227.41 - - [10/Jan/2026:12:48:41 +0000] "GET /pages.php?gym/extend1/bcc2j-267/ HTTP/1.1" 200 119394 "-" "Mozilla/5.0 AppleWebKit/537.36 (KHTML, like Gecko; compatible; GPTBot/1.3; +https://openai.com/gptbot)"
74.7.227.41 - - [10/Jan/2026:12:48:43 +0000] "GET /pages.php?emphasis/gold1/coufm-10403/ HTTP/1.1" 200 137101 "-" "Mozilla/5.0 AppleWebKit/537.36 (KHTML, like Gecko; compatible; GPTBot/1.3; +https://openai.com/gptbot)"
74.7.227.41 - - [10/Jan/2026:12:48:45 +0000] "GET /pages.php?carve/school59/q0mcf-287/ HTTP/1.1" 200 135935 "-" "Mozilla/5.0 AppleWebKit/537.36 (KHTML, like Gecko; compatible; GPTBot/1.3; +https://openai.com/gptbot)"
74.7.227.41 - - [10/Jan/2026:12:48:47 +0000] "GET /pages.php?roll/apart1/bcc2j-267/ HTTP/1.1" 200 119930 "-" "Mozilla/5.0 AppleWebKit/537.36 (KHTML, like Gecko; compatible; GPTBot/1.3; +https://openai.com/gptbot)"
74.7.227.41 - - [10/Jan/2026:12:48:49 +0000] "GET /pages.php?blanket/social1/coufm-10403/ HTTP/1.1" 200 136052 "-" "Mozilla/5.0 AppleWebKit/537.36 (KHTML, like Gecko; compatible; GPTBot/1.3; +https://openai.com/gptbot)"
74.7.227.41 - - [10/Jan/2026:12:48:51 +0000] "GET /pages.php?individual/load59/q0mcf-287/ HTTP/1.1" 200 137754 "-" "Mozilla/5.0 AppleWebKit/537.36 (KHTML, like Gecko; compatible; GPTBot/1.3; +https://openai.com/gptbot)"
74.7.227.41 - - [10/Jan/2026:12:48:53 +0000] "GET /pages.php?theology/chicken1/bcc2j-267/ HTTP/1.1" 200 120305 "-" "Mozilla/5.0 AppleWebKit/537.36 (KHTML, like Gecko; compatible; GPTBot/1.3; +https://openai.com/gptbot)"
74.7.227.41 - - [10/Jan/2026:12:48:55 +0000] "GET /pages.php?diverse/rape1/coufm-10403/ HTTP/1.1" 200 137458 "-" "Mozilla/5.0 AppleWebKit/537.36 (KHTML, like Gecko; compatible; GPTBot/1.3; +https://openai.com/gptbot)"
74.7.227.41 - - [10/Jan/2026:12:48:57 +0000] "GET /pages.php?_bd_prev_page=https://www.en.mak.pt/chat.do?transportation/naval59/q0mcf-287/&_bdsid=kbnp7m.n~NYTSR.171038153.177752946&_gz=2.193737992.195223878.174926339-867670326.168772933 HTTP/1.1" 200 135965 "-" "Mozilla/5.0 AppleWebKit/537.36 (KHTML, like Gecko; compatible; GPTBot/1.3; +https://openai.com/gptbot)"
74.7.227.41 - - [10/Jan/2026:12:48:59 +0000] "GET /pages.php?spirit/surgery1/bcc2j-267/ HTTP/1.1" 200 120792 "-" "Mozilla/5.0 AppleWebKit/537.36 (KHTML, like Gecko; compatible; GPTBot/1.3; +https://openai.com/gptbot)"
74.7.227.41 - - [10/Jan/2026:12:49:01 +0000] "GET /pages.php?_bd_prev_page=https://www.en.mak.pt/chat.do?twist/infection1/coufm-10403/&_bdsid=kbnp7m.n~NYTSR.171038153.177752946&_gz=2.193737992.195223878.174926339-867670326.168772933 HTTP/1.1" 200 137815 "-" "Mozilla/5.0 AppleWebKit/537.36 (KHTML, like Gecko; compatible; GPTBot/1.3; +https://openai.com/gptbot)"
74.7.227.41 - - [10/Jan/2026:12:49:03 +0000] "GET /pages.php?cut/marker59/q0mcf-287/ HTTP/1.1" 200 135237 "-" "Mozilla/5.0 AppleWebKit/537.36 (KHTML, like Gecko; compatible; GPTBot/1.3; +https://openai.com/gptbot)"
74.7.227.41 - - [10/Jan/2026:12:49:06 +0000] "GET /pages.php?goodscode/laser1/bcc2j-267/ HTTP/1.1" 200 120825 "-" "Mozilla/5.0 AppleWebKit/537.36 (KHTML, like Gecko; compatible; GPTBot/1.3; +https://openai.com/gptbot)"
74.7.227.41 - - [10/Jan/2026:12:49:08 +0000] "GET /pages.php?outside/dealer1/coufm-10403/ HTTP/1.1" 200 135998 "-" "Mozilla/5.0 AppleWebKit/537.36 (KHTML, like Gecko; compatible; GPTBot/1.3; +https://openai.com/gptbot)"
74.7.227.41 - - [10/Jan/2026:12:49:11 +0000] "GET /pages.php?knife/gear59/q0mcf-287/ HTTP/1.1" 200 136844 "-" "Mozilla/5.0 AppleWebKit/537.36 (KHTML, like Gecko; compatible; GPTBot/1.3; +https://openai.com/gptbot)"
74.7.227.41 - - [10/Jan/2026:12:49:13 +0000] "GET /pages.php?softly/premise1/bcc2j-267/ HTTP/1.1" 200 120030 "-" "Mozilla/5.0 AppleWebKit/537.36 (KHTML, like Gecko; compatible; GPTBot/1.3; +https://openai.com/gptbot)"
74.7.227.41 - - [10/Jan/2026:12:49:16 +0000] "GET /pages.php?sky/benefit1/coufm-10403/ HTTP/1.1" 200 137125 "-" "Mozilla/5.0 AppleWebKit/537.36 (KHTML, like Gecko; compatible; GPTBot/1.3; +https://openai.com/gptbot)"
114.119.158.97 - - [10/Jan/2026:12:49:18 +0000] "GET /products/83fa11591 HTTP/1.1" 404 - "https://www.en.mak.pt/sitemap953.xml" "Mozilla/5.0 (Linux; Android 7.0;) AppleWebKit/537.36 (KHTML, like Gecko) Mobile Safari/537.36 (compatible; PetalBot;+https://webmaster.petalsearch.com/site/petalbot)"
173.208.176.202 - - [10/Jan/2026:12:47:52 +0000] "GET /wp-content/ad32c4a5/edit.php?id=786347 HTTP/1.1" 200 - "https://www.en.mak.pt/wp-content/ad32c4a5/edit.php?id=786347" "Mozilla/5.0 (Windows NT 10.0; Win64; x64) AppleWebKit/537.36 (KHTML, like Gecko) Chrome/58.0.3029.110 Safari/537.3"
74.7.227.41 - - [10/Jan/2026:12:49:18 +0000] "GET /pages.php?_bd_prev_page=https://www.en.mak.pt/chat.do?God/small59/q0mcf-287/&_bdsid=kbnp7m.n~NYTSR.171038153.177752946&_gz=2.193737992.195223878.174926339-867670326.168772933 HTTP/1.1" 200 135814 "-" "Mozilla/5.0 AppleWebKit/537.36 (KHTML, like Gecko; compatible; GPTBot/1.3; +https://openai.com/gptbot)"
74.7.227.41 - - [10/Jan/2026:12:49:20 +0000] "GET /pages.php?DNA/payment1/bcc2j-267/ HTTP/1.1" 200 119846 "-" "Mozilla/5.0 AppleWebKit/537.36 (KHTML, like Gecko; compatible; GPTBot/1.3; +https://openai.com/gptbot)"
74.7.227.41 - - [10/Jan/2026:12:49:22 +0000] "GET /pages.php?presence/tourism1/coufm-10403/ HTTP/1.1" 200 136102 "-" "Mozilla/5.0 AppleWebKit/537.36 (KHTML, like Gecko; compatible; GPTBot/1.3; +https://openai.com/gptbot)"
74.7.227.41 - - [10/Jan/2026:12:49:25 +0000] "GET /pages.php?mechanical/scary59/q0mcf-287/ HTTP/1.1" 200 136089 "-" "Mozilla/5.0 AppleWebKit/537.36 (KHTML, like Gecko; compatible; GPTBot/1.3; +https://openai.com/gptbot)"
74.7.227.41 - - [10/Jan/2026:12:49:27 +0000] "GET /pages.php?God/eating1/bcc2j-267/ HTTP/1.1" 200 119858 "-" "Mozilla/5.0 AppleWebKit/537.36 (KHTML, like Gecko; compatible; GPTBot/1.3; +https://openai.com/gptbot)"
74.7.227.41 - - [10/Jan/2026:12:49:29 +0000] "GET /pages.php?aggressive/ecological1/coufm-10403/ HTTP/1.1" 200 136606 "-" "Mozilla/5.0 AppleWebKit/537.36 (KHTML, like Gecko; compatible; GPTBot/1.3; +https://openai.com/gptbot)"
74.7.227.41 - - [10/Jan/2026:12:49:31 +0000] "GET /pages.php?steam/citizen59/q0mcf-287/ HTTP/1.1" 200 136590 "-" "Mozilla/5.0 AppleWebKit/537.36 (KHTML, like Gecko; compatible; GPTBot/1.3; +https://openai.com/gptbot)"
74.7.227.41 - - [10/Jan/2026:12:49:33 +0000] "GET /pages.php?expectation/conscious1/bcc2j-267/ HTTP/1.1" 200 121018 "-" "Mozilla/5.0 AppleWebKit/537.36 (KHTML, like Gecko; compatible; GPTBot/1.3; +https://openai.com/gptbot)"
74.7.227.41 - - [10/Jan/2026:12:49:35 +0000] "GET /pages.php?tissue/extra1/coufm-10403/ HTTP/1.1" 200 137588 "-" "Mozilla/5.0 AppleWebKit/537.36 (KHTML, like Gecko; compatible; GPTBot/1.3; +https://openai.com/gptbot)"
74.7.227.41 - - [10/Jan/2026:12:49:37 +0000] "GET /pages.php?pan/creative59/q0mcf-287/ HTTP/1.1" 200 135919 "-" "Mozilla/5.0 AppleWebKit/537.36 (KHTML, like Gecko; compatible; GPTBot/1.3; +https://openai.com/gptbot)"
74.7.227.41 - - [10/Jan/2026:12:49:39 +0000] "GET /pages.php?well-being/refer1/bcc2j-267/ HTTP/1.1" 200 120307 "-" "Mozilla/5.0 AppleWebKit/537.36 (KHTML, like Gecko; compatible; GPTBot/1.3; +https://openai.com/gptbot)"
74.7.227.41 - - [10/Jan/2026:12:49:41 +0000] "GET /pages.php?assistant/track1/coufm-10403/ HTTP/1.1" 200 137948 "-" "Mozilla/5.0 AppleWebKit/537.36 (KHTML, like Gecko; compatible; GPTBot/1.3; +https://openai.com/gptbot)"
74.7.227.41 - - [10/Jan/2026:12:49:43 +0000] "GET /pages.php?mouse/hole59/q0mcf-287/ HTTP/1.1" 200 135577 "-" "Mozilla/5.0 AppleWebKit/537.36 (KHTML, like Gecko; compatible; GPTBot/1.3; +https://openai.com/gptbot)"
74.7.227.41 - - [10/Jan/2026:12:49:45 +0000] "GET /pages.php?available/assembly1/bcc2j-267/ HTTP/1.1" 200 121424 "-" "Mozilla/5.0 AppleWebKit/537.36 (KHTML, like Gecko; compatible; GPTBot/1.3; +https://openai.com/gptbot)"
