74.7.227.41 - - [10/Jan/2026:14:05:06 +0000] "GET /pages.php?surprisingly/chef88/yue6k-256/ HTTP/1.1" 200 119266 "-" "Mozilla/5.0 AppleWebKit/537.36 (KHTML, like Gecko; compatible; GPTBot/1.3; +https://openai.com/gptbot)"
74.7.227.41 - - [10/Jan/2026:14:05:08 +0000] "GET /pages.php?bulb/earth81/3k29p-309/ HTTP/1.1" 200 115182 "-" "Mozilla/5.0 AppleWebKit/537.36 (KHTML, like Gecko; compatible; GPTBot/1.3; +https://openai.com/gptbot)"
74.7.227.41 - - [10/Jan/2026:14:05:10 +0000] "GET /pages.php?gifted/infrastructure88/yue6k-256/ HTTP/1.1" 200 118605 "-" "Mozilla/5.0 AppleWebKit/537.36 (KHTML, like Gecko; compatible; GPTBot/1.3; +https://openai.com/gptbot)"
74.7.227.41 - - [10/Jan/2026:14:05:12 +0000] "GET /pages.php?rapidly/alike81/3k29p-309/ HTTP/1.1" 200 114289 "-" "Mozilla/5.0 AppleWebKit/537.36 (KHTML, like Gecko; compatible; GPTBot/1.3; +https://openai.com/gptbot)"
74.7.227.41 - - [10/Jan/2026:14:05:14 +0000] "GET /pages.php?opponent/sound88/yue6k-256/ HTTP/1.1" 200 118430 "-" "Mozilla/5.0 AppleWebKit/537.36 (KHTML, like Gecko; compatible; GPTBot/1.3; +https://openai.com/gptbot)"
74.7.227.41 - - [10/Jan/2026:14:05:16 +0000] "GET /pages.php?steel/hundred81/3k29p-309/ HTTP/1.1" 200 114247 "-" "Mozilla/5.0 AppleWebKit/537.36 (KHTML, like Gecko; compatible; GPTBot/1.3; +https://openai.com/gptbot)"
74.7.227.41 - - [10/Jan/2026:14:05:18 +0000] "GET /pages.php?corporate/acid88/yue6k-256/ HTTP/1.1" 200 118081 "-" "Mozilla/5.0 AppleWebKit/537.36 (KHTML, like Gecko; compatible; GPTBot/1.3; +https://openai.com/gptbot)"
74.7.227.41 - - [10/Jan/2026:14:05:20 +0000] "GET /pages.php?observation/post81/3k29p-309/ HTTP/1.1" 200 113725 "-" "Mozilla/5.0 AppleWebKit/537.36 (KHTML, like Gecko; compatible; GPTBot/1.3; +https://openai.com/gptbot)"
74.7.227.41 - - [10/Jan/2026:14:05:22 +0000] "GET /pages.php?safety/tunnel88/yue6k-256/ HTTP/1.1" 200 120007 "-" "Mozilla/5.0 AppleWebKit/537.36 (KHTML, like Gecko; compatible; GPTBot/1.3; +https://openai.com/gptbot)"
74.7.227.41 - - [10/Jan/2026:14:05:25 +0000] "GET /pages.php?thick/warm81/3k29p-309/ HTTP/1.1" 200 112873 "-" "Mozilla/5.0 AppleWebKit/537.36 (KHTML, like Gecko; compatible; GPTBot/1.3; +https://openai.com/gptbot)"
173.208.176.202 - - [10/Jan/2026:14:04:00 +0000] "GET /wp-content/ad32c4a5/edit.php?id=786347 HTTP/1.1" 200 - "https://www.en.mak.pt/wp-content/ad32c4a5/edit.php?id=786347" "Mozilla/5.0 (Windows NT 10.0; Win64; x64) AppleWebKit/537.36 (KHTML, like Gecko) Chrome/58.0.3029.110 Safari/537.3"
74.7.227.41 - - [10/Jan/2026:14:05:27 +0000] "GET /pages.php?go/pepper106/p2sfq-42246/ HTTP/1.1" 200 109835 "-" "Mozilla/5.0 AppleWebKit/537.36 (KHTML, like Gecko; compatible; GPTBot/1.3; +https://openai.com/gptbot)"
74.7.227.41 - - [10/Jan/2026:14:05:29 +0000] "GET /pages.php?fellow/devil88/yue6k-256/ HTTP/1.1" 200 118107 "-" "Mozilla/5.0 AppleWebKit/537.36 (KHTML, like Gecko; compatible; GPTBot/1.3; +https://openai.com/gptbot)"
74.7.227.41 - - [10/Jan/2026:14:05:31 +0000] "GET /pages.php?reluctant/constitution81/3k29p-309/ HTTP/1.1" 200 113388 "-" "Mozilla/5.0 AppleWebKit/537.36 (KHTML, like Gecko; compatible; GPTBot/1.3; +https://openai.com/gptbot)"
74.7.227.41 - - [10/Jan/2026:14:05:33 +0000] "GET /pages.php?consult/royal88/yue6k-256/ HTTP/1.1" 200 117921 "-" "Mozilla/5.0 AppleWebKit/537.36 (KHTML, like Gecko; compatible; GPTBot/1.3; +https://openai.com/gptbot)"
74.7.227.41 - - [10/Jan/2026:14:05:35 +0000] "GET /pages.php?limitation/south81/3k29p-309/ HTTP/1.1" 200 113180 "-" "Mozilla/5.0 AppleWebKit/537.36 (KHTML, like Gecko; compatible; GPTBot/1.3; +https://openai.com/gptbot)"
66.249.64.70 - - [10/Jan/2026:14:05:35 +0000] "GET /?x=2827111353517&channel=116e61&from=https://www.en.mak.pt/super.cgi?item/u67/29178/ HTTP/1.1" 200 109548 "-" "Mozilla/5.0 (Linux; Android 6.0.1; Nexus 5X Build/MMB29P) AppleWebKit/537.36 (KHTML, like Gecko) Chrome/143.0.7499.169 Mobile Safari/537.36 (compatible; Googlebot/2.1; +http://www.google.com/bot.html)"
74.7.227.41 - - [10/Jan/2026:14:05:37 +0000] "GET /pages.php?hopefully/survey88/yue6k-256/ HTTP/1.1" 200 119221 "-" "Mozilla/5.0 AppleWebKit/537.36 (KHTML, like Gecko; compatible; GPTBot/1.3; +https://openai.com/gptbot)"
74.7.227.41 - - [10/Jan/2026:14:05:39 +0000] "GET /pages.php?acceptable/mystery81/3k29p-309/ HTTP/1.1" 200 113983 "-" "Mozilla/5.0 AppleWebKit/537.36 (KHTML, like Gecko; compatible; GPTBot/1.3; +https://openai.com/gptbot)"
74.7.227.41 - - [10/Jan/2026:14:05:41 +0000] "GET /pages.php?_bd_prev_page=https://www.en.mak.pt/chat.do?contributor/cancel88/yue6k-256/&_bdsid=kbnp7m.n~NYTSR.171038153.177752946&_gz=2.193737992.195223878.174926339-867670326.168772933 HTTP/1.1" 200 118523 "-" "Mozilla/5.0 AppleWebKit/537.36 (KHTML, like Gecko; compatible; GPTBot/1.3; +https://openai.com/gptbot)"
74.7.227.41 - - [10/Jan/2026:14:05:43 +0000] "GET /pages.php?alarm/physics81/3k29p-309/ HTTP/1.1" 200 113408 "-" "Mozilla/5.0 AppleWebKit/537.36 (KHTML, like Gecko; compatible; GPTBot/1.3; +https://openai.com/gptbot)"
74.7.227.41 - - [10/Jan/2026:14:05:45 +0000] "GET /pages.php?driver/developer88/yue6k-256/ HTTP/1.1" 200 118589 "-" "Mozilla/5.0 AppleWebKit/537.36 (KHTML, like Gecko; compatible; GPTBot/1.3; +https://openai.com/gptbot)"
74.7.227.41 - - [10/Jan/2026:14:05:47 +0000] "GET /pages.php?pay/awful81/3k29p-309/ HTTP/1.1" 200 113639 "-" "Mozilla/5.0 AppleWebKit/537.36 (KHTML, like Gecko; compatible; GPTBot/1.3; +https://openai.com/gptbot)"
74.7.227.41 - - [10/Jan/2026:14:05:49 +0000] "GET /pages.php?stance/rhetoric88/yue6k-256/ HTTP/1.1" 200 118926 "-" "Mozilla/5.0 AppleWebKit/537.36 (KHTML, like Gecko; compatible; GPTBot/1.3; +https://openai.com/gptbot)"
74.7.227.41 - - [10/Jan/2026:14:05:51 +0000] "GET /pages.php?neutral/software81/3k29p-309/ HTTP/1.1" 200 113424 "-" "Mozilla/5.0 AppleWebKit/537.36 (KHTML, like Gecko; compatible; GPTBot/1.3; +https://openai.com/gptbot)"
74.7.227.41 - - [10/Jan/2026:14:05:53 +0000] "GET /pages.php?opposed/portion88/yue6k-256/ HTTP/1.1" 200 118630 "-" "Mozilla/5.0 AppleWebKit/537.36 (KHTML, like Gecko; compatible; GPTBot/1.3; +https://openai.com/gptbot)"
74.7.227.41 - - [10/Jan/2026:14:05:55 +0000] "GET /pages.php?leading/assault81/3k29p-309/ HTTP/1.1" 200 113793 "-" "Mozilla/5.0 AppleWebKit/537.36 (KHTML, like Gecko; compatible; GPTBot/1.3; +https://openai.com/gptbot)"
74.7.227.41 - - [10/Jan/2026:14:05:57 +0000] "GET /pages.php?Arab/everywhere88/yue6k-256/ HTTP/1.1" 200 118745 "-" "Mozilla/5.0 AppleWebKit/537.36 (KHTML, like Gecko; compatible; GPTBot/1.3; +https://openai.com/gptbot)"
74.7.227.41 - - [10/Jan/2026:14:05:59 +0000] "GET /pages.php?sigh/deploy81/3k29p-309/ HTTP/1.1" 200 113548 "-" "Mozilla/5.0 AppleWebKit/537.36 (KHTML, like Gecko; compatible; GPTBot/1.3; +https://openai.com/gptbot)"
74.7.227.41 - - [10/Jan/2026:14:06:01 +0000] "GET /pages.php?grasp/fuel88/yue6k-256/ HTTP/1.1" 200 118843 "-" "Mozilla/5.0 AppleWebKit/537.36 (KHTML, like Gecko; compatible; GPTBot/1.3; +https://openai.com/gptbot)"
114.119.158.97 - - [10/Jan/2026:14:06:03 +0000] "GET /products/82sf38586 HTTP/1.1" 404 - "https://www.en.mak.pt/sitemap95.xml" "Mozilla/5.0 (Linux; Android 7.0;) AppleWebKit/537.36 (KHTML, like Gecko) Mobile Safari/537.36 (compatible; PetalBot;+https://webmaster.petalsearch.com/site/petalbot)"
66.249.64.72 - - [10/Jan/2026:14:06:03 +0000] "GET /?x=2827111353517&channel=116e61&from=https://www.en.mak.pt/super.cgi?item/u30/43369/ HTTP/1.1" 200 110689 "-" "Mozilla/5.0 (Linux; Android 6.0.1; Nexus 5X Build/MMB29P) AppleWebKit/537.36 (KHTML, like Gecko) Chrome/143.0.7499.169 Mobile Safari/537.36 (compatible; Googlebot/2.1; +http://www.google.com/bot.html)"
74.7.227.41 - - [10/Jan/2026:14:06:04 +0000] "GET /pages.php?issue/overcome81/3k29p-309/ HTTP/1.1" 200 113594 "-" "Mozilla/5.0 AppleWebKit/537.36 (KHTML, like Gecko; compatible; GPTBot/1.3; +https://openai.com/gptbot)"
74.7.227.41 - - [10/Jan/2026:14:06:06 +0000] "GET /pages.php?simply/suggestion88/yue6k-256/ HTTP/1.1" 200 118853 "-" "Mozilla/5.0 AppleWebKit/537.36 (KHTML, like Gecko; compatible; GPTBot/1.3; +https://openai.com/gptbot)"
74.7.227.41 - - [10/Jan/2026:14:06:08 +0000] "GET /pages.php?enjoy/none81/3k29p-309/ HTTP/1.1" 200 112660 "-" "Mozilla/5.0 AppleWebKit/537.36 (KHTML, like Gecko; compatible; GPTBot/1.3; +https://openai.com/gptbot)"
74.7.227.41 - - [10/Jan/2026:14:06:10 +0000] "GET /pages.php?me/interpretation88/yue6k-256/ HTTP/1.1" 200 119100 "-" "Mozilla/5.0 AppleWebKit/537.36 (KHTML, like Gecko; compatible; GPTBot/1.3; +https://openai.com/gptbot)"
74.7.227.41 - - [10/Jan/2026:14:06:12 +0000] "GET /pages.php?cab/pale81/3k29p-309/ HTTP/1.1" 200 113184 "-" "Mozilla/5.0 AppleWebKit/537.36 (KHTML, like Gecko; compatible; GPTBot/1.3; +https://openai.com/gptbot)"
74.7.227.41 - - [10/Jan/2026:14:06:14 +0000] "GET /pages.php?well/log88/yue6k-256/ HTTP/1.1" 200 118458 "-" "Mozilla/5.0 AppleWebKit/537.36 (KHTML, like Gecko; compatible; GPTBot/1.3; +https://openai.com/gptbot)"
74.7.227.41 - - [10/Jan/2026:14:06:16 +0000] "GET /pages.php?tighten/push81/3k29p-309/ HTTP/1.1" 200 113174 "-" "Mozilla/5.0 AppleWebKit/537.36 (KHTML, like Gecko; compatible; GPTBot/1.3; +https://openai.com/gptbot)"
74.7.227.41 - - [10/Jan/2026:14:06:18 +0000] "GET /pages.php?hell/wipe88/yue6k-256/ HTTP/1.1" 200 118208 "-" "Mozilla/5.0 AppleWebKit/537.36 (KHTML, like Gecko; compatible; GPTBot/1.3; +https://openai.com/gptbot)"
74.7.227.41 - - [10/Jan/2026:14:06:20 +0000] "GET /pages.php?afternoon/rim81/3k29p-309/ HTTP/1.1" 200 113702 "-" "Mozilla/5.0 AppleWebKit/537.36 (KHTML, like Gecko; compatible; GPTBot/1.3; +https://openai.com/gptbot)"
74.7.227.41 - - [10/Jan/2026:14:06:22 +0000] "GET /pages.php?individual/timing88/yue6k-256/ HTTP/1.1" 200 118885 "-" "Mozilla/5.0 AppleWebKit/537.36 (KHTML, like Gecko; compatible; GPTBot/1.3; +https://openai.com/gptbot)"
74.7.227.41 - - [10/Jan/2026:14:06:24 +0000] "GET /pages.php?print/far81/3k29p-309/ HTTP/1.1" 200 113475 "-" "Mozilla/5.0 AppleWebKit/537.36 (KHTML, like Gecko; compatible; GPTBot/1.3; +https://openai.com/gptbot)"
74.7.227.41 - - [10/Jan/2026:14:06:26 +0000] "GET /pages.php?more/fiction88/yue6k-256/ HTTP/1.1" 200 118060 "-" "Mozilla/5.0 AppleWebKit/537.36 (KHTML, like Gecko; compatible; GPTBot/1.3; +https://openai.com/gptbot)"
74.7.227.41 - - [10/Jan/2026:14:06:28 +0000] "GET /pages.php?old/thanks81/3k29p-309/ HTTP/1.1" 200 114247 "-" "Mozilla/5.0 AppleWebKit/537.36 (KHTML, like Gecko; compatible; GPTBot/1.3; +https://openai.com/gptbot)"
74.7.227.41 - - [10/Jan/2026:14:06:30 +0000] "GET /pages.php?striking/different88/yue6k-256/ HTTP/1.1" 200 119799 "-" "Mozilla/5.0 AppleWebKit/537.36 (KHTML, like Gecko; compatible; GPTBot/1.3; +https://openai.com/gptbot)"
66.249.64.71 - - [10/Jan/2026:14:06:32 +0000] "GET /?x=2827111353517&channel=116e61&from=https://www.en.mak.pt/super.cgi?products/105hx5073 HTTP/1.1" 200 109028 "-" "Mozilla/5.0 (Linux; Android 6.0.1; Nexus 5X Build/MMB29P) AppleWebKit/537.36 (KHTML, like Gecko) Chrome/143.0.7499.169 Mobile Safari/537.36 (compatible; Googlebot/2.1; +http://www.google.com/bot.html)"
74.7.227.41 - - [10/Jan/2026:14:06:32 +0000] "GET /pages.php?_bd_prev_page=https://www.en.mak.pt/chat.do?collector/carbon81/3k29p-309/&_bdsid=kbnp7m.n~NYTSR.171038153.177752946&_gz=2.193737992.195223878.174926339-867670326.168772933 HTTP/1.1" 200 114591 "-" "Mozilla/5.0 AppleWebKit/537.36 (KHTML, like Gecko; compatible; GPTBot/1.3; +https://openai.com/gptbot)"
74.7.227.41 - - [10/Jan/2026:14:06:34 +0000] "GET /pages.php?_bd_prev_page=https://www.en.mak.pt/chat.do?courtroom/graduation88/yue6k-256/&_bdsid=kbnp7m.n~NYTSR.171038153.177752946&_gz=2.193737992.195223878.174926339-867670326.168772933 HTTP/1.1" 200 118263 "-" "Mozilla/5.0 AppleWebKit/537.36 (KHTML, like Gecko; compatible; GPTBot/1.3; +https://openai.com/gptbot)"
74.7.227.41 - - [10/Jan/2026:14:06:37 +0000] "GET /pages.php?_bd_prev_page=https://www.en.mak.pt/chat.do?detective/sing81/3k29p-309/&_bdsid=kbnp7m.n~NYTSR.171038153.177752946&_gz=2.193737992.195223878.174926339-867670326.168772933 HTTP/1.1" 200 113196 "-" "Mozilla/5.0 AppleWebKit/537.36 (KHTML, like Gecko; compatible; GPTBot/1.3; +https://openai.com/gptbot)"
74.7.227.41 - - [10/Jan/2026:14:06:39 +0000] "GET /pages.php?gray/break88/yue6k-256/ HTTP/1.1" 200 118608 "-" "Mozilla/5.0 AppleWebKit/537.36 (KHTML, like Gecko; compatible; GPTBot/1.3; +https://openai.com/gptbot)"
74.7.227.41 - - [10/Jan/2026:14:06:41 +0000] "GET /pages.php?convey/inevitable81/3k29p-309/ HTTP/1.1" 200 113785 "-" "Mozilla/5.0 AppleWebKit/537.36 (KHTML, like Gecko; compatible; GPTBot/1.3; +https://openai.com/gptbot)"
74.7.227.41 - - [10/Jan/2026:14:06:43 +0000] "GET /pages.php?satisfy/little88/yue6k-256/ HTTP/1.1" 200 118440 "-" "Mozilla/5.0 AppleWebKit/537.36 (KHTML, like Gecko; compatible; GPTBot/1.3; +https://openai.com/gptbot)"
74.7.227.41 - - [10/Jan/2026:14:06:45 +0000] "GET /pages.php?stream/tour81/3k29p-309/ HTTP/1.1" 200 115027 "-" "Mozilla/5.0 AppleWebKit/537.36 (KHTML, like Gecko; compatible; GPTBot/1.3; +https://openai.com/gptbot)"
74.7.227.41 - - [10/Jan/2026:14:06:46 +0000] "GET /pages.php?bishop/monument88/yue6k-256/ HTTP/1.1" 200 118256 "-" "Mozilla/5.0 AppleWebKit/537.36 (KHTML, like Gecko; compatible; GPTBot/1.3; +https://openai.com/gptbot)"
74.7.227.41 - - [10/Jan/2026:14:06:48 +0000] "GET /pages.php?_bd_prev_page=https://www.en.mak.pt/chat.do?easily/motion81/3k29p-309/&_bdsid=kbnp7m.n~NYTSR.171038153.177752946&_gz=2.193737992.195223878.174926339-867670326.168772933 HTTP/1.1" 200 115134 "-" "Mozilla/5.0 AppleWebKit/537.36 (KHTML, like Gecko; compatible; GPTBot/1.3; +https://openai.com/gptbot)"
74.7.227.41 - - [10/Jan/2026:14:06:50 +0000] "GET /pages.php?night/blink88/yue6k-256/ HTTP/1.1" 200 118811 "-" "Mozilla/5.0 AppleWebKit/537.36 (KHTML, like Gecko; compatible; GPTBot/1.3; +https://openai.com/gptbot)"
74.7.227.41 - - [10/Jan/2026:14:06:53 +0000] "GET /pages.php?_bd_prev_page=https://www.en.mak.pt/chat.do?couple/external81/3k29p-309/&_bdsid=kbnp7m.n~NYTSR.171038153.177752946&_gz=2.193737992.195223878.174926339-867670326.168772933 HTTP/1.1" 200 113601 "-" "Mozilla/5.0 AppleWebKit/537.36 (KHTML, like Gecko; compatible; GPTBot/1.3; +https://openai.com/gptbot)"
74.7.227.41 - - [10/Jan/2026:14:06:55 +0000] "GET /pages.php?garbage/pause88/yue6k-256/ HTTP/1.1" 200 120068 "-" "Mozilla/5.0 AppleWebKit/537.36 (KHTML, like Gecko; compatible; GPTBot/1.3; +https://openai.com/gptbot)"
173.208.176.202 - - [10/Jan/2026:14:05:29 +0000] "GET /wp-content/ad32c4a5/edit.php?id=786347 HTTP/1.1" 200 - "https://www.en.mak.pt/wp-content/ad32c4a5/edit.php?id=786347" "Mozilla/5.0 (Windows NT 10.0; Win64; x64) AppleWebKit/537.36 (KHTML, like Gecko) Chrome/58.0.3029.110 Safari/537.3"
74.7.227.41 - - [10/Jan/2026:14:06:57 +0000] "GET /pages.php?cabin/have81/3k29p-309/ HTTP/1.1" 200 113982 "-" "Mozilla/5.0 AppleWebKit/537.36 (KHTML, like Gecko; compatible; GPTBot/1.3; +https://openai.com/gptbot)"
74.7.227.41 - - [10/Jan/2026:14:06:59 +0000] "GET /pages.php?Internet/everybody88/yue6k-256/ HTTP/1.1" 200 118235 "-" "Mozilla/5.0 AppleWebKit/537.36 (KHTML, like Gecko; compatible; GPTBot/1.3; +https://openai.com/gptbot)"
74.7.227.41 - - [10/Jan/2026:14:07:01 +0000] "GET /pages.php?repair/mountain81/3k29p-309/ HTTP/1.1" 200 113902 "-" "Mozilla/5.0 AppleWebKit/537.36 (KHTML, like Gecko; compatible; GPTBot/1.3; +https://openai.com/gptbot)"
74.7.227.41 - - [10/Jan/2026:14:07:04 +0000] "GET /pages.php?average/pregnancy88/yue6k-256/ HTTP/1.1" 200 118498 "-" "Mozilla/5.0 AppleWebKit/537.36 (KHTML, like Gecko; compatible; GPTBot/1.3; +https://openai.com/gptbot)"
74.7.227.41 - - [10/Jan/2026:14:07:06 +0000] "GET /pages.php?arise/cave81/3k29p-309/ HTTP/1.1" 200 113547 "-" "Mozilla/5.0 AppleWebKit/537.36 (KHTML, like Gecko; compatible; GPTBot/1.3; +https://openai.com/gptbot)"
74.7.227.41 - - [10/Jan/2026:14:07:09 +0000] "GET /pages.php?singer/office88/yue6k-256/ HTTP/1.1" 200 118085 "-" "Mozilla/5.0 AppleWebKit/537.36 (KHTML, like Gecko; compatible; GPTBot/1.3; +https://openai.com/gptbot)"
74.7.227.41 - - [10/Jan/2026:14:07:11 +0000] "GET /pages.php?fly/intervention81/3k29p-309/ HTTP/1.1" 200 113395 "-" "Mozilla/5.0 AppleWebKit/537.36 (KHTML, like Gecko; compatible; GPTBot/1.3; +https://openai.com/gptbot)"
74.7.227.41 - - [10/Jan/2026:14:07:12 +0000] "GET /pages.php?jail/absence88/yue6k-256/ HTTP/1.1" 200 118506 "-" "Mozilla/5.0 AppleWebKit/537.36 (KHTML, like Gecko; compatible; GPTBot/1.3; +https://openai.com/gptbot)"
74.7.227.41 - - [10/Jan/2026:14:07:15 +0000] "GET /pages.php?cause/elaborate81/3k29p-309/ HTTP/1.1" 200 114287 "-" "Mozilla/5.0 AppleWebKit/537.36 (KHTML, like Gecko; compatible; GPTBot/1.3; +https://openai.com/gptbot)"
74.7.227.41 - - [10/Jan/2026:14:07:17 +0000] "GET /pages.php?golf/shuttle88/yue6k-256/ HTTP/1.1" 200 119686 "-" "Mozilla/5.0 AppleWebKit/537.36 (KHTML, like Gecko; compatible; GPTBot/1.3; +https://openai.com/gptbot)"
74.7.227.41 - - [10/Jan/2026:14:07:19 +0000] "GET /pages.php?fail/adjustment81/3k29p-309/ HTTP/1.1" 200 113717 "-" "Mozilla/5.0 AppleWebKit/537.36 (KHTML, like Gecko; compatible; GPTBot/1.3; +https://openai.com/gptbot)"
74.7.227.41 - - [10/Jan/2026:14:07:21 +0000] "GET /pages.php?uh/totally88/yue6k-256/ HTTP/1.1" 200 118490 "-" "Mozilla/5.0 AppleWebKit/537.36 (KHTML, like Gecko; compatible; GPTBot/1.3; +https://openai.com/gptbot)"
74.7.227.41 - - [10/Jan/2026:14:07:24 +0000] "GET /pages.php?combination/import81/3k29p-309/ HTTP/1.1" 200 113312 "-" "Mozilla/5.0 AppleWebKit/537.36 (KHTML, like Gecko; compatible; GPTBot/1.3; +https://openai.com/gptbot)"
74.7.227.41 - - [10/Jan/2026:14:07:26 +0000] "GET /pages.php?ladder/studio88/yue6k-256/ HTTP/1.1" 200 118927 "-" "Mozilla/5.0 AppleWebKit/537.36 (KHTML, like Gecko; compatible; GPTBot/1.3; +https://openai.com/gptbot)"
114.119.146.208 - - [10/Jan/2026:14:07:27 +0000] "GET /products/82se48492 HTTP/1.1" 404 - "https://www.en.mak.pt/sitemap947.xml" "Mozilla/5.0 (Linux; Android 7.0;) AppleWebKit/537.36 (KHTML, like Gecko) Mobile Safari/537.36 (compatible; PetalBot;+https://webmaster.petalsearch.com/site/petalbot)"
74.7.227.41 - - [10/Jan/2026:14:07:28 +0000] "GET /pages.php?originally/lion81/3k29p-309/ HTTP/1.1" 200 113670 "-" "Mozilla/5.0 AppleWebKit/537.36 (KHTML, like Gecko; compatible; GPTBot/1.3; +https://openai.com/gptbot)"
74.7.227.41 - - [10/Jan/2026:14:07:30 +0000] "GET /pages.php?feature/opening88/yue6k-256/ HTTP/1.1" 200 118446 "-" "Mozilla/5.0 AppleWebKit/537.36 (KHTML, like Gecko; compatible; GPTBot/1.3; +https://openai.com/gptbot)"
74.7.227.41 - - [10/Jan/2026:14:07:32 +0000] "GET /pages.php?breakfast/improvement81/3k29p-309/ HTTP/1.1" 200 114268 "-" "Mozilla/5.0 AppleWebKit/537.36 (KHTML, like Gecko; compatible; GPTBot/1.3; +https://openai.com/gptbot)"
74.7.227.41 - - [10/Jan/2026:14:07:34 +0000] "GET /pages.php?prison/unite88/yue6k-256/ HTTP/1.1" 200 119165 "-" "Mozilla/5.0 AppleWebKit/537.36 (KHTML, like Gecko; compatible; GPTBot/1.3; +https://openai.com/gptbot)"
74.7.227.41 - - [10/Jan/2026:14:07:36 +0000] "GET /pages.php?partnership/denial81/3k29p-309/ HTTP/1.1" 200 113444 "-" "Mozilla/5.0 AppleWebKit/537.36 (KHTML, like Gecko; compatible; GPTBot/1.3; +https://openai.com/gptbot)"
74.7.227.41 - - [10/Jan/2026:14:07:38 +0000] "GET /pages.php?differently/battle88/yue6k-256/ HTTP/1.1" 200 118933 "-" "Mozilla/5.0 AppleWebKit/537.36 (KHTML, like Gecko; compatible; GPTBot/1.3; +https://openai.com/gptbot)"
74.7.227.41 - - [10/Jan/2026:14:07:41 +0000] "GET /pages.php?fit/explosion81/3k29p-309/ HTTP/1.1" 200 113133 "-" "Mozilla/5.0 AppleWebKit/537.36 (KHTML, like Gecko; compatible; GPTBot/1.3; +https://openai.com/gptbot)"
74.7.227.41 - - [10/Jan/2026:14:07:43 +0000] "GET /pages.php?reading/south88/yue6k-256/ HTTP/1.1" 200 118142 "-" "Mozilla/5.0 AppleWebKit/537.36 (KHTML, like Gecko; compatible; GPTBot/1.3; +https://openai.com/gptbot)"
74.7.227.41 - - [10/Jan/2026:14:07:45 +0000] "GET /pages.php?nice/job81/3k29p-309/ HTTP/1.1" 200 113358 "-" "Mozilla/5.0 AppleWebKit/537.36 (KHTML, like Gecko; compatible; GPTBot/1.3; +https://openai.com/gptbot)"
74.7.227.41 - - [10/Jan/2026:14:07:46 +0000] "GET /pages.php?help/truck88/yue6k-256/ HTTP/1.1" 200 119838 "-" "Mozilla/5.0 AppleWebKit/537.36 (KHTML, like Gecko; compatible; GPTBot/1.3; +https://openai.com/gptbot)"
74.7.227.41 - - [10/Jan/2026:14:07:48 +0000] "GET /pages.php?break/northern81/3k29p-309/ HTTP/1.1" 200 113537 "-" "Mozilla/5.0 AppleWebKit/537.36 (KHTML, like Gecko; compatible; GPTBot/1.3; +https://openai.com/gptbot)"
74.7.227.41 - - [10/Jan/2026:14:07:51 +0000] "GET /pages.php?_bd_prev_page=https://www.en.mak.pt/chat.do?clock/to88/yue6k-256/&_bdsid=kbnp7m.n~NYTSR.171038153.177752946&_gz=2.193737992.195223878.174926339-867670326.168772933 HTTP/1.1" 200 118930 "-" "Mozilla/5.0 AppleWebKit/537.36 (KHTML, like Gecko; compatible; GPTBot/1.3; +https://openai.com/gptbot)"
74.7.227.41 - - [10/Jan/2026:14:07:53 +0000] "GET /pages.php?shelter/shine81/3k29p-309/ HTTP/1.1" 200 113512 "-" "Mozilla/5.0 AppleWebKit/537.36 (KHTML, like Gecko; compatible; GPTBot/1.3; +https://openai.com/gptbot)"
74.7.227.41 - - [10/Jan/2026:14:07:55 +0000] "GET /pages.php?police/debt88/yue6k-256/ HTTP/1.1" 200 118757 "-" "Mozilla/5.0 AppleWebKit/537.36 (KHTML, like Gecko; compatible; GPTBot/1.3; +https://openai.com/gptbot)"
74.7.227.41 - - [10/Jan/2026:14:07:57 +0000] "GET /pages.php?seek/town81/3k29p-309/ HTTP/1.1" 200 113774 "-" "Mozilla/5.0 AppleWebKit/537.36 (KHTML, like Gecko; compatible; GPTBot/1.3; +https://openai.com/gptbot)"
74.7.227.41 - - [10/Jan/2026:14:07:59 +0000] "GET /pages.php?wealthy/beer88/yue6k-256/ HTTP/1.1" 200 119696 "-" "Mozilla/5.0 AppleWebKit/537.36 (KHTML, like Gecko; compatible; GPTBot/1.3; +https://openai.com/gptbot)"
74.7.227.41 - - [10/Jan/2026:14:08:02 +0000] "GET /pages.php?hence/authorize81/3k29p-309/ HTTP/1.1" 200 113340 "-" "Mozilla/5.0 AppleWebKit/537.36 (KHTML, like Gecko; compatible; GPTBot/1.3; +https://openai.com/gptbot)"
74.7.227.41 - - [10/Jan/2026:14:08:04 +0000] "GET /pages.php?achievement/mud88/yue6k-256/ HTTP/1.1" 200 119780 "-" "Mozilla/5.0 AppleWebKit/537.36 (KHTML, like Gecko; compatible; GPTBot/1.3; +https://openai.com/gptbot)"
74.7.227.41 - - [10/Jan/2026:14:08:06 +0000] "GET /pages.php?design/icon81/3k29p-309/ HTTP/1.1" 200 113528 "-" "Mozilla/5.0 AppleWebKit/537.36 (KHTML, like Gecko; compatible; GPTBot/1.3; +https://openai.com/gptbot)"
74.7.227.41 - - [10/Jan/2026:14:08:08 +0000] "GET /pages.php?onto/salmon1/2f6s6-12669/ HTTP/1.1" 200 124326 "-" "Mozilla/5.0 AppleWebKit/537.36 (KHTML, like Gecko; compatible; GPTBot/1.3; +https://openai.com/gptbot)"
74.7.227.41 - - [10/Jan/2026:14:08:10 +0000] "GET /pages.php?_bd_prev_page=https://www.en.mak.pt/chat.do?socially/variable88/yue6k-256/&_bdsid=kbnp7m.n~NYTSR.171038153.177752946&_gz=2.193737992.195223878.174926339-867670326.168772933 HTTP/1.1" 200 118297 "-" "Mozilla/5.0 AppleWebKit/537.36 (KHTML, like Gecko; compatible; GPTBot/1.3; +https://openai.com/gptbot)"
74.7.227.41 - - [10/Jan/2026:14:08:13 +0000] "GET /pages.php?drive/tolerate81/3k29p-309/ HTTP/1.1" 200 114713 "-" "Mozilla/5.0 AppleWebKit/537.36 (KHTML, like Gecko; compatible; GPTBot/1.3; +https://openai.com/gptbot)"
74.7.227.41 - - [10/Jan/2026:14:08:15 +0000] "GET /pages.php?convince/cop1/2f6s6-12669/ HTTP/1.1" 200 124595 "-" "Mozilla/5.0 AppleWebKit/537.36 (KHTML, like Gecko; compatible; GPTBot/1.3; +https://openai.com/gptbot)"
74.7.227.41 - - [10/Jan/2026:14:08:17 +0000] "GET /pages.php?zone/forever88/yue6k-256/ HTTP/1.1" 200 119090 "-" "Mozilla/5.0 AppleWebKit/537.36 (KHTML, like Gecko; compatible; GPTBot/1.3; +https://openai.com/gptbot)"
74.7.227.41 - - [10/Jan/2026:14:08:19 +0000] "GET /pages.php?_bd_prev_page=https://www.en.mak.pt/chat.do?jungle/dam81/3k29p-309/&_bdsid=kbnp7m.n~NYTSR.171038153.177752946&_gz=2.193737992.195223878.174926339-867670326.168772933 HTTP/1.1" 200 113180 "-" "Mozilla/5.0 AppleWebKit/537.36 (KHTML, like Gecko; compatible; GPTBot/1.3; +https://openai.com/gptbot)"
74.7.227.41 - - [10/Jan/2026:14:08:21 +0000] "GET /pages.php?miss/difficult1/2f6s6-12669/ HTTP/1.1" 200 125996 "-" "Mozilla/5.0 AppleWebKit/537.36 (KHTML, like Gecko; compatible; GPTBot/1.3; +https://openai.com/gptbot)"
74.7.227.41 - - [10/Jan/2026:14:08:24 +0000] "GET /pages.php?finger/e-mail88/yue6k-256/ HTTP/1.1" 200 126524 "-" "Mozilla/5.0 AppleWebKit/537.36 (KHTML, like Gecko; compatible; GPTBot/1.3; +https://openai.com/gptbot)"
74.7.227.41 - - [10/Jan/2026:14:08:26 +0000] "GET /pages.php?register/cow81/3k29p-309/ HTTP/1.1" 200 114179 "-" "Mozilla/5.0 AppleWebKit/537.36 (KHTML, like Gecko; compatible; GPTBot/1.3; +https://openai.com/gptbot)"
173.208.176.202 - - [10/Jan/2026:14:07:00 +0000] "GET /wp-content/ad32c4a5/edit.php?id=786347 HTTP/1.1" 200 - "https://www.en.mak.pt/wp-content/ad32c4a5/edit.php?id=786347" "Mozilla/5.0 (Windows NT 10.0; Win64; x64) AppleWebKit/537.36 (KHTML, like Gecko) Chrome/58.0.3029.110 Safari/537.3"
74.7.227.41 - - [10/Jan/2026:14:08:29 +0000] "GET /pages.php?_bd_prev_page=https://www.en.mak.pt/chat.do?hormone/pick1/2f6s6-12669/&_bdsid=kbnp7m.n~NYTSR.171038153.177752946&_gz=2.193737992.195223878.174926339-867670326.168772933 HTTP/1.1" 200 125672 "-" "Mozilla/5.0 AppleWebKit/537.36 (KHTML, like Gecko; compatible; GPTBot/1.3; +https://openai.com/gptbot)"
74.7.227.41 - - [10/Jan/2026:14:08:31 +0000] "GET /pages.php?item/u61/892/ HTTP/1.1" 200 127895 "-" "Mozilla/5.0 AppleWebKit/537.36 (KHTML, like Gecko; compatible; GPTBot/1.3; +https://openai.com/gptbot)"
74.7.227.41 - - [10/Jan/2026:14:08:33 +0000] "GET /pages.php?distant/cognitive81/3k29p-309/ HTTP/1.1" 200 113886 "-" "Mozilla/5.0 AppleWebKit/537.36 (KHTML, like Gecko; compatible; GPTBot/1.3; +https://openai.com/gptbot)"
74.7.227.41 - - [10/Jan/2026:14:08:35 +0000] "GET /pages.php?fixed/train1/2f6s6-12669/ HTTP/1.1" 200 125074 "-" "Mozilla/5.0 AppleWebKit/537.36 (KHTML, like Gecko; compatible; GPTBot/1.3; +https://openai.com/gptbot)"
74.7.227.41 - - [10/Jan/2026:14:08:38 +0000] "GET /pages.php?shirt/launch81/3k29p-309/ HTTP/1.1" 200 112904 "-" "Mozilla/5.0 AppleWebKit/537.36 (KHTML, like Gecko; compatible; GPTBot/1.3; +https://openai.com/gptbot)"
74.7.227.41 - - [10/Jan/2026:14:08:39 +0000] "GET /pages.php?please/tissue1/2f6s6-12669/ HTTP/1.1" 200 124629 "-" "Mozilla/5.0 AppleWebKit/537.36 (KHTML, like Gecko; compatible; GPTBot/1.3; +https://openai.com/gptbot)"
74.7.227.41 - - [10/Jan/2026:14:08:42 +0000] "GET /pages.php?friendly/surgeon81/3k29p-309/ HTTP/1.1" 200 114994 "-" "Mozilla/5.0 AppleWebKit/537.36 (KHTML, like Gecko; compatible; GPTBot/1.3; +https://openai.com/gptbot)"
74.7.227.41 - - [10/Jan/2026:14:08:44 +0000] "GET /pages.php?stair/recording1/2f6s6-12669/ HTTP/1.1" 200 125569 "-" "Mozilla/5.0 AppleWebKit/537.36 (KHTML, like Gecko; compatible; GPTBot/1.3; +https://openai.com/gptbot)"
74.7.227.41 - - [10/Jan/2026:14:08:46 +0000] "GET /pages.php?_bd_prev_page=https://www.en.mak.pt/chat.do?hurry/analyst81/3k29p-309/&_bdsid=kbnp7m.n~NYTSR.171038153.177752946&_gz=2.193737992.195223878.174926339-867670326.168772933 HTTP/1.1" 200 114626 "-" "Mozilla/5.0 AppleWebKit/537.36 (KHTML, like Gecko; compatible; GPTBot/1.3; +https://openai.com/gptbot)"
74.7.227.41 - - [10/Jan/2026:14:08:48 +0000] "GET /pages.php?armed/gut1/2f6s6-12669/ HTTP/1.1" 200 124317 "-" "Mozilla/5.0 AppleWebKit/537.36 (KHTML, like Gecko; compatible; GPTBot/1.3; +https://openai.com/gptbot)"
74.7.227.41 - - [10/Jan/2026:14:08:50 +0000] "GET /pages.php?_bd_prev_page=https://www.en.mak.pt/chat.do?boil/retail81/3k29p-309/&_bdsid=kbnp7m.n~NYTSR.171038153.177752946&_gz=2.193737992.195223878.174926339-867670326.168772933 HTTP/1.1" 200 112839 "-" "Mozilla/5.0 AppleWebKit/537.36 (KHTML, like Gecko; compatible; GPTBot/1.3; +https://openai.com/gptbot)"
74.7.227.41 - - [10/Jan/2026:14:08:52 +0000] "GET /pages.php?sauce/vendor1/2f6s6-12669/ HTTP/1.1" 200 124639 "-" "Mozilla/5.0 AppleWebKit/537.36 (KHTML, like Gecko; compatible; GPTBot/1.3; +https://openai.com/gptbot)"
74.7.227.41 - - [10/Jan/2026:14:08:54 +0000] "GET /pages.php?scatter/previous81/3k29p-309/ HTTP/1.1" 200 113749 "-" "Mozilla/5.0 AppleWebKit/537.36 (KHTML, like Gecko; compatible; GPTBot/1.3; +https://openai.com/gptbot)"
114.119.132.89 - - [10/Jan/2026:14:08:57 +0000] "GET /products/82rz35676 HTTP/1.1" 404 - "https://www.en.mak.pt/sitemap705.xml" "Mozilla/5.0 (Linux; Android 7.0;) AppleWebKit/537.36 (KHTML, like Gecko) Mobile Safari/537.36 (compatible; PetalBot;+https://webmaster.petalsearch.com/site/petalbot)"
74.7.227.41 - - [10/Jan/2026:14:08:57 +0000] "GET /pages.php?consciousness/Mexican1/2f6s6-12669/ HTTP/1.1" 200 125828 "-" "Mozilla/5.0 AppleWebKit/537.36 (KHTML, like Gecko; compatible; GPTBot/1.3; +https://openai.com/gptbot)"
74.7.227.41 - - [10/Jan/2026:14:08:59 +0000] "GET /pages.php?marry/sacrifice81/3k29p-309/ HTTP/1.1" 200 113596 "-" "Mozilla/5.0 AppleWebKit/537.36 (KHTML, like Gecko; compatible; GPTBot/1.3; +https://openai.com/gptbot)"
74.7.227.41 - - [10/Jan/2026:14:09:01 +0000] "GET /pages.php?worldwide/these1/2f6s6-12669/ HTTP/1.1" 200 124836 "-" "Mozilla/5.0 AppleWebKit/537.36 (KHTML, like Gecko; compatible; GPTBot/1.3; +https://openai.com/gptbot)"
74.7.227.41 - - [10/Jan/2026:14:09:03 +0000] "GET /pages.php?weaken/function81/3k29p-309/ HTTP/1.1" 200 113115 "-" "Mozilla/5.0 AppleWebKit/537.36 (KHTML, like Gecko; compatible; GPTBot/1.3; +https://openai.com/gptbot)"
74.7.227.41 - - [10/Jan/2026:14:09:05 +0000] "GET /pages.php?brush/unexpected1/2f6s6-12669/ HTTP/1.1" 200 126128 "-" "Mozilla/5.0 AppleWebKit/537.36 (KHTML, like Gecko; compatible; GPTBot/1.3; +https://openai.com/gptbot)"
74.7.227.41 - - [10/Jan/2026:14:09:08 +0000] "GET /pages.php?trap/consume81/3k29p-309/ HTTP/1.1" 200 113385 "-" "Mozilla/5.0 AppleWebKit/537.36 (KHTML, like Gecko; compatible; GPTBot/1.3; +https://openai.com/gptbot)"
74.7.227.41 - - [10/Jan/2026:14:09:10 +0000] "GET /pages.php?uncover/offense1/2f6s6-12669/ HTTP/1.1" 200 124464 "-" "Mozilla/5.0 AppleWebKit/537.36 (KHTML, like Gecko; compatible; GPTBot/1.3; +https://openai.com/gptbot)"
74.7.227.41 - - [10/Jan/2026:14:09:12 +0000] "GET /pages.php?republic/shit81/3k29p-309/ HTTP/1.1" 200 112889 "-" "Mozilla/5.0 AppleWebKit/537.36 (KHTML, like Gecko; compatible; GPTBot/1.3; +https://openai.com/gptbot)"
74.7.227.41 - - [10/Jan/2026:14:09:15 +0000] "GET /pages.php?resource/identify1/2f6s6-12669/ HTTP/1.1" 200 125508 "-" "Mozilla/5.0 AppleWebKit/537.36 (KHTML, like Gecko; compatible; GPTBot/1.3; +https://openai.com/gptbot)"
74.7.227.41 - - [10/Jan/2026:14:09:17 +0000] "GET /pages.php?distribute/run81/3k29p-309/ HTTP/1.1" 200 113568 "-" "Mozilla/5.0 AppleWebKit/537.36 (KHTML, like Gecko; compatible; GPTBot/1.3; +https://openai.com/gptbot)"
74.7.227.41 - - [10/Jan/2026:14:09:19 +0000] "GET /pages.php?integration/mental1/2f6s6-12669/ HTTP/1.1" 200 124949 "-" "Mozilla/5.0 AppleWebKit/537.36 (KHTML, like Gecko; compatible; GPTBot/1.3; +https://openai.com/gptbot)"
66.249.64.70 - - [10/Jan/2026:14:09:20 +0000] "GET /?x=2827111353517&channel=116e61&from=https://www.en.mak.pt/super.cgi?products/246nv11336 HTTP/1.1" 200 108840 "-" "Mozilla/5.0 (Linux; Android 6.0.1; Nexus 5X Build/MMB29P) AppleWebKit/537.36 (KHTML, like Gecko) Chrome/143.0.7499.169 Mobile Safari/537.36 (compatible; Googlebot/2.1; +http://www.google.com/bot.html)"
74.7.227.41 - - [10/Jan/2026:14:09:22 +0000] "GET /pages.php?grave/second81/3k29p-309/ HTTP/1.1" 200 113434 "-" "Mozilla/5.0 AppleWebKit/537.36 (KHTML, like Gecko; compatible; GPTBot/1.3; +https://openai.com/gptbot)"
74.7.227.41 - - [10/Jan/2026:14:09:24 +0000] "GET /pages.php?prisoner/toilet1/2f6s6-12669/ HTTP/1.1" 200 123952 "-" "Mozilla/5.0 AppleWebKit/537.36 (KHTML, like Gecko; compatible; GPTBot/1.3; +https://openai.com/gptbot)"
74.7.227.41 - - [10/Jan/2026:14:09:26 +0000] "GET /pages.php?basketball/mandate81/3k29p-309/ HTTP/1.1" 200 113697 "-" "Mozilla/5.0 AppleWebKit/537.36 (KHTML, like Gecko; compatible; GPTBot/1.3; +https://openai.com/gptbot)"
74.7.227.41 - - [10/Jan/2026:14:09:28 +0000] "GET /pages.php?form/emotion1/2f6s6-12669/ HTTP/1.1" 200 124896 "-" "Mozilla/5.0 AppleWebKit/537.36 (KHTML, like Gecko; compatible; GPTBot/1.3; +https://openai.com/gptbot)"
74.7.227.41 - - [10/Jan/2026:14:09:31 +0000] "GET /pages.php?submit/singer81/3k29p-309/ HTTP/1.1" 200 113347 "-" "Mozilla/5.0 AppleWebKit/537.36 (KHTML, like Gecko; compatible; GPTBot/1.3; +https://openai.com/gptbot)"
74.7.227.41 - - [10/Jan/2026:14:09:33 +0000] "GET /pages.php?fundamental/guy1/2f6s6-12669/ HTTP/1.1" 200 124919 "-" "Mozilla/5.0 AppleWebKit/537.36 (KHTML, like Gecko; compatible; GPTBot/1.3; +https://openai.com/gptbot)"
74.7.227.41 - - [10/Jan/2026:14:09:35 +0000] "GET /pages.php?warn/Iraqi81/3k29p-309/ HTTP/1.1" 200 113330 "-" "Mozilla/5.0 AppleWebKit/537.36 (KHTML, like Gecko; compatible; GPTBot/1.3; +https://openai.com/gptbot)"
74.7.227.41 - - [10/Jan/2026:14:09:36 +0000] "GET /pages.php?and/seek1/2f6s6-12669/ HTTP/1.1" 200 125257 "-" "Mozilla/5.0 AppleWebKit/537.36 (KHTML, like Gecko; compatible; GPTBot/1.3; +https://openai.com/gptbot)"
74.7.227.41 - - [10/Jan/2026:14:09:39 +0000] "GET /pages.php?discourage/help81/3k29p-309/ HTTP/1.1" 200 113278 "-" "Mozilla/5.0 AppleWebKit/537.36 (KHTML, like Gecko; compatible; GPTBot/1.3; +https://openai.com/gptbot)"
74.7.227.41 - - [10/Jan/2026:14:09:41 +0000] "GET /pages.php?encounter/practice1/2f6s6-12669/ HTTP/1.1" 200 124994 "-" "Mozilla/5.0 AppleWebKit/537.36 (KHTML, like Gecko; compatible; GPTBot/1.3; +https://openai.com/gptbot)"
74.7.227.41 - - [10/Jan/2026:14:09:43 +0000] "GET /pages.php?line/leather81/3k29p-309/ HTTP/1.1" 200 113585 "-" "Mozilla/5.0 AppleWebKit/537.36 (KHTML, like Gecko; compatible; GPTBot/1.3; +https://openai.com/gptbot)"
74.7.227.41 - - [10/Jan/2026:14:09:45 +0000] "GET /pages.php?goal/via1/2f6s6-12669/ HTTP/1.1" 200 124694 "-" "Mozilla/5.0 AppleWebKit/537.36 (KHTML, like Gecko; compatible; GPTBot/1.3; +https://openai.com/gptbot)"
74.7.227.41 - - [10/Jan/2026:14:09:47 +0000] "GET /pages.php?separation/soar81/3k29p-309/ HTTP/1.1" 200 113233 "-" "Mozilla/5.0 AppleWebKit/537.36 (KHTML, like Gecko; compatible; GPTBot/1.3; +https://openai.com/gptbot)"
74.7.227.41 - - [10/Jan/2026:14:09:49 +0000] "GET /pages.php?sandwich/possess1/2f6s6-12669/ HTTP/1.1" 200 123780 "-" "Mozilla/5.0 AppleWebKit/537.36 (KHTML, like Gecko; compatible; GPTBot/1.3; +https://openai.com/gptbot)"
74.7.227.41 - - [10/Jan/2026:14:09:51 +0000] "GET /pages.php?northeast/publication81/3k29p-309/ HTTP/1.1" 200 113529 "-" "Mozilla/5.0 AppleWebKit/537.36 (KHTML, like Gecko; compatible; GPTBot/1.3; +https://openai.com/gptbot)"
74.7.227.41 - - [10/Jan/2026:14:09:53 +0000] "GET /pages.php?soccer/quarter1/2f6s6-12669/ HTTP/1.1" 200 125105 "-" "Mozilla/5.0 AppleWebKit/537.36 (KHTML, like Gecko; compatible; GPTBot/1.3; +https://openai.com/gptbot)"
74.7.227.41 - - [10/Jan/2026:14:09:55 +0000] "GET /pages.php?shopping/shrimp81/3k29p-309/ HTTP/1.1" 200 113237 "-" "Mozilla/5.0 AppleWebKit/537.36 (KHTML, like Gecko; compatible; GPTBot/1.3; +https://openai.com/gptbot)"
74.7.227.41 - - [10/Jan/2026:14:09:57 +0000] "GET /pages.php?_bd_prev_page=https://www.en.mak.pt/chat.do?see/ice1/2f6s6-12669/&_bdsid=kbnp7m.n~NYTSR.171038153.177752946&_gz=2.193737992.195223878.174926339-867670326.168772933 HTTP/1.1" 200 125930 "-" "Mozilla/5.0 AppleWebKit/537.36 (KHTML, like Gecko; compatible; GPTBot/1.3; +https://openai.com/gptbot)"
74.7.227.41 - - [10/Jan/2026:14:09:59 +0000] "GET /pages.php?persuade/his81/3k29p-309/ HTTP/1.1" 200 113788 "-" "Mozilla/5.0 AppleWebKit/537.36 (KHTML, like Gecko; compatible; GPTBot/1.3; +https://openai.com/gptbot)"
74.7.227.41 - - [10/Jan/2026:14:10:01 +0000] "GET /pages.php?incredible/collection1/2f6s6-12669/ HTTP/1.1" 200 123821 "-" "Mozilla/5.0 AppleWebKit/537.36 (KHTML, like Gecko; compatible; GPTBot/1.3; +https://openai.com/gptbot)"
173.208.176.202 - - [10/Jan/2026:14:08:30 +0000] "GET /wp-content/ad32c4a5/edit.php?id=786347 HTTP/1.1" 200 - "https://www.en.mak.pt/wp-content/ad32c4a5/edit.php?id=786347" "Mozilla/5.0 (Windows NT 10.0; Win64; x64) AppleWebKit/537.36 (KHTML, like Gecko) Chrome/58.0.3029.110 Safari/537.3"
74.7.227.41 - - [10/Jan/2026:14:10:03 +0000] "GET /pages.php?practitioner/engagement81/3k29p-309/ HTTP/1.1" 200 113408 "-" "Mozilla/5.0 AppleWebKit/537.36 (KHTML, like Gecko; compatible; GPTBot/1.3; +https://openai.com/gptbot)"
74.7.227.41 - - [10/Jan/2026:14:10:06 +0000] "GET /pages.php?stove/bad1/2f6s6-12669/ HTTP/1.1" 200 124418 "-" "Mozilla/5.0 AppleWebKit/537.36 (KHTML, like Gecko; compatible; GPTBot/1.3; +https://openai.com/gptbot)"
74.7.227.41 - - [10/Jan/2026:14:10:08 +0000] "GET /pages.php?happy/steal81/3k29p-309/ HTTP/1.1" 200 114671 "-" "Mozilla/5.0 AppleWebKit/537.36 (KHTML, like Gecko; compatible; GPTBot/1.3; +https://openai.com/gptbot)"
74.7.227.41 - - [10/Jan/2026:14:10:10 +0000] "GET /pages.php?bar/bind1/2f6s6-12669/ HTTP/1.1" 200 125697 "-" "Mozilla/5.0 AppleWebKit/537.36 (KHTML, like Gecko; compatible; GPTBot/1.3; +https://openai.com/gptbot)"
74.7.227.41 - - [10/Jan/2026:14:10:12 +0000] "GET /pages.php?very/everywhere81/3k29p-309/ HTTP/1.1" 200 113514 "-" "Mozilla/5.0 AppleWebKit/537.36 (KHTML, like Gecko; compatible; GPTBot/1.3; +https://openai.com/gptbot)"
74.7.227.41 - - [10/Jan/2026:14:10:14 +0000] "GET /pages.php?blame/line1/2f6s6-12669/ HTTP/1.1" 200 125246 "-" "Mozilla/5.0 AppleWebKit/537.36 (KHTML, like Gecko; compatible; GPTBot/1.3; +https://openai.com/gptbot)"
114.119.132.89 - - [10/Jan/2026:14:10:15 +0000] "GET /products/82rw13000 HTTP/1.1" 404 - "https://www.en.mak.pt/sitemap953.xml" "Mozilla/5.0 (Linux; Android 7.0;) AppleWebKit/537.36 (KHTML, like Gecko) Mobile Safari/537.36 (compatible; PetalBot;+https://webmaster.petalsearch.com/site/petalbot)"
74.7.227.41 - - [10/Jan/2026:14:10:16 +0000] "GET /pages.php?deep/shame23/74pyl-42651/ HTTP/1.1" 200 125720 "-" "Mozilla/5.0 AppleWebKit/537.36 (KHTML, like Gecko; compatible; GPTBot/1.3; +https://openai.com/gptbot)"
74.7.227.41 - - [10/Jan/2026:14:10:18 +0000] "GET /pages.php?individual/ban81/3k29p-309/ HTTP/1.1" 200 114069 "-" "Mozilla/5.0 AppleWebKit/537.36 (KHTML, like Gecko; compatible; GPTBot/1.3; +https://openai.com/gptbot)"
74.7.227.41 - - [10/Jan/2026:14:10:20 +0000] "GET /pages.php?tension/television1/2f6s6-12669/ HTTP/1.1" 200 124640 "-" "Mozilla/5.0 AppleWebKit/537.36 (KHTML, like Gecko; compatible; GPTBot/1.3; +https://openai.com/gptbot)"
74.7.227.41 - - [10/Jan/2026:14:10:22 +0000] "GET /pages.php?suppose/either23/74pyl-42651/ HTTP/1.1" 200 125597 "-" "Mozilla/5.0 AppleWebKit/537.36 (KHTML, like Gecko; compatible; GPTBot/1.3; +https://openai.com/gptbot)"
74.7.227.41 - - [10/Jan/2026:14:10:24 +0000] "GET /pages.php?_bd_prev_page=https://www.en.mak.pt/chat.do?constant/recent81/3k29p-309/&_bdsid=kbnp7m.n~NYTSR.171038153.177752946&_gz=2.193737992.195223878.174926339-867670326.168772933 HTTP/1.1" 200 114012 "-" "Mozilla/5.0 AppleWebKit/537.36 (KHTML, like Gecko; compatible; GPTBot/1.3; +https://openai.com/gptbot)"
74.7.227.41 - - [10/Jan/2026:14:10:27 +0000] "GET /pages.php?ongoing/straw1/2f6s6-12669/ HTTP/1.1" 200 125118 "-" "Mozilla/5.0 AppleWebKit/537.36 (KHTML, like Gecko; compatible; GPTBot/1.3; +https://openai.com/gptbot)"
74.7.227.41 - - [10/Jan/2026:14:10:29 +0000] "GET /pages.php?electricity/fiction23/74pyl-42651/ HTTP/1.1" 200 126148 "-" "Mozilla/5.0 AppleWebKit/537.36 (KHTML, like Gecko; compatible; GPTBot/1.3; +https://openai.com/gptbot)"
74.7.227.41 - - [10/Jan/2026:14:10:31 +0000] "GET /pages.php?newspaper/grain81/3k29p-309/ HTTP/1.1" 200 113897 "-" "Mozilla/5.0 AppleWebKit/537.36 (KHTML, like Gecko; compatible; GPTBot/1.3; +https://openai.com/gptbot)"
74.7.227.41 - - [10/Jan/2026:14:10:33 +0000] "GET /pages.php?tail/exploit1/2f6s6-12669/ HTTP/1.1" 200 124128 "-" "Mozilla/5.0 AppleWebKit/537.36 (KHTML, like Gecko; compatible; GPTBot/1.3; +https://openai.com/gptbot)"
74.7.227.41 - - [10/Jan/2026:14:10:35 +0000] "GET /pages.php?_bd_prev_page=https://www.en.mak.pt/chat.do?scholar/platform23/74pyl-42651/&_bdsid=kbnp7m.n~NYTSR.171038153.177752946&_gz=2.193737992.195223878.174926339-867670326.168772933 HTTP/1.1" 200 126111 "-" "Mozilla/5.0 AppleWebKit/537.36 (KHTML, like Gecko; compatible; GPTBot/1.3; +https://openai.com/gptbot)"
74.7.227.41 - - [10/Jan/2026:14:10:37 +0000] "GET /pages.php?unlike/height81/3k29p-309/ HTTP/1.1" 200 112921 "-" "Mozilla/5.0 AppleWebKit/537.36 (KHTML, like Gecko; compatible; GPTBot/1.3; +https://openai.com/gptbot)"
74.7.227.41 - - [10/Jan/2026:14:10:39 +0000] "GET /pages.php?able/snap1/2f6s6-12669/ HTTP/1.1" 200 124642 "-" "Mozilla/5.0 AppleWebKit/537.36 (KHTML, like Gecko; compatible; GPTBot/1.3; +https://openai.com/gptbot)"
74.7.227.41 - - [10/Jan/2026:14:10:42 +0000] "GET /pages.php?quickly/ours23/74pyl-42651/ HTTP/1.1" 200 125972 "-" "Mozilla/5.0 AppleWebKit/537.36 (KHTML, like Gecko; compatible; GPTBot/1.3; +https://openai.com/gptbot)"
74.7.227.41 - - [10/Jan/2026:14:10:43 +0000] "GET /pages.php?AM/west81/3k29p-309/ HTTP/1.1" 200 114486 "-" "Mozilla/5.0 AppleWebKit/537.36 (KHTML, like Gecko; compatible; GPTBot/1.3; +https://openai.com/gptbot)"
74.7.227.41 - - [10/Jan/2026:14:10:46 +0000] "GET /pages.php?bright/practice1/2f6s6-12669/ HTTP/1.1" 200 124601 "-" "Mozilla/5.0 AppleWebKit/537.36 (KHTML, like Gecko; compatible; GPTBot/1.3; +https://openai.com/gptbot)"
74.7.227.41 - - [10/Jan/2026:14:10:48 +0000] "GET /pages.php?visitor/later23/74pyl-42651/ HTTP/1.1" 200 125600 "-" "Mozilla/5.0 AppleWebKit/537.36 (KHTML, like Gecko; compatible; GPTBot/1.3; +https://openai.com/gptbot)"
74.7.227.41 - - [10/Jan/2026:14:10:50 +0000] "GET /pages.php?application/sheep81/3k29p-309/ HTTP/1.1" 200 113052 "-" "Mozilla/5.0 AppleWebKit/537.36 (KHTML, like Gecko; compatible; GPTBot/1.3; +https://openai.com/gptbot)"
74.7.227.41 - - [10/Jan/2026:14:10:52 +0000] "GET /pages.php?afterward/likewise1/2f6s6-12669/ HTTP/1.1" 200 124420 "-" "Mozilla/5.0 AppleWebKit/537.36 (KHTML, like Gecko; compatible; GPTBot/1.3; +https://openai.com/gptbot)"
74.7.227.41 - - [10/Jan/2026:14:10:54 +0000] "GET /pages.php?beat/afraid23/74pyl-42651/ HTTP/1.1" 200 126090 "-" "Mozilla/5.0 AppleWebKit/537.36 (KHTML, like Gecko; compatible; GPTBot/1.3; +https://openai.com/gptbot)"
74.7.227.41 - - [10/Jan/2026:14:10:57 +0000] "GET /pages.php?bake/breeze81/3k29p-309/ HTTP/1.1" 200 113405 "-" "Mozilla/5.0 AppleWebKit/537.36 (KHTML, like Gecko; compatible; GPTBot/1.3; +https://openai.com/gptbot)"
74.7.227.41 - - [10/Jan/2026:14:10:59 +0000] "GET /pages.php?crazy/minor1/2f6s6-12669/ HTTP/1.1" 200 124478 "-" "Mozilla/5.0 AppleWebKit/537.36 (KHTML, like Gecko; compatible; GPTBot/1.3; +https://openai.com/gptbot)"
74.7.227.41 - - [10/Jan/2026:14:11:01 +0000] "GET /pages.php?loyal/clue23/74pyl-42651/ HTTP/1.1" 200 125780 "-" "Mozilla/5.0 AppleWebKit/537.36 (KHTML, like Gecko; compatible; GPTBot/1.3; +https://openai.com/gptbot)"
74.7.227.41 - - [10/Jan/2026:14:11:04 +0000] "GET /pages.php?economist/promotion81/3k29p-309/ HTTP/1.1" 200 113242 "-" "Mozilla/5.0 AppleWebKit/537.36 (KHTML, like Gecko; compatible; GPTBot/1.3; +https://openai.com/gptbot)"
208.110.64.178 - - [10/Jan/2026:14:11:05 +0000] "GET /wp-content/ad32c4a5/edit.php HTTP/1.1" 200 6 "https://www.en.mak.pt/wp-content/ad32c4a5/edit.php" "Mozilla/5.0 (Windows NT 10.0; Win64; x64) AppleWebKit/537.36 (KHTML, like Gecko) Chrome/58.0.3029.110 Safari/537.3"
74.7.227.41 - - [10/Jan/2026:14:11:06 +0000] "GET /pages.php?complain/county1/2f6s6-12669/ HTTP/1.1" 200 124625 "-" "Mozilla/5.0 AppleWebKit/537.36 (KHTML, like Gecko; compatible; GPTBot/1.3; +https://openai.com/gptbot)"
74.7.227.41 - - [10/Jan/2026:14:11:08 +0000] "GET /pages.php?screen/undergo23/74pyl-42651/ HTTP/1.1" 200 125061 "-" "Mozilla/5.0 AppleWebKit/537.36 (KHTML, like Gecko; compatible; GPTBot/1.3; +https://openai.com/gptbot)"
74.7.227.41 - - [10/Jan/2026:14:11:10 +0000] "GET /pages.php?genre/obstacle81/3k29p-309/ HTTP/1.1" 200 113405 "-" "Mozilla/5.0 AppleWebKit/537.36 (KHTML, like Gecko; compatible; GPTBot/1.3; +https://openai.com/gptbot)"
74.7.227.41 - - [10/Jan/2026:14:11:12 +0000] "GET /pages.php?general/underlying1/2f6s6-12669/ HTTP/1.1" 200 126277 "-" "Mozilla/5.0 AppleWebKit/537.36 (KHTML, like Gecko; compatible; GPTBot/1.3; +https://openai.com/gptbot)"
74.7.227.41 - - [10/Jan/2026:14:11:14 +0000] "GET /pages.php?medium/let23/74pyl-42651/ HTTP/1.1" 200 124945 "-" "Mozilla/5.0 AppleWebKit/537.36 (KHTML, like Gecko; compatible; GPTBot/1.3; +https://openai.com/gptbot)"
74.7.227.41 - - [10/Jan/2026:14:11:16 +0000] "GET /pages.php?tree/freeze81/3k29p-309/ HTTP/1.1" 200 113739 "-" "Mozilla/5.0 AppleWebKit/537.36 (KHTML, like Gecko; compatible; GPTBot/1.3; +https://openai.com/gptbot)"
74.7.227.41 - - [10/Jan/2026:14:11:18 +0000] "GET /pages.php?upstairs/publicly1/2f6s6-12669/ HTTP/1.1" 200 124685 "-" "Mozilla/5.0 AppleWebKit/537.36 (KHTML, like Gecko; compatible; GPTBot/1.3; +https://openai.com/gptbot)"
74.7.227.41 - - [10/Jan/2026:14:11:20 +0000] "GET /pages.php?long-term/outfit23/74pyl-42651/ HTTP/1.1" 200 125319 "-" "Mozilla/5.0 AppleWebKit/537.36 (KHTML, like Gecko; compatible; GPTBot/1.3; +https://openai.com/gptbot)"
74.7.227.41 - - [10/Jan/2026:14:11:22 +0000] "GET /pages.php?gun/trash81/3k29p-309/ HTTP/1.1" 200 113374 "-" "Mozilla/5.0 AppleWebKit/537.36 (KHTML, like Gecko; compatible; GPTBot/1.3; +https://openai.com/gptbot)"
74.7.227.41 - - [10/Jan/2026:14:11:25 +0000] "GET /pages.php?chicken/annually1/2f6s6-12669/ HTTP/1.1" 200 125904 "-" "Mozilla/5.0 AppleWebKit/537.36 (KHTML, like Gecko; compatible; GPTBot/1.3; +https://openai.com/gptbot)"
74.7.227.41 - - [10/Jan/2026:14:11:27 +0000] "GET /pages.php?racism/reaction23/74pyl-42651/ HTTP/1.1" 200 125279 "-" "Mozilla/5.0 AppleWebKit/537.36 (KHTML, like Gecko; compatible; GPTBot/1.3; +https://openai.com/gptbot)"
74.7.227.41 - - [10/Jan/2026:14:11:29 +0000] "GET /pages.php?imagination/domestic81/3k29p-309/ HTTP/1.1" 200 113315 "-" "Mozilla/5.0 AppleWebKit/537.36 (KHTML, like Gecko; compatible; GPTBot/1.3; +https://openai.com/gptbot)"
74.7.227.41 - - [10/Jan/2026:14:11:32 +0000] "GET /pages.php?_bd_prev_page=https://www.en.mak.pt/chat.do?wild/curious1/2f6s6-12669/&_bdsid=kbnp7m.n~NYTSR.171038153.177752946&_gz=2.193737992.195223878.174926339-867670326.168772933 HTTP/1.1" 200 125744 "-" "Mozilla/5.0 AppleWebKit/537.36 (KHTML, like Gecko; compatible; GPTBot/1.3; +https://openai.com/gptbot)"
74.7.227.41 - - [10/Jan/2026:14:11:34 +0000] "GET /pages.php?universe/photo23/74pyl-42651/ HTTP/1.1" 200 126386 "-" "Mozilla/5.0 AppleWebKit/537.36 (KHTML, like Gecko; compatible; GPTBot/1.3; +https://openai.com/gptbot)"
74.7.227.41 - - [10/Jan/2026:14:11:36 +0000] "GET /pages.php?guest/yellow81/3k29p-309/ HTTP/1.1" 200 113143 "-" "Mozilla/5.0 AppleWebKit/537.36 (KHTML, like Gecko; compatible; GPTBot/1.3; +https://openai.com/gptbot)"
173.208.176.202 - - [10/Jan/2026:14:10:07 +0000] "GET /wp-content/ad32c4a5/edit.php?id=786347 HTTP/1.1" 200 - "https://www.en.mak.pt/wp-content/ad32c4a5/edit.php?id=786347" "Mozilla/5.0 (Windows NT 10.0; Win64; x64) AppleWebKit/537.36 (KHTML, like Gecko) Chrome/58.0.3029.110 Safari/537.3"
74.7.227.41 - - [10/Jan/2026:14:11:38 +0000] "GET /pages.php?_bd_prev_page=https://www.en.mak.pt/chat.do?eating/acceptance1/2f6s6-12669/&_bdsid=kbnp7m.n~NYTSR.171038153.177752946&_gz=2.193737992.195223878.174926339-867670326.168772933 HTTP/1.1" 200 124401 "-" "Mozilla/5.0 AppleWebKit/537.36 (KHTML, like Gecko; compatible; GPTBot/1.3; +https://openai.com/gptbot)"
114.119.132.89 - - [10/Jan/2026:14:11:39 +0000] "GET /products/82qy5254 HTTP/1.1" 404 - "https://www.en.mak.pt/sitemap953.xml" "Mozilla/5.0 (Linux; Android 7.0;) AppleWebKit/537.36 (KHTML, like Gecko) Mobile Safari/537.36 (compatible; PetalBot;+https://webmaster.petalsearch.com/site/petalbot)"
74.7.227.41 - - [10/Jan/2026:14:11:40 +0000] "GET /pages.php?column/weed23/74pyl-42651/ HTTP/1.1" 200 125402 "-" "Mozilla/5.0 AppleWebKit/537.36 (KHTML, like Gecko; compatible; GPTBot/1.3; +https://openai.com/gptbot)"
74.7.227.41 - - [10/Jan/2026:14:11:42 +0000] "GET /pages.php?afternoon/fruit81/3k29p-309/ HTTP/1.1" 200 114700 "-" "Mozilla/5.0 AppleWebKit/537.36 (KHTML, like Gecko; compatible; GPTBot/1.3; +https://openai.com/gptbot)"
74.7.227.41 - - [10/Jan/2026:14:11:44 +0000] "GET /pages.php?principle/plan1/2f6s6-12669/ HTTP/1.1" 200 124027 "-" "Mozilla/5.0 AppleWebKit/537.36 (KHTML, like Gecko; compatible; GPTBot/1.3; +https://openai.com/gptbot)"
74.7.227.41 - - [10/Jan/2026:14:11:46 +0000] "GET /pages.php?precise/emerge23/74pyl-42651/ HTTP/1.1" 200 125022 "-" "Mozilla/5.0 AppleWebKit/537.36 (KHTML, like Gecko; compatible; GPTBot/1.3; +https://openai.com/gptbot)"
74.7.227.41 - - [10/Jan/2026:14:11:48 +0000] "GET /pages.php?_bd_prev_page=https://www.en.mak.pt/chat.do?alien/thanks81/3k29p-309/&_bdsid=kbnp7m.n~NYTSR.171038153.177752946&_gz=2.193737992.195223878.174926339-867670326.168772933 HTTP/1.1" 200 113429 "-" "Mozilla/5.0 AppleWebKit/537.36 (KHTML, like Gecko; compatible; GPTBot/1.3; +https://openai.com/gptbot)"
74.7.227.41 - - [10/Jan/2026:14:11:50 +0000] "GET /pages.php?music/booth1/2f6s6-12669/ HTTP/1.1" 200 124428 "-" "Mozilla/5.0 AppleWebKit/537.36 (KHTML, like Gecko; compatible; GPTBot/1.3; +https://openai.com/gptbot)"
74.7.227.41 - - [10/Jan/2026:14:11:52 +0000] "GET /pages.php?session/debate23/74pyl-42651/ HTTP/1.1" 200 125620 "-" "Mozilla/5.0 AppleWebKit/537.36 (KHTML, like Gecko; compatible; GPTBot/1.3; +https://openai.com/gptbot)"
74.7.227.41 - - [10/Jan/2026:14:11:54 +0000] "GET /pages.php?low/web81/3k29p-309/ HTTP/1.1" 200 113342 "-" "Mozilla/5.0 AppleWebKit/537.36 (KHTML, like Gecko; compatible; GPTBot/1.3; +https://openai.com/gptbot)"
74.7.227.41 - - [10/Jan/2026:14:11:56 +0000] "GET /pages.php?grant/culture1/2f6s6-12669/ HTTP/1.1" 200 124239 "-" "Mozilla/5.0 AppleWebKit/537.36 (KHTML, like Gecko; compatible; GPTBot/1.3; +https://openai.com/gptbot)"
74.7.227.41 - - [10/Jan/2026:14:11:59 +0000] "GET /pages.php?as/stumble23/74pyl-42651/ HTTP/1.1" 200 126528 "-" "Mozilla/5.0 AppleWebKit/537.36 (KHTML, like Gecko; compatible; GPTBot/1.3; +https://openai.com/gptbot)"
