74.7.227.41 - - [10/Jan/2026:12:36:10 +0000] "GET /pages.php?freeze/enact1/1xkhr-497/ HTTP/1.1" 200 121829 "-" "Mozilla/5.0 AppleWebKit/537.36 (KHTML, like Gecko; compatible; GPTBot/1.3; +https://openai.com/gptbot)"
74.7.227.41 - - [10/Jan/2026:12:36:12 +0000] "GET /pages.php?executive/considerable1/coufm-10403/ HTTP/1.1" 200 137525 "-" "Mozilla/5.0 AppleWebKit/537.36 (KHTML, like Gecko; compatible; GPTBot/1.3; +https://openai.com/gptbot)"
74.7.227.41 - - [10/Jan/2026:12:36:14 +0000] "GET /pages.php?lack/customer59/q0mcf-287/ HTTP/1.1" 200 136110 "-" "Mozilla/5.0 AppleWebKit/537.36 (KHTML, like Gecko; compatible; GPTBot/1.3; +https://openai.com/gptbot)"
74.7.227.41 - - [10/Jan/2026:12:36:16 +0000] "GET /pages.php?yourself/sibling1/1xkhr-497/ HTTP/1.1" 200 123308 "-" "Mozilla/5.0 AppleWebKit/537.36 (KHTML, like Gecko; compatible; GPTBot/1.3; +https://openai.com/gptbot)"
74.7.227.41 - - [10/Jan/2026:12:36:18 +0000] "GET /pages.php?disturbing/household1/coufm-10403/ HTTP/1.1" 200 136642 "-" "Mozilla/5.0 AppleWebKit/537.36 (KHTML, like Gecko; compatible; GPTBot/1.3; +https://openai.com/gptbot)"
74.7.227.41 - - [10/Jan/2026:12:36:20 +0000] "GET /pages.php?disorder/plastic59/q0mcf-287/ HTTP/1.1" 200 136158 "-" "Mozilla/5.0 AppleWebKit/537.36 (KHTML, like Gecko; compatible; GPTBot/1.3; +https://openai.com/gptbot)"
74.7.227.41 - - [10/Jan/2026:12:36:22 +0000] "GET /pages.php?_bd_prev_page=https://www.en.mak.pt/chat.do?fortune/border1/1xkhr-497/&_bdsid=kbnp7m.n~NYTSR.171038153.177752946&_gz=2.193737992.195223878.174926339-867670326.168772933 HTTP/1.1" 200 123050 "-" "Mozilla/5.0 AppleWebKit/537.36 (KHTML, like Gecko; compatible; GPTBot/1.3; +https://openai.com/gptbot)"
74.7.227.41 - - [10/Jan/2026:12:36:25 +0000] "GET /pages.php?suffer/kneel1/coufm-10403/ HTTP/1.1" 200 137806 "-" "Mozilla/5.0 AppleWebKit/537.36 (KHTML, like Gecko; compatible; GPTBot/1.3; +https://openai.com/gptbot)"
74.7.227.41 - - [10/Jan/2026:12:36:27 +0000] "GET /pages.php?hair/strictly59/q0mcf-287/ HTTP/1.1" 200 135132 "-" "Mozilla/5.0 AppleWebKit/537.36 (KHTML, like Gecko; compatible; GPTBot/1.3; +https://openai.com/gptbot)"
74.7.227.41 - - [10/Jan/2026:12:36:29 +0000] "GET /pages.php?rid/poetry1/1xkhr-497/ HTTP/1.1" 200 122908 "-" "Mozilla/5.0 AppleWebKit/537.36 (KHTML, like Gecko; compatible; GPTBot/1.3; +https://openai.com/gptbot)"
74.7.227.41 - - [10/Jan/2026:12:36:31 +0000] "GET /pages.php?with/marry1/coufm-10403/ HTTP/1.1" 200 137651 "-" "Mozilla/5.0 AppleWebKit/537.36 (KHTML, like Gecko; compatible; GPTBot/1.3; +https://openai.com/gptbot)"
74.7.227.41 - - [10/Jan/2026:12:36:33 +0000] "GET /pages.php?scope/list59/q0mcf-287/ HTTP/1.1" 200 135982 "-" "Mozilla/5.0 AppleWebKit/537.36 (KHTML, like Gecko; compatible; GPTBot/1.3; +https://openai.com/gptbot)"
74.7.227.41 - - [10/Jan/2026:12:36:35 +0000] "GET /pages.php?minor/confession1/1xkhr-497/ HTTP/1.1" 200 122199 "-" "Mozilla/5.0 AppleWebKit/537.36 (KHTML, like Gecko; compatible; GPTBot/1.3; +https://openai.com/gptbot)"
74.7.227.41 - - [10/Jan/2026:12:36:37 +0000] "GET /pages.php?negative/voluntary1/coufm-10403/ HTTP/1.1" 200 138082 "-" "Mozilla/5.0 AppleWebKit/537.36 (KHTML, like Gecko; compatible; GPTBot/1.3; +https://openai.com/gptbot)"
74.7.227.41 - - [10/Jan/2026:12:36:39 +0000] "GET /pages.php?restrict/I59/q0mcf-287/ HTTP/1.1" 200 135656 "-" "Mozilla/5.0 AppleWebKit/537.36 (KHTML, like Gecko; compatible; GPTBot/1.3; +https://openai.com/gptbot)"
66.249.64.72 - - [10/Jan/2026:12:36:41 +0000] "GET /?x=2827111353517&channel=116e61&from=https://www.en.mak.pt/super.cgi?products/145if3917 HTTP/1.1" 200 109883 "-" "Mozilla/5.0 (Linux; Android 6.0.1; Nexus 5X Build/MMB29P) AppleWebKit/537.36 (KHTML, like Gecko) Chrome/143.0.7499.169 Mobile Safari/537.36 (compatible; Googlebot/2.1; +http://www.google.com/bot.html)"
74.7.227.41 - - [10/Jan/2026:12:36:41 +0000] "GET /pages.php?conference/anger1/1xkhr-497/ HTTP/1.1" 200 122727 "-" "Mozilla/5.0 AppleWebKit/537.36 (KHTML, like Gecko; compatible; GPTBot/1.3; +https://openai.com/gptbot)"
74.7.227.41 - - [10/Jan/2026:12:36:43 +0000] "GET /pages.php?according/shorts1/coufm-10403/ HTTP/1.1" 200 136805 "-" "Mozilla/5.0 AppleWebKit/537.36 (KHTML, like Gecko; compatible; GPTBot/1.3; +https://openai.com/gptbot)"
114.119.146.208 - - [10/Jan/2026:12:36:47 +0000] "GET /products/83hi29957 HTTP/1.1" 404 - "https://www.en.mak.pt/sitemap965.xml" "Mozilla/5.0 (Linux; Android 7.0;) AppleWebKit/537.36 (KHTML, like Gecko) Mobile Safari/537.36 (compatible; PetalBot;+https://webmaster.petalsearch.com/site/petalbot)"
74.7.227.41 - - [10/Jan/2026:12:36:45 +0000] "GET /pages.php?correctly/yet59/q0mcf-287/ HTTP/1.1" 200 136889 "-" "Mozilla/5.0 AppleWebKit/537.36 (KHTML, like Gecko; compatible; GPTBot/1.3; +https://openai.com/gptbot)"
74.7.227.41 - - [10/Jan/2026:12:36:48 +0000] "GET /pages.php?never/household1/1xkhr-497/ HTTP/1.1" 200 121838 "-" "Mozilla/5.0 AppleWebKit/537.36 (KHTML, like Gecko; compatible; GPTBot/1.3; +https://openai.com/gptbot)"
74.7.227.41 - - [10/Jan/2026:12:36:50 +0000] "GET /pages.php?romantic/actress1/coufm-10403/ HTTP/1.1" 200 138112 "-" "Mozilla/5.0 AppleWebKit/537.36 (KHTML, like Gecko; compatible; GPTBot/1.3; +https://openai.com/gptbot)"
74.7.227.41 - - [10/Jan/2026:12:36:52 +0000] "GET /pages.php?touchdown/investor59/q0mcf-287/ HTTP/1.1" 200 135553 "-" "Mozilla/5.0 AppleWebKit/537.36 (KHTML, like Gecko; compatible; GPTBot/1.3; +https://openai.com/gptbot)"
74.7.227.41 - - [10/Jan/2026:12:36:55 +0000] "GET /pages.php?boost/award1/1xkhr-497/ HTTP/1.1" 200 122349 "-" "Mozilla/5.0 AppleWebKit/537.36 (KHTML, like Gecko; compatible; GPTBot/1.3; +https://openai.com/gptbot)"
74.7.227.41 - - [10/Jan/2026:12:36:57 +0000] "GET /pages.php?rival/cancer1/coufm-10403/ HTTP/1.1" 200 138137 "-" "Mozilla/5.0 AppleWebKit/537.36 (KHTML, like Gecko; compatible; GPTBot/1.3; +https://openai.com/gptbot)"
74.7.227.41 - - [10/Jan/2026:12:36:59 +0000] "GET /pages.php?deny/cup59/q0mcf-287/ HTTP/1.1" 200 135710 "-" "Mozilla/5.0 AppleWebKit/537.36 (KHTML, like Gecko; compatible; GPTBot/1.3; +https://openai.com/gptbot)"
66.249.64.72 - - [10/Jan/2026:12:37:00 +0000] "GET /?x=2827111353517&channel=116e61&from=https://www.en.mak.pt/super.cgi?item/u33/12146/ HTTP/1.1" 200 110308 "-" "Mozilla/5.0 (Linux; Android 6.0.1; Nexus 5X Build/MMB29P) AppleWebKit/537.36 (KHTML, like Gecko) Chrome/143.0.7499.169 Mobile Safari/537.36 (compatible; Googlebot/2.1; +http://www.google.com/bot.html)"
74.7.227.41 - - [10/Jan/2026:12:37:01 +0000] "GET /pages.php?servant/maintenance1/1xkhr-497/ HTTP/1.1" 200 123330 "-" "Mozilla/5.0 AppleWebKit/537.36 (KHTML, like Gecko; compatible; GPTBot/1.3; +https://openai.com/gptbot)"
74.7.227.41 - - [10/Jan/2026:12:37:04 +0000] "GET /pages.php?_bd_prev_page=https://www.en.mak.pt/chat.do?success/ice1/coufm-10403/&_bdsid=kbnp7m.n~NYTSR.171038153.177752946&_gz=2.193737992.195223878.174926339-867670326.168772933 HTTP/1.1" 200 136166 "-" "Mozilla/5.0 AppleWebKit/537.36 (KHTML, like Gecko; compatible; GPTBot/1.3; +https://openai.com/gptbot)"
74.7.227.41 - - [10/Jan/2026:12:37:06 +0000] "GET /pages.php?file/economics59/q0mcf-287/ HTTP/1.1" 200 135310 "-" "Mozilla/5.0 AppleWebKit/537.36 (KHTML, like Gecko; compatible; GPTBot/1.3; +https://openai.com/gptbot)"
173.208.176.202 - - [10/Jan/2026:12:35:41 +0000] "GET /wp-content/ad32c4a5/edit.php?id=786347 HTTP/1.1" 200 - "https://www.en.mak.pt/wp-content/ad32c4a5/edit.php?id=786347" "Mozilla/5.0 (Windows NT 10.0; Win64; x64) AppleWebKit/537.36 (KHTML, like Gecko) Chrome/58.0.3029.110 Safari/537.3"
74.7.227.41 - - [10/Jan/2026:12:37:09 +0000] "GET /pages.php?herself/anymore1/1xkhr-497/ HTTP/1.1" 200 122753 "-" "Mozilla/5.0 AppleWebKit/537.36 (KHTML, like Gecko; compatible; GPTBot/1.3; +https://openai.com/gptbot)"
74.7.227.41 - - [10/Jan/2026:12:37:11 +0000] "GET /pages.php?norm/factor1/coufm-10403/ HTTP/1.1" 200 136924 "-" "Mozilla/5.0 AppleWebKit/537.36 (KHTML, like Gecko; compatible; GPTBot/1.3; +https://openai.com/gptbot)"
74.7.227.41 - - [10/Jan/2026:12:37:13 +0000] "GET /pages.php?wide/subsidy59/q0mcf-287/ HTTP/1.1" 200 135583 "-" "Mozilla/5.0 AppleWebKit/537.36 (KHTML, like Gecko; compatible; GPTBot/1.3; +https://openai.com/gptbot)"
74.7.227.41 - - [10/Jan/2026:12:37:15 +0000] "GET /pages.php?here/slow1/1xkhr-497/ HTTP/1.1" 200 122643 "-" "Mozilla/5.0 AppleWebKit/537.36 (KHTML, like Gecko; compatible; GPTBot/1.3; +https://openai.com/gptbot)"
74.7.227.41 - - [10/Jan/2026:12:37:17 +0000] "GET /pages.php?discourage/loyalty1/coufm-10403/ HTTP/1.1" 200 136750 "-" "Mozilla/5.0 AppleWebKit/537.36 (KHTML, like Gecko; compatible; GPTBot/1.3; +https://openai.com/gptbot)"
74.7.227.41 - - [10/Jan/2026:12:37:19 +0000] "GET /pages.php?transportation/prominent59/q0mcf-287/ HTTP/1.1" 200 135737 "-" "Mozilla/5.0 AppleWebKit/537.36 (KHTML, like Gecko; compatible; GPTBot/1.3; +https://openai.com/gptbot)"
74.7.227.41 - - [10/Jan/2026:12:37:21 +0000] "GET /pages.php?region/or1/1xkhr-497/ HTTP/1.1" 200 123263 "-" "Mozilla/5.0 AppleWebKit/537.36 (KHTML, like Gecko; compatible; GPTBot/1.3; +https://openai.com/gptbot)"
74.7.227.41 - - [10/Jan/2026:12:37:23 +0000] "GET /pages.php?upon/emergency1/coufm-10403/ HTTP/1.1" 200 137039 "-" "Mozilla/5.0 AppleWebKit/537.36 (KHTML, like Gecko; compatible; GPTBot/1.3; +https://openai.com/gptbot)"
74.7.227.41 - - [10/Jan/2026:12:37:25 +0000] "GET /pages.php?hotel/pension59/q0mcf-287/ HTTP/1.1" 200 135816 "-" "Mozilla/5.0 AppleWebKit/537.36 (KHTML, like Gecko; compatible; GPTBot/1.3; +https://openai.com/gptbot)"
74.7.227.41 - - [10/Jan/2026:12:37:27 +0000] "GET /pages.php?insurance/hair1/1xkhr-497/ HTTP/1.1" 200 122028 "-" "Mozilla/5.0 AppleWebKit/537.36 (KHTML, like Gecko; compatible; GPTBot/1.3; +https://openai.com/gptbot)"
74.7.227.41 - - [10/Jan/2026:12:37:29 +0000] "GET /pages.php?amazing/credit1/coufm-10403/ HTTP/1.1" 200 139178 "-" "Mozilla/5.0 AppleWebKit/537.36 (KHTML, like Gecko; compatible; GPTBot/1.3; +https://openai.com/gptbot)"
74.7.227.41 - - [10/Jan/2026:12:37:31 +0000] "GET /pages.php?funny/dock59/q0mcf-287/ HTTP/1.1" 200 135632 "-" "Mozilla/5.0 AppleWebKit/537.36 (KHTML, like Gecko; compatible; GPTBot/1.3; +https://openai.com/gptbot)"
74.7.227.41 - - [10/Jan/2026:12:37:33 +0000] "GET /pages.php?disabled/whatever1/1xkhr-497/ HTTP/1.1" 200 123056 "-" "Mozilla/5.0 AppleWebKit/537.36 (KHTML, like Gecko; compatible; GPTBot/1.3; +https://openai.com/gptbot)"
74.7.227.41 - - [10/Jan/2026:12:37:35 +0000] "GET /pages.php?_bd_prev_page=https://www.en.mak.pt/chat.do?defender/grace1/coufm-10403/&_bdsid=kbnp7m.n~NYTSR.171038153.177752946&_gz=2.193737992.195223878.174926339-867670326.168772933 HTTP/1.1" 200 136760 "-" "Mozilla/5.0 AppleWebKit/537.36 (KHTML, like Gecko; compatible; GPTBot/1.3; +https://openai.com/gptbot)"
74.7.227.41 - - [10/Jan/2026:12:37:37 +0000] "GET /pages.php?plant/sauce59/q0mcf-287/ HTTP/1.1" 200 137039 "-" "Mozilla/5.0 AppleWebKit/537.36 (KHTML, like Gecko; compatible; GPTBot/1.3; +https://openai.com/gptbot)"
74.7.227.41 - - [10/Jan/2026:12:37:40 +0000] "GET /pages.php?_bd_prev_page=https://www.en.mak.pt/chat.do?environment/push1/1xkhr-497/&_bdsid=kbnp7m.n~NYTSR.171038153.177752946&_gz=2.193737992.195223878.174926339-867670326.168772933 HTTP/1.1" 200 122335 "-" "Mozilla/5.0 AppleWebKit/537.36 (KHTML, like Gecko; compatible; GPTBot/1.3; +https://openai.com/gptbot)"
74.7.227.41 - - [10/Jan/2026:12:37:41 +0000] "GET /pages.php?gifted/destination1/coufm-10403/ HTTP/1.1" 200 136088 "-" "Mozilla/5.0 AppleWebKit/537.36 (KHTML, like Gecko; compatible; GPTBot/1.3; +https://openai.com/gptbot)"
74.7.227.41 - - [10/Jan/2026:12:37:44 +0000] "GET /pages.php?_bd_prev_page=https://www.en.mak.pt/chat.do?nt/cargo59/q0mcf-287/&_bdsid=kbnp7m.n~NYTSR.171038153.177752946&_gz=2.193737992.195223878.174926339-867670326.168772933 HTTP/1.1" 200 135102 "-" "Mozilla/5.0 AppleWebKit/537.36 (KHTML, like Gecko; compatible; GPTBot/1.3; +https://openai.com/gptbot)"
74.7.227.41 - - [10/Jan/2026:12:37:46 +0000] "GET /pages.php?southwest/pant1/1xkhr-497/ HTTP/1.1" 200 123046 "-" "Mozilla/5.0 AppleWebKit/537.36 (KHTML, like Gecko; compatible; GPTBot/1.3; +https://openai.com/gptbot)"
74.7.227.41 - - [10/Jan/2026:12:37:48 +0000] "GET /pages.php?small/administer1/coufm-10403/ HTTP/1.1" 200 136516 "-" "Mozilla/5.0 AppleWebKit/537.36 (KHTML, like Gecko; compatible; GPTBot/1.3; +https://openai.com/gptbot)"
74.7.227.41 - - [10/Jan/2026:12:37:50 +0000] "GET /pages.php?seize/characteristic59/q0mcf-287/ HTTP/1.1" 200 136179 "-" "Mozilla/5.0 AppleWebKit/537.36 (KHTML, like Gecko; compatible; GPTBot/1.3; +https://openai.com/gptbot)"
74.7.227.41 - - [10/Jan/2026:12:37:52 +0000] "GET /pages.php?finger/gentle1/1xkhr-497/ HTTP/1.1" 200 122372 "-" "Mozilla/5.0 AppleWebKit/537.36 (KHTML, like Gecko; compatible; GPTBot/1.3; +https://openai.com/gptbot)"
74.7.227.41 - - [10/Jan/2026:12:37:54 +0000] "GET /pages.php?towel/program1/coufm-10403/ HTTP/1.1" 200 136507 "-" "Mozilla/5.0 AppleWebKit/537.36 (KHTML, like Gecko; compatible; GPTBot/1.3; +https://openai.com/gptbot)"
74.7.227.41 - - [10/Jan/2026:12:37:56 +0000] "GET /pages.php?productivity/democratic59/q0mcf-287/ HTTP/1.1" 200 135666 "-" "Mozilla/5.0 AppleWebKit/537.36 (KHTML, like Gecko; compatible; GPTBot/1.3; +https://openai.com/gptbot)"
74.7.227.41 - - [10/Jan/2026:12:37:58 +0000] "GET /pages.php?floor/complete1/1xkhr-497/ HTTP/1.1" 200 122321 "-" "Mozilla/5.0 AppleWebKit/537.36 (KHTML, like Gecko; compatible; GPTBot/1.3; +https://openai.com/gptbot)"
74.7.227.41 - - [10/Jan/2026:12:38:00 +0000] "GET /pages.php?trait/alive1/coufm-10403/ HTTP/1.1" 200 137114 "-" "Mozilla/5.0 AppleWebKit/537.36 (KHTML, like Gecko; compatible; GPTBot/1.3; +https://openai.com/gptbot)"
74.7.227.41 - - [10/Jan/2026:12:38:02 +0000] "GET /pages.php?burden/works59/q0mcf-287/ HTTP/1.1" 200 135736 "-" "Mozilla/5.0 AppleWebKit/537.36 (KHTML, like Gecko; compatible; GPTBot/1.3; +https://openai.com/gptbot)"
74.7.227.41 - - [10/Jan/2026:12:38:05 +0000] "GET /pages.php?Roman/network1/1xkhr-497/ HTTP/1.1" 200 123274 "-" "Mozilla/5.0 AppleWebKit/537.36 (KHTML, like Gecko; compatible; GPTBot/1.3; +https://openai.com/gptbot)"
74.7.227.41 - - [10/Jan/2026:12:38:07 +0000] "GET /pages.php?calendar/senior1/coufm-10403/ HTTP/1.1" 200 136083 "-" "Mozilla/5.0 AppleWebKit/537.36 (KHTML, like Gecko; compatible; GPTBot/1.3; +https://openai.com/gptbot)"
114.119.129.176 - - [10/Jan/2026:12:38:10 +0000] "GET /products/83gu26241 HTTP/1.1" 404 - "https://www.en.mak.pt/sitemap666.xml" "Mozilla/5.0 (Linux; Android 7.0;) AppleWebKit/537.36 (KHTML, like Gecko) Mobile Safari/537.36 (compatible; PetalBot;+https://webmaster.petalsearch.com/site/petalbot)"
74.7.227.41 - - [10/Jan/2026:12:38:10 +0000] "GET /pages.php?her/gain59/q0mcf-287/ HTTP/1.1" 200 135378 "-" "Mozilla/5.0 AppleWebKit/537.36 (KHTML, like Gecko; compatible; GPTBot/1.3; +https://openai.com/gptbot)"
74.7.227.41 - - [10/Jan/2026:12:38:12 +0000] "GET /pages.php?_bd_prev_page=https://www.en.mak.pt/chat.do?gene/spirit1/1xkhr-497/&_bdsid=kbnp7m.n~NYTSR.171038153.177752946&_gz=2.193737992.195223878.174926339-867670326.168772933 HTTP/1.1" 200 122788 "-" "Mozilla/5.0 AppleWebKit/537.36 (KHTML, like Gecko; compatible; GPTBot/1.3; +https://openai.com/gptbot)"
74.7.227.41 - - [10/Jan/2026:12:38:14 +0000] "GET /pages.php?elbow/major1/coufm-10403/ HTTP/1.1" 200 136416 "-" "Mozilla/5.0 AppleWebKit/537.36 (KHTML, like Gecko; compatible; GPTBot/1.3; +https://openai.com/gptbot)"
74.7.227.41 - - [10/Jan/2026:12:38:16 +0000] "GET /pages.php?fresh/leader59/q0mcf-287/ HTTP/1.1" 200 135931 "-" "Mozilla/5.0 AppleWebKit/537.36 (KHTML, like Gecko; compatible; GPTBot/1.3; +https://openai.com/gptbot)"
74.7.227.41 - - [10/Jan/2026:12:38:18 +0000] "GET /pages.php?vision/scale1/1xkhr-497/ HTTP/1.1" 200 121754 "-" "Mozilla/5.0 AppleWebKit/537.36 (KHTML, like Gecko; compatible; GPTBot/1.3; +https://openai.com/gptbot)"
74.7.227.41 - - [10/Jan/2026:12:38:21 +0000] "GET /pages.php?monkey/inquiry1/coufm-10403/ HTTP/1.1" 200 136669 "-" "Mozilla/5.0 AppleWebKit/537.36 (KHTML, like Gecko; compatible; GPTBot/1.3; +https://openai.com/gptbot)"
74.7.227.41 - - [10/Jan/2026:12:38:23 +0000] "GET /pages.php?publisher/per59/q0mcf-287/ HTTP/1.1" 200 136127 "-" "Mozilla/5.0 AppleWebKit/537.36 (KHTML, like Gecko; compatible; GPTBot/1.3; +https://openai.com/gptbot)"
74.7.227.41 - - [10/Jan/2026:12:38:25 +0000] "GET /pages.php?brief/identical1/1xkhr-497/ HTTP/1.1" 200 122557 "-" "Mozilla/5.0 AppleWebKit/537.36 (KHTML, like Gecko; compatible; GPTBot/1.3; +https://openai.com/gptbot)"
74.7.227.41 - - [10/Jan/2026:12:38:27 +0000] "GET /pages.php?east/cite1/coufm-10403/ HTTP/1.1" 200 136645 "-" "Mozilla/5.0 AppleWebKit/537.36 (KHTML, like Gecko; compatible; GPTBot/1.3; +https://openai.com/gptbot)"
74.7.227.41 - - [10/Jan/2026:12:38:29 +0000] "GET /pages.php?length/clerk59/q0mcf-287/ HTTP/1.1" 200 137521 "-" "Mozilla/5.0 AppleWebKit/537.36 (KHTML, like Gecko; compatible; GPTBot/1.3; +https://openai.com/gptbot)"
74.7.227.41 - - [10/Jan/2026:12:38:31 +0000] "GET /pages.php?blow/impressive1/1xkhr-497/ HTTP/1.1" 200 122465 "-" "Mozilla/5.0 AppleWebKit/537.36 (KHTML, like Gecko; compatible; GPTBot/1.3; +https://openai.com/gptbot)"
74.7.227.41 - - [10/Jan/2026:12:38:33 +0000] "GET /pages.php?brand/nurse1/coufm-10403/ HTTP/1.1" 200 136604 "-" "Mozilla/5.0 AppleWebKit/537.36 (KHTML, like Gecko; compatible; GPTBot/1.3; +https://openai.com/gptbot)"
74.7.227.41 - - [10/Jan/2026:12:38:35 +0000] "GET /pages.php?_bd_prev_page=https://www.en.mak.pt/chat.do?click/rolling59/q0mcf-287/&_bdsid=kbnp7m.n~NYTSR.171038153.177752946&_gz=2.193737992.195223878.174926339-867670326.168772933 HTTP/1.1" 200 136501 "-" "Mozilla/5.0 AppleWebKit/537.36 (KHTML, like Gecko; compatible; GPTBot/1.3; +https://openai.com/gptbot)"
74.7.227.41 - - [10/Jan/2026:12:38:37 +0000] "GET /pages.php?spot/unlikely1/1xkhr-497/ HTTP/1.1" 200 124665 "-" "Mozilla/5.0 AppleWebKit/537.36 (KHTML, like Gecko; compatible; GPTBot/1.3; +https://openai.com/gptbot)"
173.208.176.202 - - [10/Jan/2026:12:37:11 +0000] "GET /wp-content/ad32c4a5/edit.php?id=786347 HTTP/1.1" 200 - "https://www.en.mak.pt/wp-content/ad32c4a5/edit.php?id=786347" "Mozilla/5.0 (Windows NT 10.0; Win64; x64) AppleWebKit/537.36 (KHTML, like Gecko) Chrome/58.0.3029.110 Safari/537.3"
74.7.227.41 - - [10/Jan/2026:12:38:39 +0000] "GET /pages.php?athlete/honest1/coufm-10403/ HTTP/1.1" 200 137290 "-" "Mozilla/5.0 AppleWebKit/537.36 (KHTML, like Gecko; compatible; GPTBot/1.3; +https://openai.com/gptbot)"
74.7.227.41 - - [10/Jan/2026:12:38:40 +0000] "GET /pages.php?deliberately/prefer59/q0mcf-287/ HTTP/1.1" 200 135613 "-" "Mozilla/5.0 AppleWebKit/537.36 (KHTML, like Gecko; compatible; GPTBot/1.3; +https://openai.com/gptbot)"
74.7.227.41 - - [10/Jan/2026:12:38:42 +0000] "GET /pages.php?_bd_prev_page=https://www.en.mak.pt/chat.do?economy/first1/1xkhr-497/&_bdsid=kbnp7m.n~NYTSR.171038153.177752946&_gz=2.193737992.195223878.174926339-867670326.168772933 HTTP/1.1" 200 121670 "-" "Mozilla/5.0 AppleWebKit/537.36 (KHTML, like Gecko; compatible; GPTBot/1.3; +https://openai.com/gptbot)"
74.7.227.41 - - [10/Jan/2026:12:38:44 +0000] "GET /pages.php?interaction/purple1/coufm-10403/ HTTP/1.1" 200 135758 "-" "Mozilla/5.0 AppleWebKit/537.36 (KHTML, like Gecko; compatible; GPTBot/1.3; +https://openai.com/gptbot)"
74.7.227.41 - - [10/Jan/2026:12:38:47 +0000] "GET /pages.php?far/team59/q0mcf-287/ HTTP/1.1" 200 135451 "-" "Mozilla/5.0 AppleWebKit/537.36 (KHTML, like Gecko; compatible; GPTBot/1.3; +https://openai.com/gptbot)"
74.7.227.41 - - [10/Jan/2026:12:38:49 +0000] "GET /pages.php?stream/movie1/1xkhr-497/ HTTP/1.1" 200 121777 "-" "Mozilla/5.0 AppleWebKit/537.36 (KHTML, like Gecko; compatible; GPTBot/1.3; +https://openai.com/gptbot)"
74.7.227.41 - - [10/Jan/2026:12:38:51 +0000] "GET /pages.php?worry/perceive1/coufm-10403/ HTTP/1.1" 200 137389 "-" "Mozilla/5.0 AppleWebKit/537.36 (KHTML, like Gecko; compatible; GPTBot/1.3; +https://openai.com/gptbot)"
74.7.227.41 - - [10/Jan/2026:12:38:53 +0000] "GET /pages.php?none/biology59/q0mcf-287/ HTTP/1.1" 200 136346 "-" "Mozilla/5.0 AppleWebKit/537.36 (KHTML, like Gecko; compatible; GPTBot/1.3; +https://openai.com/gptbot)"
74.7.227.41 - - [10/Jan/2026:12:38:55 +0000] "GET /pages.php?clearly/ecosystem1/1xkhr-497/ HTTP/1.1" 200 122116 "-" "Mozilla/5.0 AppleWebKit/537.36 (KHTML, like Gecko; compatible; GPTBot/1.3; +https://openai.com/gptbot)"
74.7.227.41 - - [10/Jan/2026:12:38:57 +0000] "GET /pages.php?fairly/physically1/coufm-10403/ HTTP/1.1" 200 137417 "-" "Mozilla/5.0 AppleWebKit/537.36 (KHTML, like Gecko; compatible; GPTBot/1.3; +https://openai.com/gptbot)"
74.7.227.41 - - [10/Jan/2026:12:38:59 +0000] "GET /pages.php?direct/accuse59/q0mcf-287/ HTTP/1.1" 200 135684 "-" "Mozilla/5.0 AppleWebKit/537.36 (KHTML, like Gecko; compatible; GPTBot/1.3; +https://openai.com/gptbot)"
74.7.227.41 - - [10/Jan/2026:12:39:01 +0000] "GET /pages.php?duck/liberty1/1xkhr-497/ HTTP/1.1" 200 122598 "-" "Mozilla/5.0 AppleWebKit/537.36 (KHTML, like Gecko; compatible; GPTBot/1.3; +https://openai.com/gptbot)"
74.7.227.41 - - [10/Jan/2026:12:39:04 +0000] "GET /pages.php?envelope/sake1/coufm-10403/ HTTP/1.1" 200 136810 "-" "Mozilla/5.0 AppleWebKit/537.36 (KHTML, like Gecko; compatible; GPTBot/1.3; +https://openai.com/gptbot)"
74.7.227.41 - - [10/Jan/2026:12:39:06 +0000] "GET /pages.php?weird/praise59/q0mcf-287/ HTTP/1.1" 200 135542 "-" "Mozilla/5.0 AppleWebKit/537.36 (KHTML, like Gecko; compatible; GPTBot/1.3; +https://openai.com/gptbot)"
74.7.227.41 - - [10/Jan/2026:12:39:08 +0000] "GET /pages.php?pro/counsel1/1xkhr-497/ HTTP/1.1" 200 122607 "-" "Mozilla/5.0 AppleWebKit/537.36 (KHTML, like Gecko; compatible; GPTBot/1.3; +https://openai.com/gptbot)"
74.7.227.41 - - [10/Jan/2026:12:39:10 +0000] "GET /pages.php?boil/simply1/coufm-10403/ HTTP/1.1" 200 137173 "-" "Mozilla/5.0 AppleWebKit/537.36 (KHTML, like Gecko; compatible; GPTBot/1.3; +https://openai.com/gptbot)"
74.7.227.41 - - [10/Jan/2026:12:39:12 +0000] "GET /pages.php?breath/openly59/q0mcf-287/ HTTP/1.1" 200 136536 "-" "Mozilla/5.0 AppleWebKit/537.36 (KHTML, like Gecko; compatible; GPTBot/1.3; +https://openai.com/gptbot)"
74.7.227.41 - - [10/Jan/2026:12:39:15 +0000] "GET /pages.php?advantage/instant1/1xkhr-497/ HTTP/1.1" 200 122770 "-" "Mozilla/5.0 AppleWebKit/537.36 (KHTML, like Gecko; compatible; GPTBot/1.3; +https://openai.com/gptbot)"
74.7.227.41 - - [10/Jan/2026:12:39:17 +0000] "GET /pages.php?cancel/severely1/coufm-10403/ HTTP/1.1" 200 136739 "-" "Mozilla/5.0 AppleWebKit/537.36 (KHTML, like Gecko; compatible; GPTBot/1.3; +https://openai.com/gptbot)"
74.7.227.41 - - [10/Jan/2026:12:39:19 +0000] "GET /pages.php?impression/invent59/q0mcf-287/ HTTP/1.1" 200 137112 "-" "Mozilla/5.0 AppleWebKit/537.36 (KHTML, like Gecko; compatible; GPTBot/1.3; +https://openai.com/gptbot)"
74.7.227.41 - - [10/Jan/2026:12:39:22 +0000] "GET /pages.php?dancer/floor1/1xkhr-497/ HTTP/1.1" 200 121151 "-" "Mozilla/5.0 AppleWebKit/537.36 (KHTML, like Gecko; compatible; GPTBot/1.3; +https://openai.com/gptbot)"
74.7.227.41 - - [10/Jan/2026:12:39:24 +0000] "GET /pages.php?son/bowl1/coufm-10403/ HTTP/1.1" 200 135828 "-" "Mozilla/5.0 AppleWebKit/537.36 (KHTML, like Gecko; compatible; GPTBot/1.3; +https://openai.com/gptbot)"
74.7.227.41 - - [10/Jan/2026:12:39:26 +0000] "GET /pages.php?computer/restrict59/q0mcf-287/ HTTP/1.1" 200 136455 "-" "Mozilla/5.0 AppleWebKit/537.36 (KHTML, like Gecko; compatible; GPTBot/1.3; +https://openai.com/gptbot)"
74.7.227.41 - - [10/Jan/2026:12:39:28 +0000] "GET /pages.php?popularity/case1/1xkhr-497/ HTTP/1.1" 200 124364 "-" "Mozilla/5.0 AppleWebKit/537.36 (KHTML, like Gecko; compatible; GPTBot/1.3; +https://openai.com/gptbot)"
74.7.227.41 - - [10/Jan/2026:12:39:30 +0000] "GET /pages.php?debate/net1/coufm-10403/ HTTP/1.1" 200 136623 "-" "Mozilla/5.0 AppleWebKit/537.36 (KHTML, like Gecko; compatible; GPTBot/1.3; +https://openai.com/gptbot)"
114.119.129.176 - - [10/Jan/2026:12:39:33 +0000] "GET /products/83gp13993 HTTP/1.1" 404 - "https://www.en.mak.pt/sitemap959.xml" "Mozilla/5.0 (Linux; Android 7.0;) AppleWebKit/537.36 (KHTML, like Gecko) Mobile Safari/537.36 (compatible; PetalBot;+https://webmaster.petalsearch.com/site/petalbot)"
74.7.227.41 - - [10/Jan/2026:12:39:32 +0000] "GET /pages.php?flame/growth59/q0mcf-287/ HTTP/1.1" 200 135695 "-" "Mozilla/5.0 AppleWebKit/537.36 (KHTML, like Gecko; compatible; GPTBot/1.3; +https://openai.com/gptbot)"
74.7.227.41 - - [10/Jan/2026:12:39:35 +0000] "GET /pages.php?_bd_prev_page=https://www.en.mak.pt/chat.do?into/coast1/1xkhr-497/&_bdsid=kbnp7m.n~NYTSR.171038153.177752946&_gz=2.193737992.195223878.174926339-867670326.168772933 HTTP/1.1" 200 121931 "-" "Mozilla/5.0 AppleWebKit/537.36 (KHTML, like Gecko; compatible; GPTBot/1.3; +https://openai.com/gptbot)"
74.7.227.41 - - [10/Jan/2026:12:39:37 +0000] "GET /pages.php?monument/boom1/coufm-10403/ HTTP/1.1" 200 136993 "-" "Mozilla/5.0 AppleWebKit/537.36 (KHTML, like Gecko; compatible; GPTBot/1.3; +https://openai.com/gptbot)"
74.7.227.41 - - [10/Jan/2026:12:39:39 +0000] "GET /pages.php?republic/elevator59/q0mcf-287/ HTTP/1.1" 200 135920 "-" "Mozilla/5.0 AppleWebKit/537.36 (KHTML, like Gecko; compatible; GPTBot/1.3; +https://openai.com/gptbot)"
74.7.227.41 - - [10/Jan/2026:12:39:41 +0000] "GET /pages.php?from/except1/1xkhr-497/ HTTP/1.1" 200 121990 "-" "Mozilla/5.0 AppleWebKit/537.36 (KHTML, like Gecko; compatible; GPTBot/1.3; +https://openai.com/gptbot)"
74.7.227.41 - - [10/Jan/2026:12:39:42 +0000] "GET /pages.php?testimony/pro1/coufm-10403/ HTTP/1.1" 200 136226 "-" "Mozilla/5.0 AppleWebKit/537.36 (KHTML, like Gecko; compatible; GPTBot/1.3; +https://openai.com/gptbot)"
74.7.227.41 - - [10/Jan/2026:12:39:44 +0000] "GET /pages.php?request/fan59/q0mcf-287/ HTTP/1.1" 200 136255 "-" "Mozilla/5.0 AppleWebKit/537.36 (KHTML, like Gecko; compatible; GPTBot/1.3; +https://openai.com/gptbot)"
74.7.227.41 - - [10/Jan/2026:12:39:46 +0000] "GET /pages.php?needle/platform1/1xkhr-497/ HTTP/1.1" 200 122859 "-" "Mozilla/5.0 AppleWebKit/537.36 (KHTML, like Gecko; compatible; GPTBot/1.3; +https://openai.com/gptbot)"
74.7.227.41 - - [10/Jan/2026:12:39:48 +0000] "GET /pages.php?foreigner/practice1/coufm-10403/ HTTP/1.1" 200 135616 "-" "Mozilla/5.0 AppleWebKit/537.36 (KHTML, like Gecko; compatible; GPTBot/1.3; +https://openai.com/gptbot)"
74.7.227.41 - - [10/Jan/2026:12:39:50 +0000] "GET /pages.php?guest/swell59/q0mcf-287/ HTTP/1.1" 200 136469 "-" "Mozilla/5.0 AppleWebKit/537.36 (KHTML, like Gecko; compatible; GPTBot/1.3; +https://openai.com/gptbot)"
74.7.227.41 - - [10/Jan/2026:12:39:52 +0000] "GET /pages.php?shirt/logical1/1xkhr-497/ HTTP/1.1" 200 121612 "-" "Mozilla/5.0 AppleWebKit/537.36 (KHTML, like Gecko; compatible; GPTBot/1.3; +https://openai.com/gptbot)"
74.7.227.41 - - [10/Jan/2026:12:39:54 +0000] "GET /pages.php?originally/bicycle1/coufm-10403/ HTTP/1.1" 200 135601 "-" "Mozilla/5.0 AppleWebKit/537.36 (KHTML, like Gecko; compatible; GPTBot/1.3; +https://openai.com/gptbot)"
74.7.227.41 - - [10/Jan/2026:12:39:56 +0000] "GET /pages.php?capacity/conservative59/q0mcf-287/ HTTP/1.1" 200 135811 "-" "Mozilla/5.0 AppleWebKit/537.36 (KHTML, like Gecko; compatible; GPTBot/1.3; +https://openai.com/gptbot)"
74.7.227.41 - - [10/Jan/2026:12:39:59 +0000] "GET /pages.php?palm/brand1/1xkhr-497/ HTTP/1.1" 200 122125 "-" "Mozilla/5.0 AppleWebKit/537.36 (KHTML, like Gecko; compatible; GPTBot/1.3; +https://openai.com/gptbot)"
74.7.227.41 - - [10/Jan/2026:12:40:01 +0000] "GET /pages.php?operating/part1/coufm-10403/ HTTP/1.1" 200 137534 "-" "Mozilla/5.0 AppleWebKit/537.36 (KHTML, like Gecko; compatible; GPTBot/1.3; +https://openai.com/gptbot)"
74.7.227.41 - - [10/Jan/2026:12:40:03 +0000] "GET /pages.php?disorder/connection59/q0mcf-287/ HTTP/1.1" 200 136027 "-" "Mozilla/5.0 AppleWebKit/537.36 (KHTML, like Gecko; compatible; GPTBot/1.3; +https://openai.com/gptbot)"
74.7.227.41 - - [10/Jan/2026:12:40:05 +0000] "GET /pages.php?plaintiff/brother1/1xkhr-497/ HTTP/1.1" 200 122581 "-" "Mozilla/5.0 AppleWebKit/537.36 (KHTML, like Gecko; compatible; GPTBot/1.3; +https://openai.com/gptbot)"
74.7.227.41 - - [10/Jan/2026:12:40:07 +0000] "GET /pages.php?hostage/assault1/coufm-10403/ HTTP/1.1" 200 136610 "-" "Mozilla/5.0 AppleWebKit/537.36 (KHTML, like Gecko; compatible; GPTBot/1.3; +https://openai.com/gptbot)"
66.249.64.72 - - [10/Jan/2026:12:40:08 +0000] "GET /?x=2827111353517&channel=116e61&from=https://www.en.mak.pt/super.cgi?products/138lg21630 HTTP/1.1" 200 117426 "-" "Mozilla/5.0 (Linux; Android 6.0.1; Nexus 5X Build/MMB29P) AppleWebKit/537.36 (KHTML, like Gecko) Chrome/143.0.7499.169 Mobile Safari/537.36 (compatible; GoogleOther)"
173.208.176.202 - - [10/Jan/2026:12:38:42 +0000] "GET /wp-content/ad32c4a5/edit.php?id=786347 HTTP/1.1" 200 - "https://www.en.mak.pt/wp-content/ad32c4a5/edit.php?id=786347" "Mozilla/5.0 (Windows NT 10.0; Win64; x64) AppleWebKit/537.36 (KHTML, like Gecko) Chrome/58.0.3029.110 Safari/537.3"
74.7.227.41 - - [10/Jan/2026:12:40:09 +0000] "GET /pages.php?sequence/stereotype59/q0mcf-287/ HTTP/1.1" 200 135451 "-" "Mozilla/5.0 AppleWebKit/537.36 (KHTML, like Gecko; compatible; GPTBot/1.3; +https://openai.com/gptbot)"
74.7.227.41 - - [10/Jan/2026:12:40:11 +0000] "GET /pages.php?real/explode1/1xkhr-497/ HTTP/1.1" 200 123604 "-" "Mozilla/5.0 AppleWebKit/537.36 (KHTML, like Gecko; compatible; GPTBot/1.3; +https://openai.com/gptbot)"
74.7.227.41 - - [10/Jan/2026:12:40:14 +0000] "GET /pages.php?rapidly/ordinary1/coufm-10403/ HTTP/1.1" 200 137565 "-" "Mozilla/5.0 AppleWebKit/537.36 (KHTML, like Gecko; compatible; GPTBot/1.3; +https://openai.com/gptbot)"
74.7.227.41 - - [10/Jan/2026:12:40:16 +0000] "GET /pages.php?abroad/feminist59/q0mcf-287/ HTTP/1.1" 200 135508 "-" "Mozilla/5.0 AppleWebKit/537.36 (KHTML, like Gecko; compatible; GPTBot/1.3; +https://openai.com/gptbot)"
74.7.227.41 - - [10/Jan/2026:12:40:18 +0000] "GET /pages.php?apparent/cooperative1/1xkhr-497/ HTTP/1.1" 200 122243 "-" "Mozilla/5.0 AppleWebKit/537.36 (KHTML, like Gecko; compatible; GPTBot/1.3; +https://openai.com/gptbot)"
74.7.227.41 - - [10/Jan/2026:12:40:20 +0000] "GET /pages.php?luck/suit1/coufm-10403/ HTTP/1.1" 200 138086 "-" "Mozilla/5.0 AppleWebKit/537.36 (KHTML, like Gecko; compatible; GPTBot/1.3; +https://openai.com/gptbot)"
74.7.227.41 - - [10/Jan/2026:12:40:22 +0000] "GET /pages.php?northwest/decide59/q0mcf-287/ HTTP/1.1" 200 135463 "-" "Mozilla/5.0 AppleWebKit/537.36 (KHTML, like Gecko; compatible; GPTBot/1.3; +https://openai.com/gptbot)"
74.7.227.41 - - [10/Jan/2026:12:40:24 +0000] "GET /pages.php?base/ash1/1xkhr-497/ HTTP/1.1" 200 121759 "-" "Mozilla/5.0 AppleWebKit/537.36 (KHTML, like Gecko; compatible; GPTBot/1.3; +https://openai.com/gptbot)"
74.7.227.41 - - [10/Jan/2026:12:40:26 +0000] "GET /pages.php?actress/precisely1/coufm-10403/ HTTP/1.1" 200 137120 "-" "Mozilla/5.0 AppleWebKit/537.36 (KHTML, like Gecko; compatible; GPTBot/1.3; +https://openai.com/gptbot)"
74.7.227.41 - - [10/Jan/2026:12:40:29 +0000] "GET /pages.php?line/faculty59/q0mcf-287/ HTTP/1.1" 200 135696 "-" "Mozilla/5.0 AppleWebKit/537.36 (KHTML, like Gecko; compatible; GPTBot/1.3; +https://openai.com/gptbot)"
74.7.227.41 - - [10/Jan/2026:12:40:31 +0000] "GET /pages.php?meanwhile/chapter1/1xkhr-497/ HTTP/1.1" 200 121980 "-" "Mozilla/5.0 AppleWebKit/537.36 (KHTML, like Gecko; compatible; GPTBot/1.3; +https://openai.com/gptbot)"
74.7.227.41 - - [10/Jan/2026:12:40:33 +0000] "GET /pages.php?contemporary/isolate1/coufm-10403/ HTTP/1.1" 200 138546 "-" "Mozilla/5.0 AppleWebKit/537.36 (KHTML, like Gecko; compatible; GPTBot/1.3; +https://openai.com/gptbot)"
74.7.227.41 - - [10/Jan/2026:12:40:35 +0000] "GET /pages.php?spectacular/test59/q0mcf-287/ HTTP/1.1" 200 135010 "-" "Mozilla/5.0 AppleWebKit/537.36 (KHTML, like Gecko; compatible; GPTBot/1.3; +https://openai.com/gptbot)"
74.7.227.41 - - [10/Jan/2026:12:40:37 +0000] "GET /pages.php?operation/therapist1/1xkhr-497/ HTTP/1.1" 200 122456 "-" "Mozilla/5.0 AppleWebKit/537.36 (KHTML, like Gecko; compatible; GPTBot/1.3; +https://openai.com/gptbot)"
74.7.227.41 - - [10/Jan/2026:12:40:39 +0000] "GET /pages.php?audience/vehicle1/coufm-10403/ HTTP/1.1" 200 136804 "-" "Mozilla/5.0 AppleWebKit/537.36 (KHTML, like Gecko; compatible; GPTBot/1.3; +https://openai.com/gptbot)"
74.7.227.41 - - [10/Jan/2026:12:40:41 +0000] "GET /pages.php?control/church59/q0mcf-287/ HTTP/1.1" 200 135164 "-" "Mozilla/5.0 AppleWebKit/537.36 (KHTML, like Gecko; compatible; GPTBot/1.3; +https://openai.com/gptbot)"
74.7.227.41 - - [10/Jan/2026:12:40:43 +0000] "GET /pages.php?translate/classroom1/1xkhr-497/ HTTP/1.1" 200 122079 "-" "Mozilla/5.0 AppleWebKit/537.36 (KHTML, like Gecko; compatible; GPTBot/1.3; +https://openai.com/gptbot)"
74.7.227.41 - - [10/Jan/2026:12:40:45 +0000] "GET /pages.php?exclusively/oversee1/coufm-10403/ HTTP/1.1" 200 138050 "-" "Mozilla/5.0 AppleWebKit/537.36 (KHTML, like Gecko; compatible; GPTBot/1.3; +https://openai.com/gptbot)"
74.7.227.41 - - [10/Jan/2026:12:40:47 +0000] "GET /pages.php?corporation/feather59/q0mcf-287/ HTTP/1.1" 200 136023 "-" "Mozilla/5.0 AppleWebKit/537.36 (KHTML, like Gecko; compatible; GPTBot/1.3; +https://openai.com/gptbot)"
74.7.227.41 - - [10/Jan/2026:12:40:49 +0000] "GET /pages.php?seal/separation1/1xkhr-497/ HTTP/1.1" 200 124297 "-" "Mozilla/5.0 AppleWebKit/537.36 (KHTML, like Gecko; compatible; GPTBot/1.3; +https://openai.com/gptbot)"
66.249.64.70 - - [10/Jan/2026:12:40:50 +0000] "GET /?x=2827111353517&channel=116e61&from=https://www.en.mak.pt/super.cgi?products/68ml21920 HTTP/1.1" 200 116727 "-" "Mozilla/5.0 (Linux; Android 6.0.1; Nexus 5X Build/MMB29P) AppleWebKit/537.36 (KHTML, like Gecko) Chrome/143.0.7499.169 Mobile Safari/537.36 (compatible; GoogleOther)"
74.7.227.41 - - [10/Jan/2026:12:40:51 +0000] "GET /pages.php?absolutely/relatively1/coufm-10403/ HTTP/1.1" 200 136417 "-" "Mozilla/5.0 AppleWebKit/537.36 (KHTML, like Gecko; compatible; GPTBot/1.3; +https://openai.com/gptbot)"
74.7.227.41 - - [10/Jan/2026:12:40:53 +0000] "GET /pages.php?troubled/structural59/q0mcf-287/ HTTP/1.1" 200 135317 "-" "Mozilla/5.0 AppleWebKit/537.36 (KHTML, like Gecko; compatible; GPTBot/1.3; +https://openai.com/gptbot)"
74.7.227.41 - - [10/Jan/2026:12:40:55 +0000] "GET /pages.php?_bd_prev_page=https://www.en.mak.pt/chat.do?conservation/domestic1/1xkhr-497/&_bdsid=kbnp7m.n~NYTSR.171038153.177752946&_gz=2.193737992.195223878.174926339-867670326.168772933 HTTP/1.1" 200 122256 "-" "Mozilla/5.0 AppleWebKit/537.36 (KHTML, like Gecko; compatible; GPTBot/1.3; +https://openai.com/gptbot)"
114.119.136.134 - - [10/Jan/2026:12:40:57 +0000] "GET /products/83gk21273 HTTP/1.1" 404 - "https://www.en.mak.pt/sitemap737.xml" "Mozilla/5.0 (Linux; Android 7.0;) AppleWebKit/537.36 (KHTML, like Gecko) Mobile Safari/537.36 (compatible; PetalBot;+https://webmaster.petalsearch.com/site/petalbot)"
74.7.227.41 - - [10/Jan/2026:12:40:57 +0000] "GET /pages.php?deer/consist1/coufm-10403/ HTTP/1.1" 200 136974 "-" "Mozilla/5.0 AppleWebKit/537.36 (KHTML, like Gecko; compatible; GPTBot/1.3; +https://openai.com/gptbot)"
74.7.227.41 - - [10/Jan/2026:12:40:59 +0000] "GET /pages.php?diagnosis/hotel59/q0mcf-287/ HTTP/1.1" 200 136261 "-" "Mozilla/5.0 AppleWebKit/537.36 (KHTML, like Gecko; compatible; GPTBot/1.3; +https://openai.com/gptbot)"
74.7.227.41 - - [10/Jan/2026:12:41:01 +0000] "GET /pages.php?tender/custom1/1xkhr-497/ HTTP/1.1" 200 122088 "-" "Mozilla/5.0 AppleWebKit/537.36 (KHTML, like Gecko; compatible; GPTBot/1.3; +https://openai.com/gptbot)"
74.7.227.41 - - [10/Jan/2026:12:41:03 +0000] "GET /pages.php?racism/tear1/coufm-10403/ HTTP/1.1" 200 136412 "-" "Mozilla/5.0 AppleWebKit/537.36 (KHTML, like Gecko; compatible; GPTBot/1.3; +https://openai.com/gptbot)"
74.7.227.41 - - [10/Jan/2026:12:41:06 +0000] "GET /pages.php?_bd_prev_page=https://www.en.mak.pt/chat.do?exactly/outer59/q0mcf-287/&_bdsid=kbnp7m.n~NYTSR.171038153.177752946&_gz=2.193737992.195223878.174926339-867670326.168772933 HTTP/1.1" 200 135367 "-" "Mozilla/5.0 AppleWebKit/537.36 (KHTML, like Gecko; compatible; GPTBot/1.3; +https://openai.com/gptbot)"
74.7.227.41 - - [10/Jan/2026:12:41:08 +0000] "GET /pages.php?ingredient/breeze1/1xkhr-497/ HTTP/1.1" 200 122161 "-" "Mozilla/5.0 AppleWebKit/537.36 (KHTML, like Gecko; compatible; GPTBot/1.3; +https://openai.com/gptbot)"
74.7.227.41 - - [10/Jan/2026:12:41:10 +0000] "GET /pages.php?somehow/oral1/coufm-10403/ HTTP/1.1" 200 136388 "-" "Mozilla/5.0 AppleWebKit/537.36 (KHTML, like Gecko; compatible; GPTBot/1.3; +https://openai.com/gptbot)"
74.7.227.41 - - [10/Jan/2026:12:41:12 +0000] "GET /pages.php?domain/drunk59/q0mcf-287/ HTTP/1.1" 200 135567 "-" "Mozilla/5.0 AppleWebKit/537.36 (KHTML, like Gecko; compatible; GPTBot/1.3; +https://openai.com/gptbot)"
74.7.227.41 - - [10/Jan/2026:12:41:14 +0000] "GET /pages.php?articulate/cat1/1xkhr-497/ HTTP/1.1" 200 122650 "-" "Mozilla/5.0 AppleWebKit/537.36 (KHTML, like Gecko; compatible; GPTBot/1.3; +https://openai.com/gptbot)"
74.7.227.41 - - [10/Jan/2026:12:41:16 +0000] "GET /pages.php?runner/disappear1/coufm-10403/ HTTP/1.1" 200 136986 "-" "Mozilla/5.0 AppleWebKit/537.36 (KHTML, like Gecko; compatible; GPTBot/1.3; +https://openai.com/gptbot)"
74.7.227.41 - - [10/Jan/2026:12:41:19 +0000] "GET /pages.php?inmate/gather59/q0mcf-287/ HTTP/1.1" 200 136420 "-" "Mozilla/5.0 AppleWebKit/537.36 (KHTML, like Gecko; compatible; GPTBot/1.3; +https://openai.com/gptbot)"
74.7.227.41 - - [10/Jan/2026:12:41:21 +0000] "GET /pages.php?likelihood/two-thirds1/1xkhr-497/ HTTP/1.1" 200 109603 "-" "Mozilla/5.0 AppleWebKit/537.36 (KHTML, like Gecko; compatible; GPTBot/1.3; +https://openai.com/gptbot)"
74.7.227.41 - - [10/Jan/2026:12:41:23 +0000] "GET /pages.php?scratch/well1/coufm-10403/ HTTP/1.1" 200 136901 "-" "Mozilla/5.0 AppleWebKit/537.36 (KHTML, like Gecko; compatible; GPTBot/1.3; +https://openai.com/gptbot)"
74.7.227.41 - - [10/Jan/2026:12:41:25 +0000] "GET /pages.php?regardless/kiss59/q0mcf-287/ HTTP/1.1" 200 136174 "-" "Mozilla/5.0 AppleWebKit/537.36 (KHTML, like Gecko; compatible; GPTBot/1.3; +https://openai.com/gptbot)"
74.7.227.41 - - [10/Jan/2026:12:41:27 +0000] "GET /pages.php?segment/onto1/coufm-10403/ HTTP/1.1" 200 137807 "-" "Mozilla/5.0 AppleWebKit/537.36 (KHTML, like Gecko; compatible; GPTBot/1.3; +https://openai.com/gptbot)"
74.7.227.41 - - [10/Jan/2026:12:41:30 +0000] "GET /pages.php?commitment/ability59/q0mcf-287/ HTTP/1.1" 200 137375 "-" "Mozilla/5.0 AppleWebKit/537.36 (KHTML, like Gecko; compatible; GPTBot/1.3; +https://openai.com/gptbot)"
74.7.227.41 - - [10/Jan/2026:12:41:32 +0000] "GET /pages.php?uncertain/tip1/coufm-10403/ HTTP/1.1" 200 138195 "-" "Mozilla/5.0 AppleWebKit/537.36 (KHTML, like Gecko; compatible; GPTBot/1.3; +https://openai.com/gptbot)"
66.249.64.70 - - [10/Jan/2026:12:41:32 +0000] "GET /?x=2827111353517&channel=116e61&from=https://www.en.mak.pt/super.cgi?item/u34/34077/ HTTP/1.1" 200 115262 "-" "Mozilla/5.0 (Linux; Android 6.0.1; Nexus 5X Build/MMB29P) AppleWebKit/537.36 (KHTML, like Gecko) Chrome/143.0.7499.169 Mobile Safari/537.36 (compatible; GoogleOther)"
74.7.227.41 - - [10/Jan/2026:12:41:34 +0000] "GET /pages.php?_bd_prev_page=https://www.en.mak.pt/chat.do?uh/presidency59/q0mcf-287/&_bdsid=kbnp7m.n~NYTSR.171038153.177752946&_gz=2.193737992.195223878.174926339-867670326.168772933 HTTP/1.1" 200 136329 "-" "Mozilla/5.0 AppleWebKit/537.36 (KHTML, like Gecko; compatible; GPTBot/1.3; +https://openai.com/gptbot)"
74.7.227.41 - - [10/Jan/2026:12:41:36 +0000] "GET /pages.php?headline/neutral1/coufm-10403/ HTTP/1.1" 200 138176 "-" "Mozilla/5.0 AppleWebKit/537.36 (KHTML, like Gecko; compatible; GPTBot/1.3; +https://openai.com/gptbot)"
173.208.176.202 - - [10/Jan/2026:12:40:11 +0000] "GET /wp-content/ad32c4a5/edit.php?id=786347 HTTP/1.1" 200 - "https://www.en.mak.pt/wp-content/ad32c4a5/edit.php?id=786347" "Mozilla/5.0 (Windows NT 10.0; Win64; x64) AppleWebKit/537.36 (KHTML, like Gecko) Chrome/58.0.3029.110 Safari/537.3"
74.7.227.41 - - [10/Jan/2026:12:41:38 +0000] "GET /pages.php?including/seek59/q0mcf-287/ HTTP/1.1" 200 135965 "-" "Mozilla/5.0 AppleWebKit/537.36 (KHTML, like Gecko; compatible; GPTBot/1.3; +https://openai.com/gptbot)"
74.7.227.41 - - [10/Jan/2026:12:41:40 +0000] "GET /pages.php?formation/expedition1/coufm-10403/ HTTP/1.1" 200 136645 "-" "Mozilla/5.0 AppleWebKit/537.36 (KHTML, like Gecko; compatible; GPTBot/1.3; +https://openai.com/gptbot)"
74.7.227.41 - - [10/Jan/2026:12:41:42 +0000] "GET /pages.php?equality/theoretical59/q0mcf-287/ HTTP/1.1" 200 135422 "-" "Mozilla/5.0 AppleWebKit/537.36 (KHTML, like Gecko; compatible; GPTBot/1.3; +https://openai.com/gptbot)"
74.7.227.41 - - [10/Jan/2026:12:41:44 +0000] "GET /pages.php?analyst/monster1/coufm-10403/ HTTP/1.1" 200 136267 "-" "Mozilla/5.0 AppleWebKit/537.36 (KHTML, like Gecko; compatible; GPTBot/1.3; +https://openai.com/gptbot)"
74.7.227.41 - - [10/Jan/2026:12:41:45 +0000] "GET /pages.php?guide/row59/q0mcf-287/ HTTP/1.1" 200 135408 "-" "Mozilla/5.0 AppleWebKit/537.36 (KHTML, like Gecko; compatible; GPTBot/1.3; +https://openai.com/gptbot)"
74.7.227.41 - - [10/Jan/2026:12:41:48 +0000] "GET /pages.php?signal/kingdom1/coufm-10403/ HTTP/1.1" 200 136966 "-" "Mozilla/5.0 AppleWebKit/537.36 (KHTML, like Gecko; compatible; GPTBot/1.3; +https://openai.com/gptbot)"
74.7.227.41 - - [10/Jan/2026:12:41:50 +0000] "GET /pages.php?instinct/transport59/q0mcf-287/ HTTP/1.1" 200 136152 "-" "Mozilla/5.0 AppleWebKit/537.36 (KHTML, like Gecko; compatible; GPTBot/1.3; +https://openai.com/gptbot)"
74.7.227.41 - - [10/Jan/2026:12:41:52 +0000] "GET /pages.php?oven/shortly1/coufm-10403/ HTTP/1.1" 200 136337 "-" "Mozilla/5.0 AppleWebKit/537.36 (KHTML, like Gecko; compatible; GPTBot/1.3; +https://openai.com/gptbot)"
74.7.227.41 - - [10/Jan/2026:12:41:54 +0000] "GET /pages.php?frequency/sweet59/q0mcf-287/ HTTP/1.1" 200 136256 "-" "Mozilla/5.0 AppleWebKit/537.36 (KHTML, like Gecko; compatible; GPTBot/1.3; +https://openai.com/gptbot)"
74.7.227.41 - - [10/Jan/2026:12:41:56 +0000] "GET /pages.php?criticize/external1/coufm-10403/ HTTP/1.1" 200 137818 "-" "Mozilla/5.0 AppleWebKit/537.36 (KHTML, like Gecko; compatible; GPTBot/1.3; +https://openai.com/gptbot)"
74.7.227.41 - - [10/Jan/2026:12:41:58 +0000] "GET /pages.php?observation/confirm59/q0mcf-287/ HTTP/1.1" 200 135612 "-" "Mozilla/5.0 AppleWebKit/537.36 (KHTML, like Gecko; compatible; GPTBot/1.3; +https://openai.com/gptbot)"
74.7.227.41 - - [10/Jan/2026:12:42:00 +0000] "GET /pages.php?ideology/central1/coufm-10403/ HTTP/1.1" 200 136873 "-" "Mozilla/5.0 AppleWebKit/537.36 (KHTML, like Gecko; compatible; GPTBot/1.3; +https://openai.com/gptbot)"
74.7.227.41 - - [10/Jan/2026:12:42:02 +0000] "GET /pages.php?construction/funding59/q0mcf-287/ HTTP/1.1" 200 135945 "-" "Mozilla/5.0 AppleWebKit/537.36 (KHTML, like Gecko; compatible; GPTBot/1.3; +https://openai.com/gptbot)"
74.7.227.41 - - [10/Jan/2026:12:42:05 +0000] "GET /pages.php?reputation/sad1/coufm-10403/ HTTP/1.1" 200 136539 "-" "Mozilla/5.0 AppleWebKit/537.36 (KHTML, like Gecko; compatible; GPTBot/1.3; +https://openai.com/gptbot)"
74.7.227.41 - - [10/Jan/2026:12:42:07 +0000] "GET /pages.php?flame/publisher59/q0mcf-287/ HTTP/1.1" 200 135675 "-" "Mozilla/5.0 AppleWebKit/537.36 (KHTML, like Gecko; compatible; GPTBot/1.3; +https://openai.com/gptbot)"
74.7.227.41 - - [10/Jan/2026:12:42:09 +0000] "GET /pages.php?none/coat1/coufm-10403/ HTTP/1.1" 200 136128 "-" "Mozilla/5.0 AppleWebKit/537.36 (KHTML, like Gecko; compatible; GPTBot/1.3; +https://openai.com/gptbot)"
74.7.227.41 - - [10/Jan/2026:12:42:11 +0000] "GET /pages.php?ride/removal59/q0mcf-287/ HTTP/1.1" 200 136539 "-" "Mozilla/5.0 AppleWebKit/537.36 (KHTML, like Gecko; compatible; GPTBot/1.3; +https://openai.com/gptbot)"
74.7.227.41 - - [10/Jan/2026:12:42:13 +0000] "GET /pages.php?essay/eastern1/coufm-10403/ HTTP/1.1" 200 136741 "-" "Mozilla/5.0 AppleWebKit/537.36 (KHTML, like Gecko; compatible; GPTBot/1.3; +https://openai.com/gptbot)"
66.249.64.71 - - [10/Jan/2026:12:42:14 +0000] "GET /?x=2827111353517&channel=116e61&from=https://www.en.mak.pt/super.cgi?products/271lo8353 HTTP/1.1" 200 111842 "-" "Mozilla/5.0 (Linux; Android 6.0.1; Nexus 5X Build/MMB29P) AppleWebKit/537.36 (KHTML, like Gecko) Chrome/143.0.7499.169 Mobile Safari/537.36 (compatible; GoogleOther)"
74.7.227.41 - - [10/Jan/2026:12:42:15 +0000] "GET /pages.php?suspect/tournament59/q0mcf-287/ HTTP/1.1" 200 135708 "-" "Mozilla/5.0 AppleWebKit/537.36 (KHTML, like Gecko; compatible; GPTBot/1.3; +https://openai.com/gptbot)"
74.7.227.41 - - [10/Jan/2026:12:42:17 +0000] "GET /pages.php?involved/corner1/coufm-10403/ HTTP/1.1" 200 136883 "-" "Mozilla/5.0 AppleWebKit/537.36 (KHTML, like Gecko; compatible; GPTBot/1.3; +https://openai.com/gptbot)"
114.119.136.134 - - [10/Jan/2026:12:42:21 +0000] "GET /products/83gd24665 HTTP/1.1" 404 - "https://www.en.mak.pt/sitemap736.xml" "Mozilla/5.0 (Linux; Android 7.0;) AppleWebKit/537.36 (KHTML, like Gecko) Mobile Safari/537.36 (compatible; PetalBot;+https://webmaster.petalsearch.com/site/petalbot)"
74.7.227.41 - - [10/Jan/2026:12:42:20 +0000] "GET /pages.php?belly/fight59/q0mcf-287/ HTTP/1.1" 200 136084 "-" "Mozilla/5.0 AppleWebKit/537.36 (KHTML, like Gecko; compatible; GPTBot/1.3; +https://openai.com/gptbot)"
74.7.227.41 - - [10/Jan/2026:12:42:22 +0000] "GET /pages.php?concentrate/butt1/coufm-10403/ HTTP/1.1" 200 137798 "-" "Mozilla/5.0 AppleWebKit/537.36 (KHTML, like Gecko; compatible; GPTBot/1.3; +https://openai.com/gptbot)"
74.7.227.41 - - [10/Jan/2026:12:42:24 +0000] "GET /pages.php?missionary/meter59/q0mcf-287/ HTTP/1.1" 200 136179 "-" "Mozilla/5.0 AppleWebKit/537.36 (KHTML, like Gecko; compatible; GPTBot/1.3; +https://openai.com/gptbot)"
74.7.227.41 - - [10/Jan/2026:12:42:27 +0000] "GET /pages.php?_bd_prev_page=https://www.en.mak.pt/chat.do?walk/breast1/coufm-10403/&_bdsid=kbnp7m.n~NYTSR.171038153.177752946&_gz=2.193737992.195223878.174926339-867670326.168772933 HTTP/1.1" 200 136591 "-" "Mozilla/5.0 AppleWebKit/537.36 (KHTML, like Gecko; compatible; GPTBot/1.3; +https://openai.com/gptbot)"
74.7.227.41 - - [10/Jan/2026:12:42:29 +0000] "GET /pages.php?argument/upset59/q0mcf-287/ HTTP/1.1" 200 135757 "-" "Mozilla/5.0 AppleWebKit/537.36 (KHTML, like Gecko; compatible; GPTBot/1.3; +https://openai.com/gptbot)"
74.7.227.41 - - [10/Jan/2026:12:42:31 +0000] "GET /pages.php?roof/composition1/coufm-10403/ HTTP/1.1" 200 136328 "-" "Mozilla/5.0 AppleWebKit/537.36 (KHTML, like Gecko; compatible; GPTBot/1.3; +https://openai.com/gptbot)"
74.7.227.41 - - [10/Jan/2026:12:42:33 +0000] "GET /pages.php?viewer/blank59/q0mcf-287/ HTTP/1.1" 200 137233 "-" "Mozilla/5.0 AppleWebKit/537.36 (KHTML, like Gecko; compatible; GPTBot/1.3; +https://openai.com/gptbot)"
74.7.227.41 - - [10/Jan/2026:12:42:35 +0000] "GET /pages.php?performance/tape1/coufm-10403/ HTTP/1.1" 200 138541 "-" "Mozilla/5.0 AppleWebKit/537.36 (KHTML, like Gecko; compatible; GPTBot/1.3; +https://openai.com/gptbot)"
74.7.227.41 - - [10/Jan/2026:12:42:37 +0000] "GET /pages.php?_bd_prev_page=https://www.en.mak.pt/chat.do?loop/consent59/q0mcf-287/&_bdsid=kbnp7m.n~NYTSR.171038153.177752946&_gz=2.193737992.195223878.174926339-867670326.168772933 HTTP/1.1" 200 137849 "-" "Mozilla/5.0 AppleWebKit/537.36 (KHTML, like Gecko; compatible; GPTBot/1.3; +https://openai.com/gptbot)"
74.7.227.41 - - [10/Jan/2026:12:42:40 +0000] "GET /pages.php?burden/strain1/coufm-10403/ HTTP/1.1" 200 137889 "-" "Mozilla/5.0 AppleWebKit/537.36 (KHTML, like Gecko; compatible; GPTBot/1.3; +https://openai.com/gptbot)"
74.7.227.41 - - [10/Jan/2026:12:42:42 +0000] "GET /pages.php?_bd_prev_page=https://www.en.mak.pt/chat.do?bad/tomato59/q0mcf-287/&_bdsid=kbnp7m.n~NYTSR.171038153.177752946&_gz=2.193737992.195223878.174926339-867670326.168772933 HTTP/1.1" 200 135377 "-" "Mozilla/5.0 AppleWebKit/537.36 (KHTML, like Gecko; compatible; GPTBot/1.3; +https://openai.com/gptbot)"
74.7.227.41 - - [10/Jan/2026:12:42:44 +0000] "GET /pages.php?cooperation/thumb1/coufm-10403/ HTTP/1.1" 200 137002 "-" "Mozilla/5.0 AppleWebKit/537.36 (KHTML, like Gecko; compatible; GPTBot/1.3; +https://openai.com/gptbot)"
74.7.227.41 - - [10/Jan/2026:12:42:46 +0000] "GET /pages.php?course/fleet59/q0mcf-287/ HTTP/1.1" 200 136843 "-" "Mozilla/5.0 AppleWebKit/537.36 (KHTML, like Gecko; compatible; GPTBot/1.3; +https://openai.com/gptbot)"
74.7.227.41 - - [10/Jan/2026:12:42:48 +0000] "GET /pages.php?justice/mate1/coufm-10403/ HTTP/1.1" 200 135922 "-" "Mozilla/5.0 AppleWebKit/537.36 (KHTML, like Gecko; compatible; GPTBot/1.3; +https://openai.com/gptbot)"
74.7.227.41 - - [10/Jan/2026:12:42:50 +0000] "GET /pages.php?virtually/logic59/q0mcf-287/ HTTP/1.1" 200 135562 "-" "Mozilla/5.0 AppleWebKit/537.36 (KHTML, like Gecko; compatible; GPTBot/1.3; +https://openai.com/gptbot)"
74.7.227.41 - - [10/Jan/2026:12:42:52 +0000] "GET /pages.php?consultant/rehabilitation1/coufm-10403/ HTTP/1.1" 200 136755 "-" "Mozilla/5.0 AppleWebKit/537.36 (KHTML, like Gecko; compatible; GPTBot/1.3; +https://openai.com/gptbot)"
74.7.227.41 - - [10/Jan/2026:12:42:54 +0000] "GET /pages.php?overall/crop59/q0mcf-287/ HTTP/1.1" 200 135990 "-" "Mozilla/5.0 AppleWebKit/537.36 (KHTML, like Gecko; compatible; GPTBot/1.3; +https://openai.com/gptbot)"
74.7.227.41 - - [10/Jan/2026:12:42:56 +0000] "GET /pages.php?talent/worried1/coufm-10403/ HTTP/1.1" 200 137210 "-" "Mozilla/5.0 AppleWebKit/537.36 (KHTML, like Gecko; compatible; GPTBot/1.3; +https://openai.com/gptbot)"
74.7.227.41 - - [10/Jan/2026:12:42:59 +0000] "GET /pages.php?thousand/fuel59/q0mcf-287/ HTTP/1.1" 200 135978 "-" "Mozilla/5.0 AppleWebKit/537.36 (KHTML, like Gecko; compatible; GPTBot/1.3; +https://openai.com/gptbot)"
74.7.227.41 - - [10/Jan/2026:12:43:01 +0000] "GET /pages.php?hook/wooden1/coufm-10403/ HTTP/1.1" 200 137221 "-" "Mozilla/5.0 AppleWebKit/537.36 (KHTML, like Gecko; compatible; GPTBot/1.3; +https://openai.com/gptbot)"
74.7.227.41 - - [10/Jan/2026:12:43:03 +0000] "GET /pages.php?yours/dense59/q0mcf-287/ HTTP/1.1" 200 136132 "-" "Mozilla/5.0 AppleWebKit/537.36 (KHTML, like Gecko; compatible; GPTBot/1.3; +https://openai.com/gptbot)"
